{"id":155483,"name":"posiedzenie-komisji-z-dnia-2025-10-17","title":"Posiedzenie komisji z dnia 2025-10-17","desc":"","header":"Posiedzenie komisji z dnia 2025-10-17","lead":"","keywords":"","changes":"dodanie nowego wpisu - porz\u0105dek posiedzenia Komisji","menu":"","path":"\/sejmik_wojewodztwa\/komisje_sejmiku\/komisja_rolnictwa_i_terenow_wiejskich\/plan_posiedzen\/posiedzenie-komisji-z-dnia-2025-10-17.html","url":"\/sejmik_wojewodztwa\/komisje_sejmiku\/komisja_rolnictwa_i_terenow_wiejskich\/plan_posiedzen\/posiedzenie-komisji-z-dnia-2025-10-17.html","infoOwner":"Urz\u0105d Marsza\u0142kowski Wojew\u00f3dztwa \u015al\u0105skiego","dateFirstPublicate":"2025-10-14 07:29:24","dateLastVersionPublicate":"2025-10-14 07:29:24","dateAvailableFrom":"","dateAvailableTo":"","type":"Plan posiedze\u0144 komisji","pageParams":[{"id":"263","name":"Data posiedzenia","description":"Data posiedzenia","value":"2025-10-17"}],"components":[{"id":"bf6d5eba-d119-11e7-80a9-005056b46601","type":"ContentWYSIWYG","name":"Tre\u015b\u0107","description":"Tre\u015b\u0107 strony","content":{"content":"\u003Cdiv data-id=\u0022bf6d5eba-d119-11e7-80a9-005056b46601\u0022 data-is-editable=\u00227\u0022 data-name=\u0022Cms_ContentWYSIWYG\u0022\u003E\n\u003Cp\u003E\u003Cstrong\u003E\u003Cspan style=\u0022font-family: arial, helvetica, sans-serif;\u0022\u003EPi\u0105tek o godz. 10:00\u003C\/span\u003E\u003C\/strong\u003E\u003C\/p\u003E\n\u003Cp\u003E\u003Cspan style=\u0022font-family: arial, helvetica, sans-serif;\u0022\u003EPROPONOWANY PORZ\u0104DEK POSIEDZENIA:\u003C\/span\u003E\u003C\/p\u003E\n\u003Col\u003E\n\u003Cli\u003E\u003Cspan style=\u0022font-family: arial, helvetica, sans-serif;\u0022\u003EOtwarcie posiedzenia, przyj\u0119cie porz\u0105dku.\u003C\/span\u003E\u003C\/li\u003E\n\u003Cli\u003E\u003Cspan style=\u0022font-family: arial, helvetica, sans-serif;\u0022\u003EZaopiniowanie projektu uchwa\u0142y Sejmiku Wojew\u00f3dztwa \u015al\u0105skiego w sprawie przyj\u0119cia o\u015bwiadczenia o og\u0142oszeniu w wojew\u00f3dztwie \u015bl\u0105skim roku 2026 Rokiem G\u00f3rali i Obrz\u0119d\u00f3w Pasterskich.\u003C\/span\u003E\u003C\/li\u003E\n\u003Cli\u003E\u003Cspan style=\u0022font-family: arial, helvetica, sans-serif;\u0022\u003ESprawy r\u00f3\u017cne.\u003C\/span\u003E\u003C\/li\u003E\n\u003C\/ol\u003E\n\u003Cp\u003E\u003Cspan style=\u0022font-family: arial, helvetica, sans-serif;\u0022\u003EDecyzj\u0105 Przewodnicz\u0105cego Komisji posiedzenie odb\u0119dzie si\u0119 z wykorzystaniem \u015brodk\u00f3w porozumiewania si\u0119 na odleg\u0142o\u015b\u0107, przy u\u017cyciu programu do wideokonferencji.\u003C\/span\u003E\u003C\/p\u003E\n\u003C\/div\u003E","promotion":false}},{"id":"bf6dbc25-d119-11e7-80a9-005056b46601","type":"Gallery","name":"Galeria","description":"Galeria"},{"id":"bf6e1f6b-d119-11e7-80a9-005056b46601","type":"Attachment","name":"Za\u0142\u0105czniki","description":"Za\u0142\u0105czniki do strony","content":[{"src":"\/resource\/229460\/info+na+Komisj%25C4%2599_Klauzula+informacyjna+RODO.pdf","extension":"PDF","name":"c801e733ec6ccadd0bb66cfe32943681.pdf","size":"55.9 KB"}]},{"id":"eba03b25-d9a7-11e7-b355-005056b70dba","type":"PageTitle","name":"","description":"Tytu\u0142 strony","content":{"title":"Posiedzenie komisji z dnia 2025-10-17"}},{"id":"eba07701-d9a7-11e7-b355-005056b70dba","type":"PageDescription","name":"","description":"Zajawka strony","content":[]},{"id":"1b1a7940-ff78-11e7-b81e-005056b7801d","type":"SectionDescription","name":"","description":"Zajawka sekcji","content":[]}]}

dodanie nowego wpisu - porządek posiedzenia Komisji

Urząd Marszałkowski Województwa Śląskiego

Plan posiedzeń komisji

Treść

Treść strony

<div data-id="bf6d5eba-d119-11e7-80a9-005056b46601" data-is-editable="7" data-name="Cms_ContentWYSIWYG">
<p><strong><span style="font-family: arial, helvetica, sans-serif;">Piątek o godz. 10:00</span></strong></p>
<p><span style="font-family: arial, helvetica, sans-serif;">PROPONOWANY PORZĄDEK POSIEDZENIA:</span></p>
<ol>
<li><span style="font-family: arial, helvetica, sans-serif;">Otwarcie posiedzenia, przyjęcie porządku.</span></li>
<li><span style="font-family: arial, helvetica, sans-serif;">Zaopiniowanie projektu uchwały Sejmiku Województwa Śląskiego w sprawie przyjęcia oświadczenia o ogłoszeniu w województwie śląskim roku 2026 Rokiem Górali i Obrzędów Pasterskich.</span></li>
<li><span style="font-family: arial, helvetica, sans-serif;">Sprawy różne.</span></li>
</ol>
<p><span style="font-family: arial, helvetica, sans-serif;">Decyzją Przewodniczącego Komisji posiedzenie odbędzie się z wykorzystaniem środków porozumiewania się na odległość, przy użyciu programu do wideokonferencji.</span></p>
</div>

Załączniki

Załączniki do strony

Tytuł strony
