{"id":1225,"name":"komisja-rozwoju-i-zagospodarowania-przestrzennego","title":"Komisja Rozwoju i Zagospodarowania Przestrzennego","desc":"","header":"Komisja Rozwoju i Zagospodarowania Przestrzennego","lead":"","keywords":"","changes":"aktualizacja wpisu - zmiana sk\u0142adu Komisji zgodnie z uchwa\u0142a Sejmiku Wojew\u00f3dztwa \u015al\u0105skiego z dnia 14.04.2025 r.","menu":"Sk\u0142ad","path":"\/sejmik_wojewodztwa\/komisje_sejmiku\/komisja_rozwoju_i_zagospodarowania_przestrzennego\/komisja-rozwoju-i-zagospodarowania-przestrzennego.html","url":"\/sejmik_wojewodztwa\/komisje_sejmiku\/komisja_rozwoju_i_zagospodarowania_przestrzennego\/komisja-rozwoju-i-zagospodarowania-przestrzennego.html","infoOwner":"Urz\u0105d Marsza\u0142kowski Wojew\u00f3dztwa \u015al\u0105skiego","dateFirstPublicate":"2014-12-09 10:19:43","dateLastVersionPublicate":"2025-04-18 11:30:15","dateAvailableFrom":"","dateAvailableTo":"","type":"Zwyk\u0142a","pageParams":[],"components":[{"id":"bf6d5eba-d119-11e7-80a9-005056b46601","type":"ContentWYSIWYG","name":"Tre\u015b\u0107","description":"Tre\u015b\u0107 strony","content":{"content":"\u003Cp\u003E\u003Cspan style=\u0022font-family: arial, helvetica, sans-serif;\u0022\u003E\u003Cu\u003EVII kadencja\u003C\/u\u003E\u003C\/span\u003E\u003C\/p\u003E\n\u003Ctable border=\u00221\u0022 style=\u0022width: 535px;\u0022\u003E\n\u003Ctbody\u003E\n\u003Ctr\u003E\n\u003Ctd style=\u0022width: 276.467px;\u0022\u003E\u003Cspan style=\u0022font-family: arial, helvetica, sans-serif;\u0022\u003EPrzewodnicz\u0105cy:\u003C\/span\u003E\u003C\/td\u003E\n\u003Ctd style=\u0022width: 238.533px;\u0022\u003E\u003Cspan style=\u0022font-family: arial, helvetica, sans-serif;\u0022\u003E\u003Cstrong\u003EGrzegorz Wolnik\u003C\/strong\u003E\u003C\/span\u003E\u003C\/td\u003E\n\u003C\/tr\u003E\n\u003Ctr\u003E\n\u003Ctd style=\u0022width: 276.467px;\u0022\u003E\u003Cspan style=\u0022font-family: arial, helvetica, sans-serif;\u0022\u003EZast\u0119pca Przewodnicz\u0105cego:\u003C\/span\u003E\u003C\/td\u003E\n\u003Ctd style=\u0022width: 238.533px;\u0022\u003E\u003Cspan style=\u0022font-family: arial, helvetica, sans-serif;\u0022\u003E\u003Cstrong\u003EMarcin Szarek\u003C\/strong\u003E\u003C\/span\u003E\u003C\/td\u003E\n\u003C\/tr\u003E\n\u003Ctr\u003E\n\u003Ctd style=\u0022width: 276.467px;\u0022\u003E\u003Cspan style=\u0022font-family: arial, helvetica, sans-serif;\u0022\u003EZast\u0119pca Przewodnicz\u0105cego:\u003C\/span\u003E\u003C\/td\u003E\n\u003Ctd style=\u0022width: 238.533px;\u0022\u003E\u003Cspan style=\u0022font-family: arial, helvetica, sans-serif;\u0022\u003E\u003Cstrong\u003EDariusz Starzycki\u003C\/strong\u003E\u003C\/span\u003E\u003C\/td\u003E\n\u003C\/tr\u003E\n\u003Ctr\u003E\n\u003Ctd style=\u0022width: 276.467px;\u0022\u003E\u003Cspan style=\u0022font-family: arial, helvetica, sans-serif;\u0022\u003ECz\u0142onek Komisji:\u003C\/span\u003E\u003C\/td\u003E\n\u003Ctd style=\u0022width: 238.533px;\u0022\u003E\u003Cspan style=\u0022font-family: arial, helvetica, sans-serif;\u0022\u003E\u003Cstrong\u003ERafa\u0142 Adamczyk\u003C\/strong\u003E\u003C\/span\u003E\u003C\/td\u003E\n\u003C\/tr\u003E\n\u003Ctr\u003E\n\u003Ctd style=\u0022width: 276.467px;\u0022\u003E\u003Cspan style=\u0022font-family: arial, helvetica, sans-serif;\u0022\u003ECz\u0142onek Komisji:\u003C\/span\u003E\u003C\/td\u003E\n\u003Ctd style=\u0022width: 238.533px;\u0022\u003E\u003Cspan style=\u0022font-family: arial, helvetica, sans-serif;\u0022\u003E\u003Cstrong\u003EJadwiga Baczy\u0144ska\u003C\/strong\u003E\u003C\/span\u003E\u003C\/td\u003E\n\u003C\/tr\u003E\n\u003Ctr\u003E\n\u003Ctd style=\u0022width: 276.467px;\u0022\u003E\u003Cspan style=\u0022font-family: arial, helvetica, sans-serif;\u0022\u003ECz\u0142onek Komisji:\u003C\/span\u003E\u003C\/td\u003E\n\u003Ctd style=\u0022width: 238.533px;\u0022\u003E\u003Cspan style=\u0022font-family: arial, helvetica, sans-serif;\u0022\u003E\u003Cstrong\u003EPawe\u0142 Ba\u0144kowski\u003C\/strong\u003E\u003C\/span\u003E\u003C\/td\u003E\n\u003C\/tr\u003E\n\u003Ctr\u003E\n\u003Ctd style=\u0022width: 276.467px;\u0022\u003E\u003Cspan style=\u0022font-family: arial, helvetica, sans-serif;\u0022\u003ECz\u0142onek Komisji:\u003C\/span\u003E\u003C\/td\u003E\n\u003Ctd style=\u0022width: 238.533px;\u0022\u003E\u003Cspan style=\u0022font-family: arial, helvetica, sans-serif;\u0022\u003E\u003Cstrong\u003EBeata Bia\u0142ow\u0105s\u003C\/strong\u003E\u003C\/span\u003E\u003C\/td\u003E\n\u003C\/tr\u003E\n\u003Ctr\u003E\n\u003Ctd style=\u0022width: 276.467px;\u0022\u003E\u003Cspan style=\u0022font-family: arial, helvetica, sans-serif;\u0022\u003ECz\u0142onek Komisji:\u003C\/span\u003E\u003C\/td\u003E\n\u003Ctd style=\u0022width: 238.533px;\u0022\u003E\u003Cspan style=\u0022font-family: arial, helvetica, sans-serif;\u0022\u003E\u003Cstrong\u003EMarek Bieniek\u003C\/strong\u003E\u003C\/span\u003E\u003C\/td\u003E\n\u003C\/tr\u003E\n\u003Ctr\u003E\n\u003Ctd style=\u0022width: 276.467px;\u0022\u003E\u003Cspan style=\u0022font-family: arial, helvetica, sans-serif;\u0022\u003ECz\u0142onek Komisji:\u003C\/span\u003E\u003C\/td\u003E\n\u003Ctd style=\u0022width: 238.533px;\u0022\u003E\u003Cspan style=\u0022font-family: arial, helvetica, sans-serif;\u0022\u003E\u003Cstrong\u003EEwa Chmielorz\u003C\/strong\u003E\u003C\/span\u003E\u003C\/td\u003E\n\u003C\/tr\u003E\n\u003Ctr\u003E\n\u003Ctd style=\u0022width: 276.467px;\u0022\u003E\u003Cspan style=\u0022font-family: arial, helvetica, sans-serif;\u0022\u003ECz\u0142onek Komisji:\u003C\/span\u003E\u003C\/td\u003E\n\u003Ctd style=\u0022width: 238.533px;\u0022\u003E\u003Cspan style=\u0022font-family: arial, helvetica, sans-serif;\u0022\u003E\u003Cstrong\u003E\u0141ukasz Dwornik\u003C\/strong\u003E\u003C\/span\u003E\u003C\/td\u003E\n\u003C\/tr\u003E\n\u003Ctr\u003E\n\u003Ctd style=\u0022width: 276.467px;\u0022\u003E\u003Cspan style=\u0022font-family: arial, helvetica, sans-serif;\u0022\u003ECz\u0142onek Komisji:\u003C\/span\u003E\u003C\/td\u003E\n\u003Ctd style=\u0022width: 238.533px;\u0022\u003E\u003Cspan style=\u0022font-family: arial, helvetica, sans-serif;\u0022\u003E\u003Cstrong\u003EJulia Kloc-Kondracka\u003C\/strong\u003E\u003C\/span\u003E\u003C\/td\u003E\n\u003C\/tr\u003E\n\u003Ctr\u003E\n\u003Ctd style=\u0022width: 276.467px;\u0022\u003E\u003Cspan style=\u0022font-family: arial, helvetica, sans-serif;\u0022\u003ECz\u0142onek Komisji:\u003C\/span\u003E\u003C\/td\u003E\n\u003Ctd style=\u0022width: 238.533px;\u0022\u003E\u003Cspan style=\u0022font-family: arial, helvetica, sans-serif;\u0022\u003E\u003Cstrong\u003EBart\u0142omiej Kowalski\u003C\/strong\u003E\u003C\/span\u003E\u003C\/td\u003E\n\u003C\/tr\u003E\n\u003Ctr\u003E\n\u003Ctd style=\u0022width: 276.467px;\u0022\u003E\u003Cspan style=\u0022font-family: arial, helvetica, sans-serif;\u0022\u003ECz\u0142onek Komisji:\u003C\/span\u003E\u003C\/td\u003E\n\u003Ctd style=\u0022width: 238.533px;\u0022\u003E\u003Cspan style=\u0022font-family: arial, helvetica, sans-serif;\u0022\u003E\u003Cstrong\u003EAdam Lubas\u003C\/strong\u003E\u003C\/span\u003E\u003C\/td\u003E\n\u003C\/tr\u003E\n\u003Ctr\u003E\n\u003Ctd style=\u0022width: 276.467px;\u0022\u003E\u003Cspan style=\u0022font-family: arial, helvetica, sans-serif;\u0022\u003ECz\u0142onek Komisji:\u003C\/span\u003E\u003C\/td\u003E\n\u003Ctd style=\u0022width: 238.533px;\u0022\u003E\u003Cspan style=\u0022font-family: arial, helvetica, sans-serif;\u0022\u003E\u003Cstrong\u003EAldona W\u0119grzynowicz\u003C\/strong\u003E\u003C\/span\u003E\u003C\/td\u003E\n\u003C\/tr\u003E\n\u003C\/tbody\u003E\n\u003C\/table\u003E\n\u003Cp\u003EZadania:\u003Cbr \/\u003E - opiniowanie projekt\u00f3w wieloletnich program\u00f3w wojew\u00f3dzkich,\u003Cbr \/\u003E - sprawy zwi\u0105zane z funkcjonowaniem kontraktu wojew\u00f3dzkiego,\u003Cbr \/\u003E - opiniowanie plan\u00f3w rozwoju i usprawnienia komunikacji,\u003Cbr \/\u003E - opiniowanie i inspirowanie dzia\u0142a\u0144 z zakresu gospodarki przestrzennej i kszta\u0142towania krajobrazu.\u003Cspan style=\u0022font-size: 11.0pt;\u0022\u003E\u003Co:p\u003E\u003C\/o:p\u003E\u003C\/span\u003E\u003C\/p\u003E","promotion":false}},{"id":"bf6dbc25-d119-11e7-80a9-005056b46601","type":"Gallery","name":"Galeria","description":"Galeria"},{"id":"bf6e1f6b-d119-11e7-80a9-005056b46601","type":"Attachment","name":"Za\u0142\u0105czniki","description":"Za\u0142\u0105czniki do strony"},{"id":"eba03b25-d9a7-11e7-b355-005056b70dba","type":"PageTitle","name":"","description":"Tytu\u0142 strony","content":{"title":"Komisja Rozwoju i Zagospodarowania Przestrzennego"}},{"id":"eba07701-d9a7-11e7-b355-005056b70dba","type":"PageDescription","name":"","description":"Zajawka strony","content":[]},{"id":"1b1a7940-ff78-11e7-b81e-005056b7801d","type":"SectionDescription","name":"","description":"Zajawka sekcji","content":[]}]}

aktualizacja wpisu - zmiana składu Komisji zgodnie z uchwała Sejmiku Województwa Śląskiego z dnia 14.04.2025 r.

Skład

Urząd Marszałkowski Województwa Śląskiego

Zwykła

Treść

Treść strony

<p><span style="font-family: arial, helvetica, sans-serif;"><u>VII kadencja</u></span></p>
<table border="1" style="width: 535px;">
<tbody>
<tr>
<td style="width: 276.467px;"><span style="font-family: arial, helvetica, sans-serif;">Przewodniczący:</span></td>
<td style="width: 238.533px;"><span style="font-family: arial, helvetica, sans-serif;"><strong>Grzegorz Wolnik</strong></span></td>
</tr>
<tr>
<td style="width: 276.467px;"><span style="font-family: arial, helvetica, sans-serif;">Zastępca Przewodniczącego:</span></td>
<td style="width: 238.533px;"><span style="font-family: arial, helvetica, sans-serif;"><strong>Marcin Szarek</strong></span></td>
</tr>
<tr>
<td style="width: 276.467px;"><span style="font-family: arial, helvetica, sans-serif;">Zastępca Przewodniczącego:</span></td>
<td style="width: 238.533px;"><span style="font-family: arial, helvetica, sans-serif;"><strong>Dariusz Starzycki</strong></span></td>
</tr>
<tr>
<td style="width: 276.467px;"><span style="font-family: arial, helvetica, sans-serif;">Członek Komisji:</span></td>
<td style="width: 238.533px;"><span style="font-family: arial, helvetica, sans-serif;"><strong>Rafał Adamczyk</strong></span></td>
</tr>
<tr>
<td style="width: 276.467px;"><span style="font-family: arial, helvetica, sans-serif;">Członek Komisji:</span></td>
<td style="width: 238.533px;"><span style="font-family: arial, helvetica, sans-serif;"><strong>Jadwiga Baczyńska</strong></span></td>
</tr>
<tr>
<td style="width: 276.467px;"><span style="font-family: arial, helvetica, sans-serif;">Członek Komisji:</span></td>
<td style="width: 238.533px;"><span style="font-family: arial, helvetica, sans-serif;"><strong>Paweł Bańkowski</strong></span></td>
</tr>
<tr>
<td style="width: 276.467px;"><span style="font-family: arial, helvetica, sans-serif;">Członek Komisji:</span></td>
<td style="width: 238.533px;"><span style="font-family: arial, helvetica, sans-serif;"><strong>Beata Białowąs</strong></span></td>
</tr>
<tr>
<td style="width: 276.467px;"><span style="font-family: arial, helvetica, sans-serif;">Członek Komisji:</span></td>
<td style="width: 238.533px;"><span style="font-family: arial, helvetica, sans-serif;"><strong>Marek Bieniek</strong></span></td>
</tr>
<tr>
<td style="width: 276.467px;"><span style="font-family: arial, helvetica, sans-serif;">Członek Komisji:</span></td>
<td style="width: 238.533px;"><span style="font-family: arial, helvetica, sans-serif;"><strong>Ewa Chmielorz</strong></span></td>
</tr>
<tr>
<td style="width: 276.467px;"><span style="font-family: arial, helvetica, sans-serif;">Członek Komisji:</span></td>
<td style="width: 238.533px;"><span style="font-family: arial, helvetica, sans-serif;"><strong>Łukasz Dwornik</strong></span></td>
</tr>
<tr>
<td style="width: 276.467px;"><span style="font-family: arial, helvetica, sans-serif;">Członek Komisji:</span></td>
<td style="width: 238.533px;"><span style="font-family: arial, helvetica, sans-serif;"><strong>Julia Kloc-Kondracka</strong></span></td>
</tr>
<tr>
<td style="width: 276.467px;"><span style="font-family: arial, helvetica, sans-serif;">Członek Komisji:</span></td>
<td style="width: 238.533px;"><span style="font-family: arial, helvetica, sans-serif;"><strong>Bartłomiej Kowalski</strong></span></td>
</tr>
<tr>
<td style="width: 276.467px;"><span style="font-family: arial, helvetica, sans-serif;">Członek Komisji:</span></td>
<td style="width: 238.533px;"><span style="font-family: arial, helvetica, sans-serif;"><strong>Adam Lubas</strong></span></td>
</tr>
<tr>
<td style="width: 276.467px;"><span style="font-family: arial, helvetica, sans-serif;">Członek Komisji:</span></td>
<td style="width: 238.533px;"><span style="font-family: arial, helvetica, sans-serif;"><strong>Aldona Węgrzynowicz</strong></span></td>
</tr>
</tbody>
</table>
<p>Zadania:<br /> - opiniowanie projektów wieloletnich programów wojewódzkich,<br /> - sprawy związane z funkcjonowaniem kontraktu wojewódzkiego,<br /> - opiniowanie planów rozwoju i usprawnienia komunikacji,<br /> - opiniowanie i inspirowanie działań z zakresu gospodarki przestrzennej i kształtowania krajobrazu.<span style="font-size: 11.0pt;"><o:p></o:p></span></p>

Załączniki

Załączniki do strony

Tytuł strony
