{"id":3529,"name":"posiedzenie-komisji-z-dnia-2018-08-22","title":"Posiedzenie komisji z dnia 2018-08-22","desc":"","header":"Posiedzenie komisji z dnia 2018-08-22","lead":"Posiedzenie wsp\u00f3lne z Komisj\u0105 Rolnictwa i Teren\u00f3w Wiejskich","keywords":"","changes":"dodanie nowego wpisu - porz\u0105dek posiedzenia Komisji","menu":"","path":"\/sejmik_wojewodztwa\/komisje_sejmiku\/komisja_srodowiska_i_gospodarki_wodnej\/plan_posiedzen\/posiedzenie-komisji-z-dnia-2018-08-22.html","url":"\/sejmik_wojewodztwa\/komisje_sejmiku\/komisja_srodowiska_i_gospodarki_wodnej\/plan_posiedzen\/posiedzenie-komisji-z-dnia-2018-08-22.html","infoOwner":"Urz\u0105d Marsza\u0142kowski Wojew\u00f3dztwa \u015al\u0105skiego","dateFirstPublicate":"2018-08-16 14:19:11","dateLastVersionPublicate":"2018-08-16 14:19:11","dateAvailableFrom":"","dateAvailableTo":"","type":"Plan posiedze\u0144 komisji","pageParams":[{"id":"263","name":"Data posiedzenia","description":"Data posiedzenia","value":"2018-08-22"}],"components":[{"id":"bf6d5eba-d119-11e7-80a9-005056b46601","type":"ContentWYSIWYG","name":"Tre\u015b\u0107","description":"Tre\u015b\u0107 strony","content":{"content":"\u003Cp\u003E\u003Cstrong\u003E\u015aroda o godz. 12:00\u003C\/strong\u003E\u003C\/p\u003E\n\u003Cp\u003E\u003Cstrong\u003EPROPONOWANY PORZ\u0104DEK POSIEDZENIA:\u003C\/strong\u003E\u003C\/p\u003E\n\u003Col\u003E\n\u003Cli\u003EOtwarcie posiedzenia, przyj\u0119cie porz\u0105dku.\u003C\/li\u003E\n\u003Cli\u003EGospodarka wodna wojew\u00f3dztwa:\n\u003Col style=\u0022list-style-type: lower-alpha;\u0022\u003E\n\u003Cli\u003EWydzia\u0142 Ochrony \u015arodowiska - przedstawienie zada\u0144 wojew\u00f3dztwa w zakresie ochrony przeciwpowodziowej i zapobiegania suszom oraz faktycznych mo\u017cliwo\u015bci realizacji tych\u017ce zada\u0144 z uwzgl\u0119dnieniem meandryzacji rzek,\u003C\/li\u003E\n\u003Cli\u003EPa\u0144stwowe Gospodarstwo Wodne Wody Polskie - przedstawienie zada\u0144 i\u00a0sposobu ich realizacji w zakresie ochrony przed powodzi\u0105 i susz\u0105,\u003C\/li\u003E\n\u003Cli\u003E\u015al\u0105ska Izba Rolnicza - przedstawienie problemu suszy i powodzi z punktu widzenia rolnictwa wojew\u00f3dztwa \u015bl\u0105skiego,\u003C\/li\u003E\n\u003Cli\u003EBiuro ds. Planowania Przestrzennego - przedstawienie mo\u017cliwo\u015bci przeciwdzia\u0142ania suszy i powodziom w procesie planistycznym z pozycji wojew\u00f3dztwa.\u003C\/li\u003E\n\u003C\/ol\u003E\n\u003C\/li\u003E\n\u003Cli\u003EZatwierdzenie protoko\u0142\u00f3w z poprzednich posiedze\u0144 obu Komisji.\u003C\/li\u003E\n\u003Cli\u003ESprawy r\u00f3\u017cne.\u003C\/li\u003E\n\u003C\/ol\u003E\n\u003Cp\u003E\u003Cstrong\u003ESala Szara Urz\u0119du Marsza\u0142kowskiego Wojew\u00f3dztwa \u015al\u0105skiego\u003C\/strong\u003E w Katowicach przy ul. Ligonia 46.\u003C\/p\u003E","promotion":false}},{"id":"bf6dbc25-d119-11e7-80a9-005056b46601","type":"Gallery","name":"Galeria","description":"Galeria"},{"id":"bf6e1f6b-d119-11e7-80a9-005056b46601","type":"Attachment","name":"Za\u0142\u0105czniki","description":"Za\u0142\u0105czniki do strony"},{"id":"eba03b25-d9a7-11e7-b355-005056b70dba","type":"PageTitle","name":"","description":"Tytu\u0142 strony","content":{"title":"Posiedzenie komisji z dnia 2018-08-22"}},{"id":"eba07701-d9a7-11e7-b355-005056b70dba","type":"PageDescription","name":"","description":"Zajawka strony","content":{"desc":"Posiedzenie wsp\u00f3lne z Komisj\u0105 Rolnictwa i Teren\u00f3w Wiejskich"}},{"id":"1b1a7940-ff78-11e7-b81e-005056b7801d","type":"SectionDescription","name":"","description":"Zajawka sekcji","content":[]}]}

Posiedzenie wspólne z Komisją Rolnictwa i Terenów Wiejskich

dodanie nowego wpisu - porządek posiedzenia Komisji

Urząd Marszałkowski Województwa Śląskiego

Plan posiedzeń komisji

Treść

Treść strony

<p><strong>Środa o godz. 12:00</strong></p>
<p><strong>PROPONOWANY PORZĄDEK POSIEDZENIA:</strong></p>
<ol>
<li>Otwarcie posiedzenia, przyjęcie porządku.</li>
<li>Gospodarka wodna województwa:
<ol style="list-style-type: lower-alpha;">
<li>Wydział Ochrony Środowiska - przedstawienie zadań województwa w zakresie ochrony przeciwpowodziowej i zapobiegania suszom oraz faktycznych możliwości realizacji tychże zadań z uwzględnieniem meandryzacji rzek,</li>
<li>Państwowe Gospodarstwo Wodne Wody Polskie - przedstawienie zadań i sposobu ich realizacji w zakresie ochrony przed powodzią i suszą,</li>
<li>Śląska Izba Rolnicza - przedstawienie problemu suszy i powodzi z punktu widzenia rolnictwa województwa śląskiego,</li>
<li>Biuro ds. Planowania Przestrzennego - przedstawienie możliwości przeciwdziałania suszy i powodziom w procesie planistycznym z pozycji województwa.</li>
</ol>
</li>
<li>Zatwierdzenie protokołów z poprzednich posiedzeń obu Komisji.</li>
<li>Sprawy różne.</li>
</ol>
<p><strong>Sala Szara Urzędu Marszałkowskiego Województwa Śląskiego</strong> w Katowicach przy ul. Ligonia 46.</p>

Załączniki

Załączniki do strony

Tytuł strony
