{"id":9103,"name":"posiedzenie-komisji-z-dnia-2019-08-20","title":"Posiedzenie komisji z dnia 2019-08-20","desc":"","header":"Posiedzenie komisji z dnia 2019-08-20","lead":"Wyjazdowe posiedzenie Komisji","keywords":"","changes":"dodanie nowego wpisu - porz\u0105dek posiedzenia Komisji","menu":"","path":"\/sejmik_wojewodztwa\/komisje_sejmiku\/komisja_srodowiska_i_gospodarki_wodnej\/plan_posiedzen\/posiedzenie-komisji-z-dnia-2019-08-20.html","url":"\/sejmik_wojewodztwa\/komisje_sejmiku\/komisja_srodowiska_i_gospodarki_wodnej\/plan_posiedzen\/posiedzenie-komisji-z-dnia-2019-08-20.html","infoOwner":"Urz\u0105d Marsza\u0142kowski Wojew\u00f3dztwa \u015al\u0105skiego","dateFirstPublicate":"2019-08-07 13:44:07","dateLastVersionPublicate":"2019-08-07 13:44:07","dateAvailableFrom":"","dateAvailableTo":"","type":"Plan posiedze\u0144 komisji","pageParams":[{"id":"263","name":"Data posiedzenia","description":"Data posiedzenia","value":"2019-08-20"}],"components":[{"id":"bf6d5eba-d119-11e7-80a9-005056b46601","type":"ContentWYSIWYG","name":"Tre\u015b\u0107","description":"Tre\u015b\u0107 strony","content":{"content":"\u003Cp style=\u0022box-sizing: border-box; margin: 0px 0px 20px; color: #555555; font-family: Arial, sans-serif; font-size: 14px; font-style: normal; font-variant-ligatures: normal; font-variant-caps: normal; font-weight: 400; letter-spacing: normal; orphans: 2; text-align: start; text-indent: 0px; text-transform: none; white-space: normal; widows: 2; word-spacing: 0px; -webkit-text-stroke-width: 0px; text-decoration-style: initial; text-decoration-color: initial; background-color: #ffffff;\u0022\u003E\u003Cstrong style=\u0022box-sizing: border-box; font-weight: bold;\u0022\u003E\u003Cstrong style=\u0022box-sizing: border-box; font-weight: bold; color: #555555; font-family: Arial, sans-serif; font-size: 14px; font-style: normal; font-variant-ligatures: normal; font-variant-caps: normal; letter-spacing: normal; orphans: 2; text-align: start; text-indent: 0px; text-transform: none; white-space: normal; widows: 2; word-spacing: 0px; -webkit-text-stroke-width: 0px; text-decoration-style: initial; text-decoration-color: initial;\u0022\u003EWtorek o godz. 10:00 \u003Cbr \/\u003E\u003C\/strong\u003E\u003C\/strong\u003E\u003C\/p\u003E\n\u003Cp style=\u0022box-sizing: border-box; margin: 0px 0px 20px; color: #555555; font-family: Arial, sans-serif; font-size: 14px; font-style: normal; font-variant-ligatures: normal; font-variant-caps: normal; font-weight: 400; letter-spacing: normal; orphans: 2; text-align: start; text-indent: 0px; text-transform: none; white-space: normal; widows: 2; word-spacing: 0px; -webkit-text-stroke-width: 0px; text-decoration-style: initial; text-decoration-color: initial; background-color: #ffffff;\u0022\u003E\u003Cstrong style=\u0022box-sizing: border-box; font-weight: bold;\u0022\u003EPROPONOWANY PORZ\u0104DEK POSIEDZENIA:\u003C\/strong\u003E\u003C\/p\u003E\n\u003Col style=\u0022box-sizing: border-box; margin-top: 0px; margin-bottom: 20px; color: #555555; font-family: Arial, sans-serif; font-size: 14px; font-style: normal; font-variant-ligatures: normal; font-variant-caps: normal; font-weight: 400; letter-spacing: normal; orphans: 2; text-align: start; text-indent: 0px; text-transform: none; white-space: normal; widows: 2; word-spacing: 0px; -webkit-text-stroke-width: 0px; text-decoration-style: initial; text-decoration-color: initial; background-color: #ffffff;\u0022\u003E\n\u003Cli style=\u0022box-sizing: border-box; margin-bottom: 10px;\u0022\u003EOtwarcie posiedzenia, przyj\u0119cie porz\u0105dku.\u003C\/li\u003E\n\u003Cli style=\u0022box-sizing: border-box; margin-bottom: 10px;\u0022\u003EZatwierdzenie protoko\u0142u z posiedzenia Komisji w dniu 18 czerwca 2019 r.\u003C\/li\u003E\n\u003Cli style=\u0022box-sizing: border-box; margin-bottom: 10px;\u0022\u003EMa\u0142a retencja w wojew\u00f3dztwie \u015bl\u0105skim na przyk\u0142adzie Nadle\u015bnictwa Brynek.\u003C\/li\u003E\n\u003Cli style=\u0022box-sizing: border-box; margin-bottom: 10px;\u0022\u003ELokalizacja projektowanego rezerwatu \u201eKrotoful\u201d.\u003C\/li\u003E\n\u003Cli style=\u0022box-sizing: border-box; margin-bottom: 10px;\u0022\u003EOpiniowanie projekt\u00f3w uchwa\u0142 Sejmiku Wojew\u00f3dztwa \u015al\u0105skiego.\u003C\/li\u003E\n\u003Cli style=\u0022box-sizing: border-box; margin-bottom: 10px;\u0022\u003ESprawy r\u00f3\u017cne\u003C\/li\u003E\n\u003C\/ol\u003E\n\u003Cp\u003E\u003Cstrong\u003ENadle\u015bnictwo Brynek\u003C\/strong\u003E\u003C\/p\u003E","promotion":false}},{"id":"bf6dbc25-d119-11e7-80a9-005056b46601","type":"Gallery","name":"Galeria","description":"Galeria"},{"id":"bf6e1f6b-d119-11e7-80a9-005056b46601","type":"Attachment","name":"Za\u0142\u0105czniki","description":"Za\u0142\u0105czniki do strony"},{"id":"eba03b25-d9a7-11e7-b355-005056b70dba","type":"PageTitle","name":"","description":"Tytu\u0142 strony","content":{"title":"Posiedzenie komisji z dnia 2019-08-20"}},{"id":"eba07701-d9a7-11e7-b355-005056b70dba","type":"PageDescription","name":"","description":"Zajawka strony","content":{"desc":"Wyjazdowe posiedzenie Komisji"}},{"id":"1b1a7940-ff78-11e7-b81e-005056b7801d","type":"SectionDescription","name":"","description":"Zajawka sekcji","content":[]}]}

dodanie nowego wpisu - porządek posiedzenia Komisji

Urząd Marszałkowski Województwa Śląskiego

Plan posiedzeń komisji

Treść

Treść strony

<p style="box-sizing: border-box; margin: 0px 0px 20px; color: #555555; font-family: Arial, sans-serif; font-size: 14px; font-style: normal; font-variant-ligatures: normal; font-variant-caps: normal; font-weight: 400; letter-spacing: normal; orphans: 2; text-align: start; text-indent: 0px; text-transform: none; white-space: normal; widows: 2; word-spacing: 0px; -webkit-text-stroke-width: 0px; text-decoration-style: initial; text-decoration-color: initial; background-color: #ffffff;"><strong style="box-sizing: border-box; font-weight: bold;"><strong style="box-sizing: border-box; font-weight: bold; color: #555555; font-family: Arial, sans-serif; font-size: 14px; font-style: normal; font-variant-ligatures: normal; font-variant-caps: normal; letter-spacing: normal; orphans: 2; text-align: start; text-indent: 0px; text-transform: none; white-space: normal; widows: 2; word-spacing: 0px; -webkit-text-stroke-width: 0px; text-decoration-style: initial; text-decoration-color: initial;">Wtorek o godz. 10:00 <br /></strong></strong></p>
<p style="box-sizing: border-box; margin: 0px 0px 20px; color: #555555; font-family: Arial, sans-serif; font-size: 14px; font-style: normal; font-variant-ligatures: normal; font-variant-caps: normal; font-weight: 400; letter-spacing: normal; orphans: 2; text-align: start; text-indent: 0px; text-transform: none; white-space: normal; widows: 2; word-spacing: 0px; -webkit-text-stroke-width: 0px; text-decoration-style: initial; text-decoration-color: initial; background-color: #ffffff;"><strong style="box-sizing: border-box; font-weight: bold;">PROPONOWANY PORZĄDEK POSIEDZENIA:</strong></p>
<ol style="box-sizing: border-box; margin-top: 0px; margin-bottom: 20px; color: #555555; font-family: Arial, sans-serif; font-size: 14px; font-style: normal; font-variant-ligatures: normal; font-variant-caps: normal; font-weight: 400; letter-spacing: normal; orphans: 2; text-align: start; text-indent: 0px; text-transform: none; white-space: normal; widows: 2; word-spacing: 0px; -webkit-text-stroke-width: 0px; text-decoration-style: initial; text-decoration-color: initial; background-color: #ffffff;">
<li style="box-sizing: border-box; margin-bottom: 10px;">Otwarcie posiedzenia, przyjęcie porządku.</li>
<li style="box-sizing: border-box; margin-bottom: 10px;">Zatwierdzenie protokołu z posiedzenia Komisji w dniu 18 czerwca 2019 r.</li>
<li style="box-sizing: border-box; margin-bottom: 10px;">Mała retencja w województwie śląskim na przykładzie Nadleśnictwa Brynek.</li>
<li style="box-sizing: border-box; margin-bottom: 10px;">Lokalizacja projektowanego rezerwatu „Krotoful”.</li>
<li style="box-sizing: border-box; margin-bottom: 10px;">Opiniowanie projektów uchwał Sejmiku Województwa Śląskiego.</li>
<li style="box-sizing: border-box; margin-bottom: 10px;">Sprawy różne</li>
</ol>
<p><strong>Nadleśnictwo Brynek</strong></p>

Załączniki

Załączniki do strony

Tytuł strony
