{"id":9903,"name":"posiedzenie-komisji-z-dnia-2019-10-15","title":"Posiedzenie komisji z dnia 2019-10-15","desc":"Porz\u0105dek posiedzenia Komisji \u015arodowiska i Gospodarki Wodnej wsp\u00f3lnie z Komisj\u0105 Rozwoju i Zagospodarowania Przestrzennego","header":"Posiedzenie komisji z dnia 2019-10-15","lead":"","keywords":"","changes":"dodanie nowego wpisu - porz\u0105dek posiedzenia Komisji","menu":"","path":"\/sejmik_wojewodztwa\/komisje_sejmiku\/komisja_srodowiska_i_gospodarki_wodnej\/plan_posiedzen\/posiedzenie-komisji-z-dnia-2019-10-15.html","url":"\/sejmik_wojewodztwa\/komisje_sejmiku\/komisja_srodowiska_i_gospodarki_wodnej\/plan_posiedzen\/posiedzenie-komisji-z-dnia-2019-10-15.html","infoOwner":"Urz\u0105d Marsza\u0142kowski Wojew\u00f3dztwa \u015al\u0105skiego","dateFirstPublicate":"2019-10-07 10:14:51","dateLastVersionPublicate":"2019-10-07 10:14:51","dateAvailableFrom":"","dateAvailableTo":"","type":"Plan posiedze\u0144 komisji","pageParams":[{"id":"263","name":"Data posiedzenia","description":"Data posiedzenia","value":"2019-10-15"}],"components":[{"id":"bf6d5eba-d119-11e7-80a9-005056b46601","type":"ContentWYSIWYG","name":"Tre\u015b\u0107","description":"Tre\u015b\u0107 strony","content":{"content":"\u003Cp\u003E\u003Cstrong\u003EWtorek o godz. 13.00\u003C\/strong\u003E\u003C\/p\u003E\n\u003Cp\u003E\u003Cstrong\u003E\u00a0PROPONOWANY PORZ\u0104DEK POSIEDZENIA:\u003C\/strong\u003E\u003C\/p\u003E\n\u003Col\u003E\n\u003Cli\u003EOtwarcie obrad i wyb\u00f3r przewodnicz\u0105cego.\u003C\/li\u003E\n\u003Cli\u003EPrezentacja stanowiska Ministra Gospodarki Morskiej i \u017beglugi \u015ar\u00f3dl\u0105dowej w\u00a0sprawie rozwoju Odrza\u0144skiej Drogi Wodnej.\u003C\/li\u003E\n\u003Cli\u003EPrezentacja stanowiska Urz\u0119du Marsza\u0142kowskiego Wojew\u00f3dztwa \u015al\u0105skiego w\u00a0sprawie rozwoju Odrza\u0144skiej Drogi Wodnej.\u003C\/li\u003E\n\u003Cli\u003EDyskusja.\u003C\/li\u003E\n\u003Cli\u003EPrzerwa techniczna.\u003C\/li\u003E\n\u003Cli\u003EZatwierdzenie protoko\u0142\u00f3w z posiedze\u0144 Komisji \u015arodowiska i Gospodarki Wodnej w\u00a0dniach 20 sierpnia i 17 wrze\u015bnia 2019 r.\u003C\/li\u003E\n\u003Cli\u003EOpiniowanie projekt\u00f3w uchwa\u0142 Sejmiku.\u003C\/li\u003E\n\u003Cli\u003ESprawy r\u00f3\u017cne.\u003C\/li\u003E\n\u003C\/ol\u003E\n\u003Cp\u003E\u003Cstrong\u003ESala Sejmu \u015al\u0105skiego \u003C\/strong\u003EUrz\u0119du Marsza\u0142kowskiego Wojew\u00f3dztwa \u015al\u0105skiego w Katowicach, ul. Ligonia 46.\u003Cstrong\u003E\u003Cbr \/\u003E\u003C\/strong\u003E\u003C\/p\u003E","promotion":false}},{"id":"bf6dbc25-d119-11e7-80a9-005056b46601","type":"Gallery","name":"Galeria","description":"Galeria"},{"id":"bf6e1f6b-d119-11e7-80a9-005056b46601","type":"Attachment","name":"Za\u0142\u0105czniki","description":"Za\u0142\u0105czniki do strony"},{"id":"eba03b25-d9a7-11e7-b355-005056b70dba","type":"PageTitle","name":"","description":"Tytu\u0142 strony","content":{"title":"Posiedzenie komisji z dnia 2019-10-15"}},{"id":"eba07701-d9a7-11e7-b355-005056b70dba","type":"PageDescription","name":"","description":"Zajawka strony","content":[]},{"id":"1b1a7940-ff78-11e7-b81e-005056b7801d","type":"SectionDescription","name":"","description":"Zajawka sekcji","content":[]}]}

Porządek posiedzenia Komisji Środowiska i Gospodarki Wodnej wspólnie z Komisją Rozwoju i Zagospodarowania Przestrzennego

dodanie nowego wpisu - porządek posiedzenia Komisji

Urząd Marszałkowski Województwa Śląskiego

Plan posiedzeń komisji

Treść

Treść strony

<p><strong>Wtorek o godz. 13.00</strong></p>
<p><strong> PROPONOWANY PORZĄDEK POSIEDZENIA:</strong></p>
<ol>
<li>Otwarcie obrad i wybór przewodniczącego.</li>
<li>Prezentacja stanowiska Ministra Gospodarki Morskiej i Żeglugi Śródlądowej w sprawie rozwoju Odrzańskiej Drogi Wodnej.</li>
<li>Prezentacja stanowiska Urzędu Marszałkowskiego Województwa Śląskiego w sprawie rozwoju Odrzańskiej Drogi Wodnej.</li>
<li>Dyskusja.</li>
<li>Przerwa techniczna.</li>
<li>Zatwierdzenie protokołów z posiedzeń Komisji Środowiska i Gospodarki Wodnej w dniach 20 sierpnia i 17 września 2019 r.</li>
<li>Opiniowanie projektów uchwał Sejmiku.</li>
<li>Sprawy różne.</li>
</ol>
<p><strong>Sala Sejmu Śląskiego </strong>Urzędu Marszałkowskiego Województwa Śląskiego w Katowicach, ul. Ligonia 46.<strong><br /></strong></p>

Załączniki

Załączniki do strony

Tytuł strony
