{"id":56530,"name":"posiedzenie-komisji-z-dnia-2024-10-18","title":"Posiedzenie komisji z dnia 2024-10-18","desc":"","header":"Posiedzenie komisji z dnia 2024-10-18","lead":"","keywords":"","changes":"dodanie nowego wpisu - porz\u0105dek posiedzenia Komisji","menu":"","path":"\/sejmik_wojewodztwa\/komisje_sejmiku\/komisja_srodowiska_i_gospodarki_wodnej\/plan_posiedzen\/posiedzenie-komisji-z-dnia-2024-10-18.html","url":"\/sejmik_wojewodztwa\/komisje_sejmiku\/komisja_srodowiska_i_gospodarki_wodnej\/plan_posiedzen\/posiedzenie-komisji-z-dnia-2024-10-18.html","infoOwner":"Urz\u0105d Marsza\u0142kowski Wojew\u00f3dztwa \u015al\u0105skiego","dateFirstPublicate":"2024-10-14 13:58:46","dateLastVersionPublicate":"2024-10-14 13:58:46","dateAvailableFrom":"","dateAvailableTo":"","type":"Plan posiedze\u0144 komisji","pageParams":[{"id":"263","name":"Data posiedzenia","description":"Data posiedzenia","value":"2024-10-18"}],"components":[{"id":"bf6d5eba-d119-11e7-80a9-005056b46601","type":"ContentWYSIWYG","name":"Tre\u015b\u0107","description":"Tre\u015b\u0107 strony","content":{"content":"\u003Cp style=\u0022box-sizing: border-box; margin: 0px 0px 20px; color: #555555; font-family: Arial, sans-serif; font-size: 14px; font-style: normal; font-variant-ligatures: normal; font-variant-caps: normal; font-weight: 400; letter-spacing: normal; orphans: 2; text-align: start; text-indent: 0px; text-transform: none; widows: 2; word-spacing: 0px; -webkit-text-stroke-width: 0px; white-space: normal; text-decoration-thickness: initial; text-decoration-style: initial; text-decoration-color: initial; background-color: #ffffff;\u0022\u003E\u003Cstrong style=\u0022box-sizing: border-box; font-weight: bold;\u0022\u003EPi\u0105tek godz. 9:00\u003C\/strong\u003E\u003C\/p\u003E\n\u003Cp style=\u0022box-sizing: border-box; margin: 0px 0px 20px; color: #555555; font-family: Arial, sans-serif; font-size: 14px; font-style: normal; font-variant-ligatures: normal; font-variant-caps: normal; font-weight: 400; letter-spacing: normal; orphans: 2; text-align: start; text-indent: 0px; text-transform: none; widows: 2; word-spacing: 0px; -webkit-text-stroke-width: 0px; white-space: normal; text-decoration-thickness: initial; text-decoration-style: initial; text-decoration-color: initial; background-color: #ffffff;\u0022\u003E\u003Cstrong style=\u0022box-sizing: border-box; font-weight: bold;\u0022\u003E\u00a0PROPONOWANY PORZ\u0104DEK POSIEDZENIA:\u003C\/strong\u003E\u003C\/p\u003E\n\u003Col\u003E\n\u003Cli\u003EOtwarcie posiedzenia, przyj\u0119cie porz\u0105dku.\u003C\/li\u003E\n\u003Cli\u003EPrzyj\u0119cie protoko\u0142u z posiedzenia Komisji w dniu 11 wrze\u015bnia 2024 r.\u003C\/li\u003E\n\u003Cli\u003EPrzyj\u0119cie protoko\u0142u z posiedzenia Komisji w dniu 20 wrze\u015bnia 2024 r.\u003C\/li\u003E\n\u003Cli\u003EOpiniowanie uchwa\u0142y w sprawie poparcia dzia\u0142a\u0144 na rzecz przyst\u0105pienia przez Wojew\u00f3dztwo \u015al\u0105skie do programu priorytetowego Wymiana \u017ar\u00f3de\u0142 ciep\u0142a i poprawa efektywno\u015bci energetycznej szk\u00f3\u0142, og\u0142oszonego w ramach KPO, dla realizacji zadania pod nazw\u0105: \u003Cem\u003EWymiana \u017ar\u00f3d\u0142a ciep\u0142a i poprawa efektywno\u015bci energetycznej obiektu Medycznej Szko\u0142y Policealnej Wojew\u00f3dztwa \u015al\u0105skiego w Zawierciu\u003C\/em\u003E (druk VII\/117).\u003C\/li\u003E\n\u003Cli\u003EOpiniowanie uchwa\u0142y w sprawie przyj\u0119cia \u003Cem\u003EPlanu gospodarki odpadami dla wojew\u00f3dztwa \u015bl\u0105skiego na lata 2023-2028\u003C\/em\u003E (druk VII\/115).\u003C\/li\u003E\n\u003Cli\u003E\u003Cspan\u003EPrzyj\u0119cie Planu pracy Komisji\u003C\/span\u003E.\u003C\/li\u003E\n\u003Cli\u003EZamkni\u0119cie posiedzenia.\u003C\/li\u003E\n\u003C\/ol\u003E\n\u003Cp style=\u0022box-sizing: border-box; margin: 0px 0px 20px; color: #555555; font-family: Arial, sans-serif; font-size: 14px; font-style: normal; font-variant-ligatures: normal; font-variant-caps: normal; font-weight: 400; letter-spacing: normal; orphans: 2; text-align: start; text-indent: 0px; text-transform: none; widows: 2; word-spacing: 0px; -webkit-text-stroke-width: 0px; white-space: normal; background-color: #ffffff; text-decoration-thickness: initial; text-decoration-style: initial; text-decoration-color: initial;\u0022\u003E\u003Cspan style=\u0022box-sizing: border-box; color: #555555; font-family: Arial, sans-serif; font-size: 14px; font-style: normal; font-variant-ligatures: normal; font-variant-caps: normal; font-weight: 400; letter-spacing: normal; orphans: 2; text-align: start; text-indent: 0px; text-transform: none; widows: 2; word-spacing: 0px; -webkit-text-stroke-width: 0px; white-space: normal; background-color: #ffffff; text-decoration-thickness: initial; text-decoration-style: initial; text-decoration-color: initial; float: none; display: inline !important;\u0022\u003EDecyzj\u0105 Przewodnicz\u0105cego Komisji posiedzenie odb\u0119dzie si\u0119 z wykorzystaniem \u015brodk\u00f3w porozumiewania si\u0119 na odleg\u0142o\u015b\u0107, przy u\u017cyciu programu do wideokonferencji.\u003C\/span\u003E\u003C\/p\u003E","promotion":false}},{"id":"bf6dbc25-d119-11e7-80a9-005056b46601","type":"Gallery","name":"Galeria","description":"Galeria"},{"id":"bf6e1f6b-d119-11e7-80a9-005056b46601","type":"Attachment","name":"Za\u0142\u0105czniki","description":"Za\u0142\u0105czniki do strony","content":[{"src":"\/resource\/77080\/info+na+Komisj%25C4%2599_Klauzula+informacyjna+RODO.pdf","extension":"PDF","name":"fa94825689fc0ea57cbd0b3b1681396f.pdf","size":"55.9 KB"}]},{"id":"eba03b25-d9a7-11e7-b355-005056b70dba","type":"PageTitle","name":"","description":"Tytu\u0142 strony","content":{"title":"Posiedzenie komisji z dnia 2024-10-18"}},{"id":"eba07701-d9a7-11e7-b355-005056b70dba","type":"PageDescription","name":"","description":"Zajawka strony","content":[]},{"id":"1b1a7940-ff78-11e7-b81e-005056b7801d","type":"SectionDescription","name":"","description":"Zajawka sekcji","content":[]}]}

dodanie nowego wpisu - porządek posiedzenia Komisji

Urząd Marszałkowski Województwa Śląskiego

Plan posiedzeń komisji

Treść

Treść strony

<p style="box-sizing: border-box; margin: 0px 0px 20px; color: #555555; font-family: Arial, sans-serif; font-size: 14px; font-style: normal; font-variant-ligatures: normal; font-variant-caps: normal; font-weight: 400; letter-spacing: normal; orphans: 2; text-align: start; text-indent: 0px; text-transform: none; widows: 2; word-spacing: 0px; -webkit-text-stroke-width: 0px; white-space: normal; text-decoration-thickness: initial; text-decoration-style: initial; text-decoration-color: initial; background-color: #ffffff;"><strong style="box-sizing: border-box; font-weight: bold;">Piątek godz. 9:00</strong></p>
<p style="box-sizing: border-box; margin: 0px 0px 20px; color: #555555; font-family: Arial, sans-serif; font-size: 14px; font-style: normal; font-variant-ligatures: normal; font-variant-caps: normal; font-weight: 400; letter-spacing: normal; orphans: 2; text-align: start; text-indent: 0px; text-transform: none; widows: 2; word-spacing: 0px; -webkit-text-stroke-width: 0px; white-space: normal; text-decoration-thickness: initial; text-decoration-style: initial; text-decoration-color: initial; background-color: #ffffff;"><strong style="box-sizing: border-box; font-weight: bold;"> PROPONOWANY PORZĄDEK POSIEDZENIA:</strong></p>
<ol>
<li>Otwarcie posiedzenia, przyjęcie porządku.</li>
<li>Przyjęcie protokołu z posiedzenia Komisji w dniu 11 września 2024 r.</li>
<li>Przyjęcie protokołu z posiedzenia Komisji w dniu 20 września 2024 r.</li>
<li>Opiniowanie uchwały w sprawie poparcia działań na rzecz przystąpienia przez Województwo Śląskie do programu priorytetowego Wymiana źródeł ciepła i poprawa efektywności energetycznej szkół, ogłoszonego w ramach KPO, dla realizacji zadania pod nazwą: <em>Wymiana źródła ciepła i poprawa efektywności energetycznej obiektu Medycznej Szkoły Policealnej Województwa Śląskiego w Zawierciu</em> (druk VII/117).</li>
<li>Opiniowanie uchwały w sprawie przyjęcia <em>Planu gospodarki odpadami dla województwa śląskiego na lata 2023-2028</em> (druk VII/115).</li>
<li><span>Przyjęcie Planu pracy Komisji</span>.</li>
<li>Zamknięcie posiedzenia.</li>
</ol>
<p style="box-sizing: border-box; margin: 0px 0px 20px; color: #555555; font-family: Arial, sans-serif; font-size: 14px; font-style: normal; font-variant-ligatures: normal; font-variant-caps: normal; font-weight: 400; letter-spacing: normal; orphans: 2; text-align: start; text-indent: 0px; text-transform: none; widows: 2; word-spacing: 0px; -webkit-text-stroke-width: 0px; white-space: normal; background-color: #ffffff; text-decoration-thickness: initial; text-decoration-style: initial; text-decoration-color: initial;"><span style="box-sizing: border-box; color: #555555; font-family: Arial, sans-serif; font-size: 14px; font-style: normal; font-variant-ligatures: normal; font-variant-caps: normal; font-weight: 400; letter-spacing: normal; orphans: 2; text-align: start; text-indent: 0px; text-transform: none; widows: 2; word-spacing: 0px; -webkit-text-stroke-width: 0px; white-space: normal; background-color: #ffffff; text-decoration-thickness: initial; text-decoration-style: initial; text-decoration-color: initial; float: none; display: inline !important;">Decyzją Przewodniczącego Komisji posiedzenie odbędzie się z wykorzystaniem środków porozumiewania się na odległość, przy użyciu programu do wideokonferencji.</span></p>

Załączniki

Załączniki do strony

Tytuł strony
