{"id":59060,"name":"posiedzenie-komisji-z-dnia-2025-04-10","title":"Posiedzenie komisji z dnia 2025-04-10","desc":"","header":"Posiedzenie komisji z dnia 2025-04-10","lead":"wyjazdowe posiedzenie komisji","keywords":"","changes":"dodanie nowego wpisu - porz\u0105dek posiedzenia Komisji","menu":"","path":"\/sejmik_wojewodztwa\/komisje_sejmiku\/komisja_srodowiska_i_gospodarki_wodnej\/plan_posiedzen\/posiedzenie-komisji-z-dnia-2025-04-10.html","url":"\/sejmik_wojewodztwa\/komisje_sejmiku\/komisja_srodowiska_i_gospodarki_wodnej\/plan_posiedzen\/posiedzenie-komisji-z-dnia-2025-04-10.html","infoOwner":"Urz\u0105d Marsza\u0142kowski Wojew\u00f3dztwa \u015al\u0105skiego","dateFirstPublicate":"2025-04-04 12:58:25","dateLastVersionPublicate":"2025-04-04 12:58:25","dateAvailableFrom":"","dateAvailableTo":"","type":"Plan posiedze\u0144 komisji","pageParams":[{"id":"263","name":"Data posiedzenia","description":"Data posiedzenia","value":"2025-04-10"}],"components":[{"id":"bf6d5eba-d119-11e7-80a9-005056b46601","type":"ContentWYSIWYG","name":"Tre\u015b\u0107","description":"Tre\u015b\u0107 strony","content":{"content":"\u003Cp style=\u0022box-sizing: border-box; margin: 0px 0px 20px; color: #555555; font-family: Arial, sans-serif; font-style: normal; font-variant-ligatures: normal; font-variant-caps: normal; font-weight: 400; letter-spacing: normal; orphans: 2; text-align: start; text-indent: 0px; text-transform: none; widows: 2; word-spacing: 0px; -webkit-text-stroke-width: 0px; white-space: normal; text-decoration-thickness: initial; text-decoration-style: initial; text-decoration-color: initial; font-size: 14px; background-color: #ffffff;\u0022\u003E\u003Cstrong style=\u0022box-sizing: border-box; font-weight: bold;\u0022\u003ECzwartek o godz. 12:00\u003C\/strong\u003E\u003C\/p\u003E\n\u003Cp style=\u0022box-sizing: border-box; margin: 0px 0px 20px; color: #555555; font-family: Arial, sans-serif; font-style: normal; font-variant-ligatures: normal; font-variant-caps: normal; font-weight: 400; letter-spacing: normal; orphans: 2; text-align: start; text-indent: 0px; text-transform: none; widows: 2; word-spacing: 0px; -webkit-text-stroke-width: 0px; white-space: normal; text-decoration-thickness: initial; text-decoration-style: initial; text-decoration-color: initial; font-size: 14px; background-color: #ffffff;\u0022\u003E\u003Cstrong style=\u0022box-sizing: border-box; font-weight: bold;\u0022\u003EPROPONOWANY PORZ\u0104DEK POSIEDZENIA:\u003C\/strong\u003E\u003C\/p\u003E\n\u003Col\u003E\n\u003Cli\u003E\u003Cspan style=\u0022font-family: arial, helvetica, sans-serif;\u0022\u003EOtwarcie posiedzenia, przyj\u0119cie porz\u0105dku.\u003C\/span\u003E\u003C\/li\u003E\n\u003Cli\u003E\u003Cspan style=\u0022font-family: arial, helvetica, sans-serif;\u0022\u003EPrzyj\u0119cie protoko\u0142u z posiedzenia Komisji w dniu 14 marca 2025 r.\u003C\/span\u003E\u003C\/li\u003E\n\u003Cli\u003E\u003Cspan style=\u0022font-family: arial, helvetica, sans-serif;\u0022\u003EWizyta w \u015al\u0105skim Ogrodzie Botanicznym w Miko\u0142owie \u2013 Mokrem (zagadnienia ochrony przyrody, edukacji ekologicznej, badania naukowe z\u00a0zakresu zachowania dziedzictwa przyrodniczego).\u003C\/span\u003E\u003C\/li\u003E\n\u003Cli\u003E\u003Cspan style=\u0022font-family: arial, helvetica, sans-serif;\u0022\u003ESprawy r\u00f3\u017cne i zamkni\u0119cie posiedzenia.\u003C\/span\u003E\u003C\/li\u003E\n\u003C\/ol\u003E\n\u003Cp\u003E\u003Cspan style=\u0022font-family: arial, helvetica, sans-serif;\u0022\u003Esiedziba \u015al\u0105skiego Ogrodu Botanicznego w Miko\u0142owie przy ul. Sosnowej 5\u003C\/span\u003E\u003C\/p\u003E","promotion":false}},{"id":"bf6dbc25-d119-11e7-80a9-005056b46601","type":"Gallery","name":"Galeria","description":"Galeria"},{"id":"bf6e1f6b-d119-11e7-80a9-005056b46601","type":"Attachment","name":"Za\u0142\u0105czniki","description":"Za\u0142\u0105czniki do strony","content":[{"src":"\/resource\/79663\/info+na+Komisj%25C4%2599_Klauzula+informacyjna+RODO.pdf","extension":"PDF","name":"5e61565b98cb1e0e63d35ab6f89960aa.pdf","size":"55.9 KB"}]},{"id":"eba03b25-d9a7-11e7-b355-005056b70dba","type":"PageTitle","name":"","description":"Tytu\u0142 strony","content":{"title":"Posiedzenie komisji z dnia 2025-04-10"}},{"id":"eba07701-d9a7-11e7-b355-005056b70dba","type":"PageDescription","name":"","description":"Zajawka strony","content":{"desc":"wyjazdowe posiedzenie komisji"}},{"id":"1b1a7940-ff78-11e7-b81e-005056b7801d","type":"SectionDescription","name":"","description":"Zajawka sekcji","content":[]}]}

dodanie nowego wpisu - porządek posiedzenia Komisji

Urząd Marszałkowski Województwa Śląskiego

Plan posiedzeń komisji

Treść

Treść strony

<p style="box-sizing: border-box; margin: 0px 0px 20px; color: #555555; font-family: Arial, sans-serif; font-style: normal; font-variant-ligatures: normal; font-variant-caps: normal; font-weight: 400; letter-spacing: normal; orphans: 2; text-align: start; text-indent: 0px; text-transform: none; widows: 2; word-spacing: 0px; -webkit-text-stroke-width: 0px; white-space: normal; text-decoration-thickness: initial; text-decoration-style: initial; text-decoration-color: initial; font-size: 14px; background-color: #ffffff;"><strong style="box-sizing: border-box; font-weight: bold;">Czwartek o godz. 12:00</strong></p>
<p style="box-sizing: border-box; margin: 0px 0px 20px; color: #555555; font-family: Arial, sans-serif; font-style: normal; font-variant-ligatures: normal; font-variant-caps: normal; font-weight: 400; letter-spacing: normal; orphans: 2; text-align: start; text-indent: 0px; text-transform: none; widows: 2; word-spacing: 0px; -webkit-text-stroke-width: 0px; white-space: normal; text-decoration-thickness: initial; text-decoration-style: initial; text-decoration-color: initial; font-size: 14px; background-color: #ffffff;"><strong style="box-sizing: border-box; font-weight: bold;">PROPONOWANY PORZĄDEK POSIEDZENIA:</strong></p>
<ol>
<li><span style="font-family: arial, helvetica, sans-serif;">Otwarcie posiedzenia, przyjęcie porządku.</span></li>
<li><span style="font-family: arial, helvetica, sans-serif;">Przyjęcie protokołu z posiedzenia Komisji w dniu 14 marca 2025 r.</span></li>
<li><span style="font-family: arial, helvetica, sans-serif;">Wizyta w Śląskim Ogrodzie Botanicznym w Mikołowie – Mokrem (zagadnienia ochrony przyrody, edukacji ekologicznej, badania naukowe z zakresu zachowania dziedzictwa przyrodniczego).</span></li>
<li><span style="font-family: arial, helvetica, sans-serif;">Sprawy różne i zamknięcie posiedzenia.</span></li>
</ol>
<p><span style="font-family: arial, helvetica, sans-serif;">siedziba Śląskiego Ogrodu Botanicznego w Mikołowie przy ul. Sosnowej 5</span></p>

Załączniki

Załączniki do strony

Tytuł strony
