{"id":59731,"name":"posiedzenie-komisji-z-dnia-2025-05-23","title":"Posiedzenie komisji z dnia 2025-05-23","desc":"","header":"Posiedzenie komisji z dnia 2025-05-23","lead":"wyjazdowe posiedzenie komisji","keywords":"","changes":"dodanie nowego wpisu - porz\u0105dek posiedzenia Komisji","menu":"","path":"\/sejmik_wojewodztwa\/komisje_sejmiku\/komisja_srodowiska_i_gospodarki_wodnej\/plan_posiedzen\/posiedzenie-komisji-z-dnia-2025-05-23.html","url":"\/sejmik_wojewodztwa\/komisje_sejmiku\/komisja_srodowiska_i_gospodarki_wodnej\/plan_posiedzen\/posiedzenie-komisji-z-dnia-2025-05-23.html","infoOwner":"Urz\u0105d Marsza\u0142kowski Wojew\u00f3dztwa \u015al\u0105skiego","dateFirstPublicate":"2025-05-19 08:51:06","dateLastVersionPublicate":"2025-05-19 08:51:06","dateAvailableFrom":"","dateAvailableTo":"","type":"Plan posiedze\u0144 komisji","pageParams":[{"id":"263","name":"Data posiedzenia","description":"Data posiedzenia","value":"2025-05-23"}],"components":[{"id":"bf6d5eba-d119-11e7-80a9-005056b46601","type":"ContentWYSIWYG","name":"Tre\u015b\u0107","description":"Tre\u015b\u0107 strony","content":{"content":"\u003Cp\u003E\u003Cspan style=\u0022font-family: arial, helvetica, sans-serif; font-size: 12pt;\u0022\u003EPi\u0105tek o godz. 9:00\u003C\/span\u003E\u003C\/p\u003E\n\u003Cp\u003E\u003Cspan style=\u0022font-family: arial, helvetica, sans-serif; font-size: 12pt;\u0022\u003EPROPONOWANY PORZ\u0104DEK POSIEDZENIA:\u003C\/span\u003E\u003C\/p\u003E\n\u003Col\u003E\n\u003Cli\u003E\u003Cspan style=\u0022font-size: 12pt;\u0022\u003EOtwarcie posiedzenia, przyj\u0119cie porz\u0105dku.\u003C\/span\u003E\u003C\/li\u003E\n\u003Cli\u003E\u003Cspan style=\u0022font-size: 12pt;\u0022\u003EPrzyj\u0119cie protoko\u0142u z posiedzenia Komisji w dniu 10 kwietnia 2025 r.\u003C\/span\u003E\u003C\/li\u003E\n\u003Cli\u003E\u003Cspan style=\u0022font-size: 12pt;\u0022\u003EPrzedstawienie za\u0142o\u017ce\u0144 projektowanej uchwa\u0142y Sejmiku Wojew\u00f3dztwa \u015al\u0105skiego w sprawie Parku Krajobrazowego Cysterskie Kompozycje Krajobrazowe Rud Wielkich.\u003C\/span\u003E\u003C\/li\u003E\n\u003Cli\u003E\u003Cspan style=\u0022font-size: 12pt;\u0022\u003EWizyta w Rezerwacie \u0141\u0119\u017cczok.\u003C\/span\u003E\u003C\/li\u003E\n\u003Cli\u003E\u003Cspan style=\u0022font-size: 12pt;\u0022\u003ESprawy r\u00f3\u017cne i zamkni\u0119cie posiedzenia.\u003C\/span\u003E\u003Cspan style=\u0022box-sizing: border-box; font-family: arial, helvetica, sans-serif;\u0022\u003E\u003Cbr \/\u003E\u003C\/span\u003E\u003C\/li\u003E\n\u003C\/ol\u003E\n\u003Cp\u003E\u003Cspan style=\u0022box-sizing: border-box; font-family: arial, helvetica, sans-serif; font-size: 12pt;\u0022\u003Esiedziba Oddzia\u0142u Zespo\u0142u Park\u00f3w Krajobrazowych Wojew\u00f3dztwa \u015al\u0105skiego w Rudach przy ul. Raciborskiej 10\u003C\/span\u003E\u003C\/p\u003E","promotion":false}},{"id":"bf6dbc25-d119-11e7-80a9-005056b46601","type":"Gallery","name":"Galeria","description":"Galeria"},{"id":"bf6e1f6b-d119-11e7-80a9-005056b46601","type":"Attachment","name":"Za\u0142\u0105czniki","description":"Za\u0142\u0105czniki do strony","content":[{"src":"\/resource\/80357\/info+na+Komisj%25C4%2599_Klauzula+informacyjna+RODO.pdf","extension":"PDF","name":"8845744bfee671a66842b07671830a65.pdf","size":"55.9 KB"}]},{"id":"eba03b25-d9a7-11e7-b355-005056b70dba","type":"PageTitle","name":"","description":"Tytu\u0142 strony","content":{"title":"Posiedzenie komisji z dnia 2025-05-23"}},{"id":"eba07701-d9a7-11e7-b355-005056b70dba","type":"PageDescription","name":"","description":"Zajawka strony","content":{"desc":"wyjazdowe posiedzenie komisji"}},{"id":"1b1a7940-ff78-11e7-b81e-005056b7801d","type":"SectionDescription","name":"","description":"Zajawka sekcji","content":[]}]}

dodanie nowego wpisu - porządek posiedzenia Komisji

Urząd Marszałkowski Województwa Śląskiego

Plan posiedzeń komisji

Treść

Treść strony

<p><span style="font-family: arial, helvetica, sans-serif; font-size: 12pt;">Piątek o godz. 9:00</span></p>
<p><span style="font-family: arial, helvetica, sans-serif; font-size: 12pt;">PROPONOWANY PORZĄDEK POSIEDZENIA:</span></p>
<ol>
<li><span style="font-size: 12pt;">Otwarcie posiedzenia, przyjęcie porządku.</span></li>
<li><span style="font-size: 12pt;">Przyjęcie protokołu z posiedzenia Komisji w dniu 10 kwietnia 2025 r.</span></li>
<li><span style="font-size: 12pt;">Przedstawienie założeń projektowanej uchwały Sejmiku Województwa Śląskiego w sprawie Parku Krajobrazowego Cysterskie Kompozycje Krajobrazowe Rud Wielkich.</span></li>
<li><span style="font-size: 12pt;">Wizyta w Rezerwacie Łężczok.</span></li>
<li><span style="font-size: 12pt;">Sprawy różne i zamknięcie posiedzenia.</span><span style="box-sizing: border-box; font-family: arial, helvetica, sans-serif;"><br /></span></li>
</ol>
<p><span style="box-sizing: border-box; font-family: arial, helvetica, sans-serif; font-size: 12pt;">siedziba Oddziału Zespołu Parków Krajobrazowych Województwa Śląskiego w Rudach przy ul. Raciborskiej 10</span></p>

Załączniki

Załączniki do strony

Tytuł strony
