{"id":48730,"name":"posiedzenie-komisji-z-dnia-2023-09-22","title":"Posiedzenie komisji z dnia 2023-09-22","desc":"","header":"Posiedzenie komisji z dnia 2023-09-22","lead":"","keywords":"","changes":"dodanie nowego wpisu - porz\u0105dek posiedzenia Komisji","menu":"","path":"\/sejmik_wojewodztwa\/komisje_sejmiku\/komisja_statutowo_regulaminowa\/plan_posiedzen\/posiedzenie-komisji-z-dnia-2023-09-22.html","url":"\/sejmik_wojewodztwa\/komisje_sejmiku\/komisja_statutowo_regulaminowa\/plan_posiedzen\/posiedzenie-komisji-z-dnia-2023-09-22.html","infoOwner":"Urz\u0105d Marsza\u0142kowski Wojew\u00f3dztwa \u015al\u0105skiego","dateFirstPublicate":"2023-09-19 12:20:38","dateLastVersionPublicate":"2023-09-19 12:20:38","dateAvailableFrom":"","dateAvailableTo":"","type":"Plan posiedze\u0144 komisji","pageParams":[{"id":"263","name":"Data posiedzenia","description":"Data posiedzenia","value":"2023-09-22"}],"components":[{"id":"bf6d5eba-d119-11e7-80a9-005056b46601","type":"ContentWYSIWYG","name":"Tre\u015b\u0107","description":"Tre\u015b\u0107 strony","content":{"content":"\u003Cp\u003E\u003Cstrong\u003EPi\u0105tek o godz. 13:00 \u003C\/strong\u003E\u003C\/p\u003E\n\u003Cp\u003E\u003Cstrong\u003E\u003Cu\u003EProponowany porz\u0105dek posiedzenia: \u003C\/u\u003E\u003C\/strong\u003E\u003C\/p\u003E\n\u003Col\u003E\n\u003Cli\u003EOtwarcie posiedzenia, przyj\u0119cie porz\u0105dku obrad.\u003C\/li\u003E\n\u003Cli\u003EOpiniowanie projektu uchwa\u0142y Sejmiku Wojew\u00f3dztwa \u015al\u0105skiego w sprawie nadania Statutu M\u0142odzie\u017cowemu Sejmikowi Wojew\u00f3dztwa \u015al\u0105skiego (druk VI\/755).\u003C\/li\u003E\n\u003Cli\u003EOpiniowanie projektu uchwa\u0142y Sejmiku Wojew\u00f3dztwa \u015al\u0105skiego w sprawie nadania Statutu \u015al\u0105skiej Radzie Senior\u00f3w (druk VI\/756).\u003C\/li\u003E\n\u003Cli\u003EOpiniowanie projektu uchwa\u0142y Sejmiku Wojew\u00f3dztwa \u015al\u0105skiego w sprawie przyj\u0119cia Regulaminu przyznawania stypendi\u00f3w w ramach projektu \u201e\u015al\u0105skie. Inwestujemy w talenty PLUS \u2013 I edycja\u201d, realizowanego w ramach Fundusze Europejskie dla \u015al\u0105skiego 2021 \u2013 2027 (druk VI\/754).\u003C\/li\u003E\n\u003Cli\u003EPrzyj\u0119cie protoko\u0142\u00f3w z poprzednich posiedze\u0144 Komisji.\u003C\/li\u003E\n\u003Cli\u003ESprawy r\u00f3\u017cne.\u003C\/li\u003E\n\u003C\/ol\u003E\n\u003Cp\u003E\u003Cstrong\u003ESala Szara (275)\u003C\/strong\u003E Urz\u0119du Marsza\u0142kowskiego Wojew\u00f3dztwa \u015al\u0105skiego w Katowicach przy ul. Ligonia 46.\u003C\/p\u003E\n\u003Cp\u003E\u00a0\u003C\/p\u003E","promotion":false}},{"id":"bf6dbc25-d119-11e7-80a9-005056b46601","type":"Gallery","name":"Galeria","description":"Galeria"},{"id":"bf6e1f6b-d119-11e7-80a9-005056b46601","type":"Attachment","name":"Za\u0142\u0105czniki","description":"Za\u0142\u0105czniki do strony","content":[{"src":"\/resource\/69213\/info_na_komisje_klauzula_informacyjna_rodo.pdf","extension":"PDF","name":"1da5016368d16abd2281f1b9a95ef8c9.pdf","size":"55.9 KB"}]},{"id":"eba03b25-d9a7-11e7-b355-005056b70dba","type":"PageTitle","name":"","description":"Tytu\u0142 strony","content":{"title":"Posiedzenie komisji z dnia 2023-09-22"}},{"id":"eba07701-d9a7-11e7-b355-005056b70dba","type":"PageDescription","name":"","description":"Zajawka strony","content":[]},{"id":"1b1a7940-ff78-11e7-b81e-005056b7801d","type":"SectionDescription","name":"","description":"Zajawka sekcji","content":[]}]}

dodanie nowego wpisu - porządek posiedzenia Komisji

Urząd Marszałkowski Województwa Śląskiego

Plan posiedzeń komisji

Treść

Treść strony

<p><strong>Piątek o godz. 13:00 </strong></p>
<p><strong><u>Proponowany porządek posiedzenia: </u></strong></p>
<ol>
<li>Otwarcie posiedzenia, przyjęcie porządku obrad.</li>
<li>Opiniowanie projektu uchwały Sejmiku Województwa Śląskiego w sprawie nadania Statutu Młodzieżowemu Sejmikowi Województwa Śląskiego (druk VI/755).</li>
<li>Opiniowanie projektu uchwały Sejmiku Województwa Śląskiego w sprawie nadania Statutu Śląskiej Radzie Seniorów (druk VI/756).</li>
<li>Opiniowanie projektu uchwały Sejmiku Województwa Śląskiego w sprawie przyjęcia Regulaminu przyznawania stypendiów w ramach projektu „Śląskie. Inwestujemy w talenty PLUS – I edycja”, realizowanego w ramach Fundusze Europejskie dla Śląskiego 2021 – 2027 (druk VI/754).</li>
<li>Przyjęcie protokołów z poprzednich posiedzeń Komisji.</li>
<li>Sprawy różne.</li>
</ol>
<p><strong>Sala Szara (275)</strong> Urzędu Marszałkowskiego Województwa Śląskiego w Katowicach przy ul. Ligonia 46.</p>
<p> </p>

Załączniki

Załączniki do strony

Tytuł strony
