{"id":50240,"name":"posiedzenie-komisji-z-dnia-2023-11-17","title":"Posiedzenie komisji z dnia 2023-11-17","desc":"","header":"Posiedzenie komisji z dnia 2023-11-17","lead":"","keywords":"","changes":"dodanie nowego wpisu - porz\u0105dek posiedzenia Komisji","menu":"","path":"\/sejmik_wojewodztwa\/komisje_sejmiku\/komisja_statutowo_regulaminowa\/plan_posiedzen\/posiedzenie-komisji-z-dnia-2023-11-17.html","url":"\/sejmik_wojewodztwa\/komisje_sejmiku\/komisja_statutowo_regulaminowa\/plan_posiedzen\/posiedzenie-komisji-z-dnia-2023-11-17.html","infoOwner":"Urz\u0105d Marsza\u0142kowski Wojew\u00f3dztwa \u015al\u0105skiego","dateFirstPublicate":"2023-11-13 13:45:27","dateLastVersionPublicate":"2023-11-13 13:45:27","dateAvailableFrom":"","dateAvailableTo":"","type":"Plan posiedze\u0144 komisji","pageParams":[{"id":"263","name":"Data posiedzenia","description":"Data posiedzenia","value":"2023-11-17"}],"components":[{"id":"bf6d5eba-d119-11e7-80a9-005056b46601","type":"ContentWYSIWYG","name":"Tre\u015b\u0107","description":"Tre\u015b\u0107 strony","content":{"content":"\u003Cp\u003E\u003Cstrong\u003EPi\u0105tek o godz. 14:00 \u003C\/strong\u003E\u003C\/p\u003E\n\u003Cp\u003E\u003Cstrong\u003E\u003Cu\u003EProponowany porz\u0105dek posiedzenia: \u003C\/u\u003E\u003C\/strong\u003E\u003C\/p\u003E\n\u003Col\u003E\n\u003Cli\u003EOtwarcie posiedzenia, przyj\u0119cie porz\u0105dku obrad.\u003C\/li\u003E\n\u003Cli\u003EOpiniowanie projektu uchwa\u0142y Sejmiku Wojew\u00f3dztwa \u015al\u0105skiego w sprawie trybu zg\u0142aszania przez M\u0142odzie\u017cowy Sejmik Wojew\u00f3dztwa \u015al\u0105skiego wniosku o podj\u0119cie inicjatywy uchwa\u0142odawczej (druk VI\/773).\u003C\/li\u003E\n\u003Cli\u003EOpiniowanie projektu uchwa\u0142y Sejmiku Wojew\u00f3dztwa \u015al\u0105skiego w sprawie przyj\u0119cia Regulaminu okre\u015blaj\u0105cego wysoko\u015b\u0107 stawek i szczeg\u00f3\u0142owe warunki przyznawania dodatk\u00f3w do wynagrodzenia zasadniczego, szczeg\u00f3\u0142owe warunki obliczania i wyp\u0142acania wynagrodzenia za godziny ponadwymiarowe i godziny dora\u017anych zast\u0119pstw oraz wysoko\u015b\u0107 nagr\u00f3d ze specjalnego funduszu nagr\u00f3d (druk VI\/775).\u003C\/li\u003E\n\u003Cli\u003EOpiniowanie projektu uchwa\u0142y Sejmiku Wojew\u00f3dztwa \u015al\u0105skiego w sprawie przyj\u0119cia aktualizacji \u201eProgramu ochrony powietrza dla wojew\u00f3dztwa \u015bl\u0105skiego\u201d przyj\u0119tego uchwa\u0142\u0105 nr VI\/21\/12\/2020 Sejmiku Wojew\u00f3dztwa \u015al\u0105skiego z dnia 22 czerwca 2020 r. (druk VI\/774).\u003C\/li\u003E\n\u003Cli\u003ESprawy r\u00f3\u017cne.\u003C\/li\u003E\n\u003C\/ol\u003E\n\u003Cp\u003E\u003Cstrong\u003ESala Szara (275)\u003C\/strong\u003E Urz\u0119du Marsza\u0142kowskiego Wojew\u00f3dztwa \u015al\u0105skiego w Katowicach przy ul. Ligonia 46.\u003C\/p\u003E","promotion":false}},{"id":"bf6dbc25-d119-11e7-80a9-005056b46601","type":"Gallery","name":"Galeria","description":"Galeria"},{"id":"bf6e1f6b-d119-11e7-80a9-005056b46601","type":"Attachment","name":"Za\u0142\u0105czniki","description":"Za\u0142\u0105czniki do strony","content":[{"src":"\/resource\/70749\/info_na_komisje_klauzula_informacyjna_rodo.pdf","extension":"PDF","name":"5cb4ca91f7d459be2df9d8a471580a6b.pdf","size":"55.9 KB"}]},{"id":"eba03b25-d9a7-11e7-b355-005056b70dba","type":"PageTitle","name":"","description":"Tytu\u0142 strony","content":{"title":"Posiedzenie komisji z dnia 2023-11-17"}},{"id":"eba07701-d9a7-11e7-b355-005056b70dba","type":"PageDescription","name":"","description":"Zajawka strony","content":[]},{"id":"1b1a7940-ff78-11e7-b81e-005056b7801d","type":"SectionDescription","name":"","description":"Zajawka sekcji","content":[]}]}

dodanie nowego wpisu - porządek posiedzenia Komisji

Urząd Marszałkowski Województwa Śląskiego

Plan posiedzeń komisji

Treść

Treść strony

<p><strong>Piątek o godz. 14:00 </strong></p>
<p><strong><u>Proponowany porządek posiedzenia: </u></strong></p>
<ol>
<li>Otwarcie posiedzenia, przyjęcie porządku obrad.</li>
<li>Opiniowanie projektu uchwały Sejmiku Województwa Śląskiego w sprawie trybu zgłaszania przez Młodzieżowy Sejmik Województwa Śląskiego wniosku o podjęcie inicjatywy uchwałodawczej (druk VI/773).</li>
<li>Opiniowanie projektu uchwały Sejmiku Województwa Śląskiego w sprawie przyjęcia Regulaminu określającego wysokość stawek i szczegółowe warunki przyznawania dodatków do wynagrodzenia zasadniczego, szczegółowe warunki obliczania i wypłacania wynagrodzenia za godziny ponadwymiarowe i godziny doraźnych zastępstw oraz wysokość nagród ze specjalnego funduszu nagród (druk VI/775).</li>
<li>Opiniowanie projektu uchwały Sejmiku Województwa Śląskiego w sprawie przyjęcia aktualizacji „Programu ochrony powietrza dla województwa śląskiego” przyjętego uchwałą nr VI/21/12/2020 Sejmiku Województwa Śląskiego z dnia 22 czerwca 2020 r. (druk VI/774).</li>
<li>Sprawy różne.</li>
</ol>
<p><strong>Sala Szara (275)</strong> Urzędu Marszałkowskiego Województwa Śląskiego w Katowicach przy ul. Ligonia 46.</p>

Załączniki

Załączniki do strony

Tytuł strony
