{"id":52905,"name":"posiedzenie-komisji-z-dnia-2024-03-22","title":"Posiedzenie komisji z dnia 2024-03-22","desc":"","header":"Posiedzenie komisji z dnia 2024-03-22","lead":"","keywords":"","changes":"dodanie nowego wpisu - porz\u0105dek posiedzenia Komisji","menu":"","path":"\/sejmik_wojewodztwa\/komisje_sejmiku\/komisja_statutowo_regulaminowa\/plan_posiedzen\/posiedzenie-komisji-z-dnia-2024-03-22.html","url":"\/sejmik_wojewodztwa\/komisje_sejmiku\/komisja_statutowo_regulaminowa\/plan_posiedzen\/posiedzenie-komisji-z-dnia-2024-03-22.html","infoOwner":"Urz\u0105d Marsza\u0142kowski Wojew\u00f3dztwa \u015al\u0105skiego","dateFirstPublicate":"2024-03-19 13:06:01","dateLastVersionPublicate":"2024-03-19 13:06:01","dateAvailableFrom":"","dateAvailableTo":"","type":"Plan posiedze\u0144 komisji","pageParams":[{"id":"263","name":"Data posiedzenia","description":"Data posiedzenia","value":"2024-03-22"}],"components":[{"id":"bf6d5eba-d119-11e7-80a9-005056b46601","type":"ContentWYSIWYG","name":"Tre\u015b\u0107","description":"Tre\u015b\u0107 strony","content":{"content":"\u003Cp\u003E\u003Cstrong\u003EPi\u0105tek godz. 15.00\u003C\/strong\u003E\u003C\/p\u003E\n\u003Cp\u003E\u003Cstrong\u003E\u003Cu\u003EProponowany porz\u0105dek posiedzenia: \u003C\/u\u003E\u003C\/strong\u003E\u003C\/p\u003E\n\u003Col\u003E\n\u003Cli\u003EOtwarcie posiedzenia, przyj\u0119cie porz\u0105dku obrad.\u003C\/li\u003E\n\u003Cli\u003EOpiniowanie projektu uchwa\u0142y Sejmiku Wojew\u00f3dztwa \u015al\u0105skiego w sprawie okre\u015blenia wymaga\u0144, jakie powinien spe\u0142nia\u0107 projekt bud\u017cetu obywatelskiego Wojew\u00f3dztwa \u015al\u0105skiego (druk VI\/840).\u003C\/li\u003E\n\u003Cli\u003EOpiniowanie projektu uchwa\u0142y Sejmiku Wojew\u00f3dztwa \u015al\u0105skiego w sprawie sposobu ustalania wysoko\u015bci op\u0142at dodatkowych z tytu\u0142u przewozu os\u00f3b, zabranych ze sob\u0105 do przewozu rzeczy i zwierz\u0105t oraz wysoko\u015bci op\u0142aty manipulacyjnej w odniesieniu do wojew\u00f3dzkiego regularnego przewozu os\u00f3b w transporcie kolejowym (druk VI\/842).\u003C\/li\u003E\n\u003Cli\u003EOpiniowanie projektu uchwa\u0142y Sejmiku Wojew\u00f3dztwa \u015al\u0105skiego w sprawie uchylenia \u00a7 2 uchwa\u0142y Nr I\/16\/9\/2000 Sejmiku Wojew\u00f3dztwa \u015al\u0105skiego z dnia 10 stycznia 2000 roku w sprawie powo\u0142ania Regionalnego O\u015brodka Polityki Spo\u0142ecznej Wojew\u00f3dztwa \u015al\u0105skiego z siedzib\u0105 w Katowicach (druk VI\/844).\u003C\/li\u003E\n\u003Cli\u003EPrzyj\u0119cie protoko\u0142\u00f3w z poprzednich posiedze\u0144 Komisji.\u003C\/li\u003E\n\u003Cli\u003ESprawy r\u00f3\u017cne.\u003C\/li\u003E\n\u003C\/ol\u003E\n\u003Cp\u003EDecyzj\u0105 Przewodnicz\u0105cej Komisji posiedzenie odb\u0119dzie si\u0119 z wykorzystaniem \u015brodk\u00f3w porozumiewania si\u0119 na odleg\u0142o\u015b\u0107, przy u\u017cyciu programu do wideokonferencji.\u003C\/p\u003E","promotion":false}},{"id":"bf6dbc25-d119-11e7-80a9-005056b46601","type":"Gallery","name":"Galeria","description":"Galeria"},{"id":"bf6e1f6b-d119-11e7-80a9-005056b46601","type":"Attachment","name":"Za\u0142\u0105czniki","description":"Za\u0142\u0105czniki do strony","content":[{"src":"\/resource\/73421\/info_na_komisje_klauzula_informacyjna_rodo.pdf","extension":"PDF","name":"c8c4b90afb9134decce8d23f2e9753b5.pdf","size":"55.9 KB"}]},{"id":"eba03b25-d9a7-11e7-b355-005056b70dba","type":"PageTitle","name":"","description":"Tytu\u0142 strony","content":{"title":"Posiedzenie komisji z dnia 2024-03-22"}},{"id":"eba07701-d9a7-11e7-b355-005056b70dba","type":"PageDescription","name":"","description":"Zajawka strony","content":[]},{"id":"1b1a7940-ff78-11e7-b81e-005056b7801d","type":"SectionDescription","name":"","description":"Zajawka sekcji","content":[]}]}

dodanie nowego wpisu - porządek posiedzenia Komisji

Urząd Marszałkowski Województwa Śląskiego

Plan posiedzeń komisji

Treść

Treść strony

<p><strong>Piątek godz. 15.00</strong></p>
<p><strong><u>Proponowany porządek posiedzenia: </u></strong></p>
<ol>
<li>Otwarcie posiedzenia, przyjęcie porządku obrad.</li>
<li>Opiniowanie projektu uchwały Sejmiku Województwa Śląskiego w sprawie określenia wymagań, jakie powinien spełniać projekt budżetu obywatelskiego Województwa Śląskiego (druk VI/840).</li>
<li>Opiniowanie projektu uchwały Sejmiku Województwa Śląskiego w sprawie sposobu ustalania wysokości opłat dodatkowych z tytułu przewozu osób, zabranych ze sobą do przewozu rzeczy i zwierząt oraz wysokości opłaty manipulacyjnej w odniesieniu do wojewódzkiego regularnego przewozu osób w transporcie kolejowym (druk VI/842).</li>
<li>Opiniowanie projektu uchwały Sejmiku Województwa Śląskiego w sprawie uchylenia § 2 uchwały Nr I/16/9/2000 Sejmiku Województwa Śląskiego z dnia 10 stycznia 2000 roku w sprawie powołania Regionalnego Ośrodka Polityki Społecznej Województwa Śląskiego z siedzibą w Katowicach (druk VI/844).</li>
<li>Przyjęcie protokołów z poprzednich posiedzeń Komisji.</li>
<li>Sprawy różne.</li>
</ol>
<p>Decyzją Przewodniczącej Komisji posiedzenie odbędzie się z wykorzystaniem środków porozumiewania się na odległość, przy użyciu programu do wideokonferencji.</p>

Załączniki

Załączniki do strony

Tytuł strony
