{"id":57470,"name":"posiedzenie-komisji-z-dnia-2024-12-13","title":"Posiedzenie komisji z dnia 2024-12-13","desc":"","header":"Posiedzenie komisji z dnia 2024-12-13","lead":"","keywords":"","changes":"dodanie nowego wpisu - porz\u0105dek posiedzenia Komisji","menu":"","path":"\/sejmik_wojewodztwa\/komisje_sejmiku\/komisja_statutowo_regulaminowa\/plan_posiedzen\/posiedzenie-komisji-z-dnia-2024-12-13.html","url":"\/sejmik_wojewodztwa\/komisje_sejmiku\/komisja_statutowo_regulaminowa\/plan_posiedzen\/posiedzenie-komisji-z-dnia-2024-12-13.html","infoOwner":"Urz\u0105d Marsza\u0142kowski Wojew\u00f3dztwa \u015al\u0105skiego","dateFirstPublicate":"2024-12-09 13:55:02","dateLastVersionPublicate":"2024-12-09 13:55:02","dateAvailableFrom":"","dateAvailableTo":"","type":"Plan posiedze\u0144 komisji","pageParams":[{"id":"263","name":"Data posiedzenia","description":"Data posiedzenia","value":"2024-12-13"}],"components":[{"id":"bf6d5eba-d119-11e7-80a9-005056b46601","type":"ContentWYSIWYG","name":"Tre\u015b\u0107","description":"Tre\u015b\u0107 strony","content":{"content":"\u003Cp\u003E\u003Cstrong\u003EPi\u0105tek godz. 12.00\u003C\/strong\u003E\u003C\/p\u003E\n\u003Cp\u003E\u003Cstrong\u003E\u003Cu\u003EPROPONOWANY PORZ\u0104DEK POSIEDZENIA: \u003C\/u\u003E\u003C\/strong\u003E\u003C\/p\u003E\n\u003Col\u003E\n\u003Cli\u003EOtwarcie posiedzenia, przyj\u0119cie porz\u0105dku obrad.\u003C\/li\u003E\n\u003Cli\u003EOpiniowanie projektu uchwa\u0142y Sejmiku Wojew\u00f3dztwa \u015al\u0105skiego w sprawie obszaru chronionego krajobrazu \u201ePrze\u0142ajka\u201d (druk VII\/145).\u003C\/li\u003E\n\u003Cli\u003EOpiniowanie projektu uchwa\u0142y Sejmiku Wojew\u00f3dztwa \u015al\u0105skiego w sprawie \u201eZa\u0142\u0119cza\u0144skiego Obszaru Chronionego Krajobrazu\u201d (druk VII\/146).\u003C\/li\u003E\n\u003Cli\u003EOpiniowanie projektu uchwa\u0142y Sejmiku Wojew\u00f3dztwa \u015al\u0105skiego w sprawie Parku Krajobrazowego \u201eStawki\u201d (druk VII\/147).\u003C\/li\u003E\n\u003Cli\u003EPrzyj\u0119cie protoko\u0142\u00f3w z poprzednich posiedze\u0144 Komisji Statutowo-Regulaminowej.\u003C\/li\u003E\n\u003Cli\u003ESprawy r\u00f3\u017cne.\u003C\/li\u003E\n\u003C\/ol\u003E\n\u003Cp\u003EDecyzj\u0105 Przewodnicz\u0105cej Komisji posiedzenie odb\u0119dzie si\u0119 z wykorzystaniem \u015brodk\u00f3w porozumiewania si\u0119 na odleg\u0142o\u015b\u0107, przy u\u017cyciu programu do wideokonferencji.\u003C\/p\u003E\n\u003Cp\u003E\u00a0\u003C\/p\u003E","promotion":false}},{"id":"bf6dbc25-d119-11e7-80a9-005056b46601","type":"Gallery","name":"Galeria","description":"Galeria"},{"id":"bf6e1f6b-d119-11e7-80a9-005056b46601","type":"Attachment","name":"Za\u0142\u0105czniki","description":"Za\u0142\u0105czniki do strony","content":[{"src":"\/resource\/78020\/info_na_komisje_klauzula_informacyjna_rodo.pdf","extension":"PDF","name":"1b48e5fadd489c0b14231a704bfc7f40.pdf","size":"55.9 KB"}]},{"id":"eba03b25-d9a7-11e7-b355-005056b70dba","type":"PageTitle","name":"","description":"Tytu\u0142 strony","content":{"title":"Posiedzenie komisji z dnia 2024-12-13"}},{"id":"eba07701-d9a7-11e7-b355-005056b70dba","type":"PageDescription","name":"","description":"Zajawka strony","content":[]},{"id":"1b1a7940-ff78-11e7-b81e-005056b7801d","type":"SectionDescription","name":"","description":"Zajawka sekcji","content":[]}]}

dodanie nowego wpisu - porządek posiedzenia Komisji

Urząd Marszałkowski Województwa Śląskiego

Plan posiedzeń komisji

Treść

Treść strony

<p><strong>Piątek godz. 12.00</strong></p>
<p><strong><u>PROPONOWANY PORZĄDEK POSIEDZENIA: </u></strong></p>
<ol>
<li>Otwarcie posiedzenia, przyjęcie porządku obrad.</li>
<li>Opiniowanie projektu uchwały Sejmiku Województwa Śląskiego w sprawie obszaru chronionego krajobrazu „Przełajka” (druk VII/145).</li>
<li>Opiniowanie projektu uchwały Sejmiku Województwa Śląskiego w sprawie „Załęczańskiego Obszaru Chronionego Krajobrazu” (druk VII/146).</li>
<li>Opiniowanie projektu uchwały Sejmiku Województwa Śląskiego w sprawie Parku Krajobrazowego „Stawki” (druk VII/147).</li>
<li>Przyjęcie protokołów z poprzednich posiedzeń Komisji Statutowo-Regulaminowej.</li>
<li>Sprawy różne.</li>
</ol>
<p>Decyzją Przewodniczącej Komisji posiedzenie odbędzie się z wykorzystaniem środków porozumiewania się na odległość, przy użyciu programu do wideokonferencji.</p>
<p> </p>

Załączniki

Załączniki do strony

Tytuł strony
