{"id":53868,"name":"radni-vi-kadencji-2018-2024","title":"Radni VI kadencji (2018-2024)","desc":"","header":"Radni VI kadencji (2018-2024)","lead":"","keywords":"","changes":"dodanie nowego wpisu w zw. z zako\u0144czeniem VI kadencji Sejmiku","menu":"Radni VI kadencji (2018-2024)","path":"\/sejmik_wojewodztwa\/radni_poprzednich_kadencji\/radni-vi-kadencji-2018-2024.html","url":"\/sejmik_wojewodztwa\/radni_poprzednich_kadencji\/radni-vi-kadencji-2018-2024.html","infoOwner":"Urz\u0105d Marsza\u0142kowski Wojew\u00f3dztwa \u015al\u0105skiego","dateFirstPublicate":"2024-05-09 13:58:50","dateLastVersionPublicate":"2024-05-09 13:58:50","dateAvailableFrom":"","dateAvailableTo":"","type":"Zwyk\u0142a","pageParams":[],"components":[{"id":"bf6d5eba-d119-11e7-80a9-005056b46601","type":"ContentWYSIWYG","name":"Tre\u015b\u0107","description":"Tre\u015b\u0107 strony","content":{"content":"\u003Cul style=\u0022box-sizing: border-box; margin-top: 0px; margin-bottom: 20px; color: #555555; font-family: Arial, sans-serif; font-size: 14px; font-style: normal; font-variant-ligatures: normal; font-variant-caps: normal; font-weight: 400; letter-spacing: normal; orphans: 2; text-align: start; text-indent: 0px; text-transform: none; widows: 2; word-spacing: 0px; -webkit-text-stroke-width: 0px; white-space: normal; background-color: #ffffff; text-decoration-thickness: initial; text-decoration-style: initial; text-decoration-color: initial;\u0022\u003E\n\u003Cli style=\u0022box-sizing: border-box; margin-bottom: 10px;\u0022\u003EBaczy\u0144ska Jadwiga\u003C\/li\u003E\n\u003Cli style=\u0022box-sizing: border-box; margin-bottom: 10px;\u0022\u003EBaczy\u0144ski Stanis\u0142aw\u003C\/li\u003E\n\u003Cli style=\u0022box-sizing: border-box; margin-bottom: 10px;\u0022\u003EBalt Marek\u003C\/li\u003E\n\u003Cli style=\u0022box-sizing: border-box; margin-bottom: 10px;\u0022\u003EBa\u0144ka Piotr\u003C\/li\u003E\n\u003Cli style=\u0022box-sizing: border-box; margin-bottom: 10px;\u0022\u003EBednarz Alina\u003C\/li\u003E\n\u003Cli style=\u0022box-sizing: border-box; margin-bottom: 10px;\u0022\u003EBieda Halina\u003C\/li\u003E\n\u003Cli style=\u0022box-sizing: border-box; margin-bottom: 10px;\u0022\u003EBiegun Agnieszka\u003C\/li\u003E\n\u003Cli style=\u0022box-sizing: border-box; margin-bottom: 10px;\u0022\u003EBieniek Marek\u003C\/li\u003E\n\u003Cli style=\u0022box-sizing: border-box; margin-bottom: 10px;\u0022\u003ECaban Renata\u003C\/li\u003E\n\u003Cli style=\u0022box-sizing: border-box; margin-bottom: 10px;\u0022\u003EChe\u0142stowski Jakub\u003C\/li\u003E\n\u003Cli style=\u0022box-sizing: border-box; margin-bottom: 10px;\u0022\u003EChrobok Barbara\u003C\/li\u003E\n\u003Cli style=\u0022box-sizing: border-box; margin-bottom: 10px;\u0022\u003ECie\u015blar-Kwoka Magdalena\u003C\/li\u003E\n\u003Cli style=\u0022box-sizing: border-box; margin-bottom: 10px;\u0022\u003ECzarnynoga Piotr\u003C\/li\u003E\n\u003Cli style=\u0022box-sizing: border-box; margin-bottom: 10px;\u0022\u003EEkkert Lucyna\u003C\/li\u003E\n\u003Cli style=\u0022box-sizing: border-box; margin-bottom: 10px;\u0022\u003EGa\u017ca Grzegorz\u003C\/li\u003E\n\u003Cli style=\u0022box-sizing: border-box; margin-bottom: 10px;\u0022\u003EGmitruk Stanis\u0142aw\u003C\/li\u003E\n\u003Cli style=\u0022box-sizing: border-box; margin-bottom: 10px;\u0022\u003EGramatyka Micha\u0142\u003C\/li\u003E\n\u003Cli style=\u0022box-sizing: border-box; margin-bottom: 10px;\u0022\u003EGzik Marek\u003C\/li\u003E\n\u003Cli style=\u0022box-sizing: border-box; margin-bottom: 10px;\u0022\u003EIskanin Dariusz\u003C\/li\u003E\n\u003Cli style=\u0022box-sizing: border-box; margin-bottom: 10px;\u0022\u003EJaszczuk Stanis\u0142aw\u003C\/li\u003E\n\u003Cli style=\u0022box-sizing: border-box; margin-bottom: 10px;\u0022\u003EJelonek Iwona \u00a0\u003C\/li\u003E\n\u003Cli style=\u0022box-sizing: border-box; margin-bottom: 10px;\u0022\u003EKa\u0142u\u017ca Wojciech\u003C\/li\u003E\n\u003Cli style=\u0022box-sizing: border-box; margin-bottom: 10px;\u0022\u003EKandziora Rafa\u0142\u003C\/li\u003E\n\u003Cli style=\u0022box-sizing: border-box; margin-bottom: 10px;\u0022\u003EKawulok Jan\u003C\/li\u003E\n\u003Cli style=\u0022box-sizing: border-box; margin-bottom: 10px;\u0022\u003EKloc-Kondracka Julia\u003C\/li\u003E\n\u003Cli style=\u0022box-sizing: border-box; margin-bottom: 10px;\u0022\u003EKocik Beata\u003C\/li\u003E\n\u003Cli style=\u0022box-sizing: border-box; margin-bottom: 10px;\u0022\u003EKolon Maciej\u003C\/li\u003E\n\u003Cli style=\u0022box-sizing: border-box; margin-bottom: 10px;\u0022\u003EKomor Klaudiusz\u003C\/li\u003E\n\u003Cli style=\u0022box-sizing: border-box; margin-bottom: 10px;\u0022\u003EKonieczny Wojciech\u003C\/li\u003E\n\u003Cli style=\u0022box-sizing: border-box; margin-bottom: 10px;\u0022\u003EKonieczny-Simela Dorota\u003C\/li\u003E\n\u003Cli style=\u0022box-sizing: border-box; margin-bottom: 10px;\u0022\u003EKopel Marek\u003C\/li\u003E\n\u003Cli style=\u0022box-sizing: border-box; margin-bottom: 10px;\u0022\u003EKoszutska Urszula\u003C\/li\u003E\n\u003Cli style=\u0022box-sizing: border-box; margin-bottom: 10px;\u0022\u003EKowalski Bart\u0142omiej\u003C\/li\u003E\n\u003Cli style=\u0022box-sizing: border-box; margin-bottom: 10px;\u0022\u003EKozik Marcin\u003C\/li\u003E\n\u003Cli style=\u0022box-sizing: border-box; margin-bottom: 10px;\u0022\u003EKubica J\u00f3zef\u003C\/li\u003E\n\u003Cli style=\u0022box-sizing: border-box; margin-bottom: 10px;\u0022\u003E\u0141acna Gabriela\u003C\/li\u003E\n\u003Cli style=\u0022box-sizing: border-box; margin-bottom: 10px;\u0022\u003EMa\u015blanka Hubert\u003C\/li\u003E\n\u003Cli style=\u0022box-sizing: border-box; margin-bottom: 10px;\u0022\u003EMaterla Maria\u003C\/li\u003E\n\u003Cli style=\u0022box-sizing: border-box; margin-bottom: 10px;\u0022\u003EMazur Miros\u0142aw\u003C\/li\u003E\n\u003Cli style=\u0022box-sizing: border-box; margin-bottom: 10px;\u0022\u003EMolin Andrzej\u003C\/li\u003E\n\u003Cli style=\u0022box-sizing: border-box; margin-bottom: 10px;\u0022\u003ENierych\u0142o Ewa\u003C\/li\u003E\n\u003Cli style=\u0022box-sizing: border-box; margin-bottom: 10px;\u0022\u003ENowak Alina\u003C\/li\u003E\n\u003Cli style=\u0022box-sizing: border-box; margin-bottom: 10px;\u0022\u003EOgo\u0144czyk Mariusz\u003C\/li\u003E\n\u003Cli style=\u0022box-sizing: border-box; margin-bottom: 10px;\u0022\u003EPorc Rafa\u0142\u003C\/li\u003E\n\u003Cli style=\u0022box-sizing: border-box; margin-bottom: 10px;\u0022\u003EPrzedpe\u0142ski Zbigniew\u003C\/li\u003E\n\u003Cli style=\u0022box-sizing: border-box; margin-bottom: 10px;\u0022\u003ESalwierak Marta\u003C\/li\u003E\n\u003Cli style=\u0022box-sizing: border-box; margin-bottom: 10px;\u0022\u003ESa\u0142uga Wojciech\u003C\/li\u003E\n\u003Cli style=\u0022box-sizing: border-box; margin-bottom: 10px;\u0022\u003ESiedlaczek Henryk\u003C\/li\u003E\n\u003Cli style=\u0022box-sizing: border-box; margin-bottom: 10px;\u0022\u003ES\u0142awek Tadeusz\u003C\/li\u003E\n\u003Cli style=\u0022box-sizing: border-box; margin-bottom: 10px;\u0022\u003EStachowicz Katarzyna\u003C\/li\u003E\n\u003Cli style=\u0022box-sizing: border-box; margin-bottom: 10px;\u0022\u003ESzcz\u0119sny Jaros\u0142aw\u003C\/li\u003E\n\u003Cli style=\u0022box-sizing: border-box; margin-bottom: 10px;\u0022\u003E\u015awierkocki Jacek\u003C\/li\u003E\n\u003Cli style=\u0022box-sizing: border-box; margin-bottom: 10px;\u0022\u003EWolnik Grzegorz\u003C\/li\u003E\n\u003Cli style=\u0022box-sizing: border-box; margin-bottom: 10px;\u0022\u003EWo\u015b Micha\u0142\u003C\/li\u003E\n\u003Cli style=\u0022box-sizing: border-box; margin-bottom: 10px;\u0022\u003EWydra Przemys\u0142aw\u003C\/li\u003E\n\u003Cli style=\u0022box-sizing: border-box; margin-bottom: 10px;\u0022\u003EZarychta-Sur\u00f3wka Ma\u0142gorzata\u003C\/li\u003E\n\u003Cli style=\u0022box-sizing: border-box; margin-bottom: 10px;\u0022\u003E\u017bak Ewa\u003C\/li\u003E\n\u003C\/ul\u003E","promotion":false}},{"id":"bf6dbc25-d119-11e7-80a9-005056b46601","type":"Gallery","name":"Galeria","description":"Galeria"},{"id":"bf6e1f6b-d119-11e7-80a9-005056b46601","type":"Attachment","name":"Za\u0142\u0105czniki","description":"Za\u0142\u0105czniki do strony"},{"id":"eba03b25-d9a7-11e7-b355-005056b70dba","type":"PageTitle","name":"","description":"Tytu\u0142 strony","content":{"title":"Radni VI kadencji (2018-2024)"}},{"id":"eba07701-d9a7-11e7-b355-005056b70dba","type":"PageDescription","name":"","description":"Zajawka strony","content":[]},{"id":"1b1a7940-ff78-11e7-b81e-005056b7801d","type":"SectionDescription","name":"","description":"Zajawka sekcji","content":[]}]}

dodanie nowego wpisu w zw. z zakończeniem VI kadencji Sejmiku

Urząd Marszałkowski Województwa Śląskiego

Zwykła

Treść

Treść strony

<ul style="box-sizing: border-box; margin-top: 0px; margin-bottom: 20px; color: #555555; font-family: Arial, sans-serif; font-size: 14px; font-style: normal; font-variant-ligatures: normal; font-variant-caps: normal; font-weight: 400; letter-spacing: normal; orphans: 2; text-align: start; text-indent: 0px; text-transform: none; widows: 2; word-spacing: 0px; -webkit-text-stroke-width: 0px; white-space: normal; background-color: #ffffff; text-decoration-thickness: initial; text-decoration-style: initial; text-decoration-color: initial;">
<li style="box-sizing: border-box; margin-bottom: 10px;">Baczyńska Jadwiga</li>
<li style="box-sizing: border-box; margin-bottom: 10px;">Baczyński Stanisław</li>
<li style="box-sizing: border-box; margin-bottom: 10px;">Balt Marek</li>
<li style="box-sizing: border-box; margin-bottom: 10px;">Bańka Piotr</li>
<li style="box-sizing: border-box; margin-bottom: 10px;">Bednarz Alina</li>
<li style="box-sizing: border-box; margin-bottom: 10px;">Bieda Halina</li>
<li style="box-sizing: border-box; margin-bottom: 10px;">Biegun Agnieszka</li>
<li style="box-sizing: border-box; margin-bottom: 10px;">Bieniek Marek</li>
<li style="box-sizing: border-box; margin-bottom: 10px;">Caban Renata</li>
<li style="box-sizing: border-box; margin-bottom: 10px;">Chełstowski Jakub</li>
<li style="box-sizing: border-box; margin-bottom: 10px;">Chrobok Barbara</li>
<li style="box-sizing: border-box; margin-bottom: 10px;">Cieślar-Kwoka Magdalena</li>
<li style="box-sizing: border-box; margin-bottom: 10px;">Czarnynoga Piotr</li>
<li style="box-sizing: border-box; margin-bottom: 10px;">Ekkert Lucyna</li>
<li style="box-sizing: border-box; margin-bottom: 10px;">Gaża Grzegorz</li>
<li style="box-sizing: border-box; margin-bottom: 10px;">Gmitruk Stanisław</li>
<li style="box-sizing: border-box; margin-bottom: 10px;">Gramatyka Michał</li>
<li style="box-sizing: border-box; margin-bottom: 10px;">Gzik Marek</li>
<li style="box-sizing: border-box; margin-bottom: 10px;">Iskanin Dariusz</li>
<li style="box-sizing: border-box; margin-bottom: 10px;">Jaszczuk Stanisław</li>
<li style="box-sizing: border-box; margin-bottom: 10px;">Jelonek Iwona  </li>
<li style="box-sizing: border-box; margin-bottom: 10px;">Kałuża Wojciech</li>
<li style="box-sizing: border-box; margin-bottom: 10px;">Kandziora Rafał</li>
<li style="box-sizing: border-box; margin-bottom: 10px;">Kawulok Jan</li>
<li style="box-sizing: border-box; margin-bottom: 10px;">Kloc-Kondracka Julia</li>
<li style="box-sizing: border-box; margin-bottom: 10px;">Kocik Beata</li>
<li style="box-sizing: border-box; margin-bottom: 10px;">Kolon Maciej</li>
<li style="box-sizing: border-box; margin-bottom: 10px;">Komor Klaudiusz</li>
<li style="box-sizing: border-box; margin-bottom: 10px;">Konieczny Wojciech</li>
<li style="box-sizing: border-box; margin-bottom: 10px;">Konieczny-Simela Dorota</li>
<li style="box-sizing: border-box; margin-bottom: 10px;">Kopel Marek</li>
<li style="box-sizing: border-box; margin-bottom: 10px;">Koszutska Urszula</li>
<li style="box-sizing: border-box; margin-bottom: 10px;">Kowalski Bartłomiej</li>
<li style="box-sizing: border-box; margin-bottom: 10px;">Kozik Marcin</li>
<li style="box-sizing: border-box; margin-bottom: 10px;">Kubica Józef</li>
<li style="box-sizing: border-box; margin-bottom: 10px;">Łacna Gabriela</li>
<li style="box-sizing: border-box; margin-bottom: 10px;">Maślanka Hubert</li>
<li style="box-sizing: border-box; margin-bottom: 10px;">Materla Maria</li>
<li style="box-sizing: border-box; margin-bottom: 10px;">Mazur Mirosław</li>
<li style="box-sizing: border-box; margin-bottom: 10px;">Molin Andrzej</li>
<li style="box-sizing: border-box; margin-bottom: 10px;">Nierychło Ewa</li>
<li style="box-sizing: border-box; margin-bottom: 10px;">Nowak Alina</li>
<li style="box-sizing: border-box; margin-bottom: 10px;">Ogończyk Mariusz</li>
<li style="box-sizing: border-box; margin-bottom: 10px;">Porc Rafał</li>
<li style="box-sizing: border-box; margin-bottom: 10px;">Przedpełski Zbigniew</li>
<li style="box-sizing: border-box; margin-bottom: 10px;">Salwierak Marta</li>
<li style="box-sizing: border-box; margin-bottom: 10px;">Saługa Wojciech</li>
<li style="box-sizing: border-box; margin-bottom: 10px;">Siedlaczek Henryk</li>
<li style="box-sizing: border-box; margin-bottom: 10px;">Sławek Tadeusz</li>
<li style="box-sizing: border-box; margin-bottom: 10px;">Stachowicz Katarzyna</li>
<li style="box-sizing: border-box; margin-bottom: 10px;">Szczęsny Jarosław</li>
<li style="box-sizing: border-box; margin-bottom: 10px;">Świerkocki Jacek</li>
<li style="box-sizing: border-box; margin-bottom: 10px;">Wolnik Grzegorz</li>
<li style="box-sizing: border-box; margin-bottom: 10px;">Woś Michał</li>
<li style="box-sizing: border-box; margin-bottom: 10px;">Wydra Przemysław</li>
<li style="box-sizing: border-box; margin-bottom: 10px;">Zarychta-Surówka Małgorzata</li>
<li style="box-sizing: border-box; margin-bottom: 10px;">Żak Ewa</li>
</ul>

Załączniki

Załączniki do strony

Tytuł strony
