{"id":20713,"name":"interpelacja-nr-int60003033621-z-dnia-2021-08-26","title":"Interpelacja nr INT.6.0003.0336\/21 z dnia 2021-08-26","desc":"","header":"Interpelacja nr INT.6.0003.0336\/21 z dnia 2021-08-26","lead":"Sk\u0142adaj\u0105cy: Radny Sejmiku Wojew\u00f3dztwa \u015al\u0105skiego - Piotr Ba\u0144ka","keywords":"","changes":"aktualizacja wpisu - odpowied\u017a na interpelacj\u0119","menu":"","path":"\/sejmik_wojewodztwa\/radni_sejmiku\/interpelacje\/interpelacja-nr-int60003033621-z-dnia-2021-08-26.html","url":"\/sejmik_wojewodztwa\/radni_sejmiku\/interpelacje\/interpelacja-nr-int60003033621-z-dnia-2021-08-26.html","infoOwner":"Urz\u0105d Marsza\u0142kowski Wojew\u00f3dztwa \u015al\u0105skiego","dateFirstPublicate":"2021-09-21 14:55:59","dateLastVersionPublicate":"2021-09-28 10:30:21","dateAvailableFrom":"","dateAvailableTo":"","type":"Interpelacje","pageParams":[{"id":"19","name":"DATA","description":"Data","value":"2021-08-26"},{"id":"267","name":"Interpelacja nr (sejmik)","description":"Numer","value":"INT.6.0003.0336\/21"},{"id":"300","name":"Interpelacje\/Zapytania\/Wnioski Radnych (Sk\u0142adaj\u0105cy)","description":"Sk\u0142adaj\u0105cy - Radny Sejmiku Wojew\u00f3dztwa \u015al\u0105skiego","value":"57476"},{"id":"301","name":"Interpelacje - podstawa prawna","description":"Podstawa prawna","value":"Dzia\u0142aj\u0105c na podstawie art. 23 ust. 5 i nast. ustawy o samorz\u0105dzie wojew\u00f3dztwa zwracam si\u0119 w nast\u0119puj\u0105cej sprawie:"},{"id":"302","name":"KADENCJE_RADNYCH_INTERPELACJEZAPYTANIA","description":"Numer kadencji","value":"VI"}],"components":[{"id":"bf6d5eba-d119-11e7-80a9-005056b46601","type":"ContentWYSIWYG","name":"Tre\u015b\u0107","description":"Tre\u015b\u0107 strony","content":{"content":"","promotion":false}},{"id":"bf6dbc25-d119-11e7-80a9-005056b46601","type":"Gallery","name":"Galeria","description":"Galeria"},{"id":"bf6e1f6b-d119-11e7-80a9-005056b46601","type":"Attachment","name":"Za\u0142\u0105czniki","description":"Za\u0142\u0105czniki do strony","content":[{"src":"\/resource\/40383\/336_interpelacja_radny+P.+Ba%25C5%2584ka_0336.pdf","extension":"PDF","name":"2418a5ad214e30e3f41e7fec4fec9568.pdf","size":"57.36 KB"},{"src":"\/resource\/40383\/336_odpowied%25C5%25BA_P.+Ba%25C5%2584ka_INT_0336.pdf","extension":"PDF","name":"a7e23ab0a7da8eb68d65a7367b335c7b.pdf","size":"67.74 KB"},{"src":"\/resource\/40383\/336_odpowied%25C5%25BA_radny+P.+Ba%25C5%2584ka_0336-tekst.pdf","extension":"PDF","name":"6d37de9454cc35fdc705823b4b2978fb.pdf","size":"170.54 KB"}]},{"id":"eba03b25-d9a7-11e7-b355-005056b70dba","type":"PageTitle","name":"","description":"Tytu\u0142 strony","content":{"title":"Interpelacja nr INT.6.0003.0336\/21 z dnia 2021-08-26"}},{"id":"eba07701-d9a7-11e7-b355-005056b70dba","type":"PageDescription","name":"","description":"Zajawka strony","content":{"desc":"Sk\u0142adaj\u0105cy: Radny Sejmiku Wojew\u00f3dztwa \u015al\u0105skiego - Piotr Ba\u0144ka"}},{"id":"1b1a7940-ff78-11e7-b81e-005056b7801d","type":"SectionDescription","name":"","description":"Zajawka sekcji","content":[]}]}

Składający: Radny Sejmiku Województwa Śląskiego - Piotr Bańka

aktualizacja wpisu - odpowiedź na interpelację

Urząd Marszałkowski Województwa Śląskiego

Interpelacje/Zapytania/Wnioski Radnych (Składający)

Składający - Radny Sejmiku Województwa Śląskiego

Działając na podstawie art. 23 ust. 5 i nast. ustawy o samorządzie województwa zwracam się w następującej sprawie:

Treść

Treść strony

Załączniki

Załączniki do strony

Tytuł strony
