{"id":29904,"name":"interpelacja-nr-int60003041722-z-dnia-2022-05-23","title":"Interpelacja nr INT.6.0003.0417\/22 z dnia 2022-05-23","desc":"","header":"Interpelacja nr INT.6.0003.0417\/22 z dnia 2022-05-23","lead":"Sk\u0142adaj\u0105ca: Radna Sejmiku Wojew\u00f3dztwa \u015al\u0105skiego - Julia Kloc-Kondracka","keywords":"","changes":"aktualizacja wpisu - uzupe\u0142nienie odpowiedzi na interpelacj\u0119","menu":"","path":"\/sejmik_wojewodztwa\/radni_sejmiku\/interpelacje\/interpelacja-nr-int60003041722-z-dnia-2022-05-23.html","url":"\/sejmik_wojewodztwa\/radni_sejmiku\/interpelacje\/interpelacja-nr-int60003041722-z-dnia-2022-05-23.html","infoOwner":"Urz\u0105d Marsza\u0142kowski Wojew\u00f3dztwa \u015al\u0105skiego","dateFirstPublicate":"2022-05-24 15:40:09","dateLastVersionPublicate":"2022-08-26 15:28:39","dateAvailableFrom":"","dateAvailableTo":"","type":"Interpelacje","pageParams":[{"id":"19","name":"DATA","description":"Data","value":"2022-05-23"},{"id":"267","name":"Interpelacja nr (sejmik)","description":"Numer","value":"INT.6.0003.0417\/22"},{"id":"300","name":"Interpelacje\/Zapytania\/Wnioski Radnych (Sk\u0142adaj\u0105cy)","description":"Sk\u0142adaj\u0105cy - Radny Sejmiku Wojew\u00f3dztwa \u015al\u0105skiego","value":"27164"},{"id":"301","name":"Interpelacje - podstawa prawna","description":"Podstawa prawna","value":"Dzia\u0142aj\u0105c na podstawie art. 23 ust. 5 i nast. ustawy o samorz\u0105dzie wojew\u00f3dztwa zwracam si\u0119 w nast\u0119puj\u0105cej sprawie:"},{"id":"302","name":"KADENCJE_RADNYCH_INTERPELACJEZAPYTANIA","description":"Numer kadencji","value":"VI"}],"components":[{"id":"bf6d5eba-d119-11e7-80a9-005056b46601","type":"ContentWYSIWYG","name":"Tre\u015b\u0107","description":"Tre\u015b\u0107 strony","content":{"content":"","promotion":false}},{"id":"bf6dbc25-d119-11e7-80a9-005056b46601","type":"Gallery","name":"Galeria","description":"Galeria"},{"id":"bf6e1f6b-d119-11e7-80a9-005056b46601","type":"Attachment","name":"Za\u0142\u0105czniki","description":"Za\u0142\u0105czniki do strony","content":[{"src":"\/resource\/49803\/INT.6.0003-0417%2528SW-SE.ZD-00085-22%2529.pdf","extension":"PDF","name":"a0b74e9ec7d4d4faef5173bc1fb4142f.pdf","size":"568.44 KB"},{"src":"\/resource\/49803\/417_odpowied%25C5%25BA_J.+Kloc-Kondracka_INT_0417.pdf","extension":"PDF","name":"ff44a180e2223d048a8b199da2cc4dac.pdf","size":"56.55 KB"},{"src":"\/resource\/49803\/417_odpowied%25C5%25BA_J.+Kloc-Kondracka_INT_0417+t.pdf","extension":"PDF","name":"e25c8e57f4f26fe31992bc53c9de54d5.pdf","size":"38.63 KB"},{"src":"\/resource\/49803\/uzup.+odp+int.+417+pop..pdf","extension":"PDF","name":"bbde3217f787bfe3c3586fcabb82aacb.pdf","size":"247.48 KB"},{"src":"\/resource\/49803\/J.Kloc+-+sygnalizacja+%25C5%259Bwietlna+DW928+Miko%25C5%2582%25C3%25B3w+-+przekazanie+pisma+GDDKiA+t.pdf","extension":"PDF","name":"44df8b2b6cf72d10538af4f3d7b5a8c0.pdf","size":"177.65 KB"}]},{"id":"eba03b25-d9a7-11e7-b355-005056b70dba","type":"PageTitle","name":"","description":"Tytu\u0142 strony","content":{"title":"Interpelacja nr INT.6.0003.0417\/22 z dnia 2022-05-23"}},{"id":"eba07701-d9a7-11e7-b355-005056b70dba","type":"PageDescription","name":"","description":"Zajawka strony","content":{"desc":"Sk\u0142adaj\u0105ca: Radna Sejmiku Wojew\u00f3dztwa \u015al\u0105skiego - Julia Kloc-Kondracka"}},{"id":"1b1a7940-ff78-11e7-b81e-005056b7801d","type":"SectionDescription","name":"","description":"Zajawka sekcji","content":[]}]}

Składająca: Radna Sejmiku Województwa Śląskiego - Julia Kloc-Kondracka

aktualizacja wpisu - uzupełnienie odpowiedzi na interpelację

Urząd Marszałkowski Województwa Śląskiego

Interpelacje/Zapytania/Wnioski Radnych (Składający)

Składający - Radny Sejmiku Województwa Śląskiego

Działając na podstawie art. 23 ust. 5 i nast. ustawy o samorządzie województwa zwracam się w następującej sprawie:

Treść

Treść strony

Załączniki

Załączniki do strony

Tytuł strony
