{"id":60626,"name":"interpelacja-nr-int70003-011725-z-dnia-2025-05-27","title":"Interpelacja nr INT.7.0003-0117\/25 z dnia 2025-05-27","desc":"","header":"Interpelacja nr INT.7.0003-0117\/25 z dnia 2025-05-27","lead":"Sk\u0142adaj\u0105ca: radna Sejmiku Wojew\u00f3dztwa \u015al\u0105skiego - Jadwiga Baczy\u0144ska","keywords":"","changes":"aktualizacja wpisu - odpowied\u017a na interpelacj\u0119","menu":"","path":"\/sejmik_wojewodztwa\/radni_sejmiku\/interpelacje\/interpelacja-nr-int70003-011725-z-dnia-2025-05-27.html","url":"\/sejmik_wojewodztwa\/radni_sejmiku\/interpelacje\/interpelacja-nr-int70003-011725-z-dnia-2025-05-27.html","infoOwner":"Urz\u0105d Marsza\u0142kowski Wojew\u00f3dztwa \u015al\u0105skiego","dateFirstPublicate":"2025-07-02 10:49:51","dateLastVersionPublicate":"2025-07-07 14:20:01","dateAvailableFrom":"","dateAvailableTo":"","type":"Interpelacje","pageParams":[{"id":"19","name":"DATA","description":"Data","value":"2025-05-27"},{"id":"267","name":"Interpelacja nr (sejmik)","description":"Numer","value":"INT.7.0003-0117\/25"},{"id":"300","name":"Interpelacje\/Zapytania\/Wnioski Radnych (Sk\u0142adaj\u0105cy)","description":"Sk\u0142adaj\u0105cy - Radny Sejmiku Wojew\u00f3dztwa \u015al\u0105skiego","value":"56934"},{"id":"301","name":"Interpelacje - podstawa prawna","description":"Podstawa prawna","value":"Dzia\u0142aj\u0105c na podstawie art. 23 ust. 5 i nast. ustawy o samorz\u0105dzie wojew\u00f3dztwa zwracam si\u0119 w nast\u0119puj\u0105cej sprawie:"},{"id":"302","name":"KADENCJE_RADNYCH_INTERPELACJEZAPYTANIA","description":"Numer kadencji","value":"VII"}],"components":[{"id":"bf6d5eba-d119-11e7-80a9-005056b46601","type":"ContentWYSIWYG","name":"Tre\u015b\u0107","description":"Tre\u015b\u0107 strony","content":{"content":"","promotion":false}},{"id":"bf6dbc25-d119-11e7-80a9-005056b46601","type":"Gallery","name":"Galeria","description":"Galeria"},{"id":"bf6e1f6b-d119-11e7-80a9-005056b46601","type":"Attachment","name":"Za\u0142\u0105czniki","description":"Za\u0142\u0105czniki do strony","content":[{"src":"\/resource\/81290\/117_interpelacja_radna+J.+Baczy%25C5%2584ska_0117_pp.pdf","extension":"PDF","name":"8c644d8865bdbe6e803929e14e147979.pdf","size":"2.71 MB"},{"src":"\/resource\/81290\/117_odpowied%25C5%25BA_J.+Baczy%25C5%2584ska_INT.7_0117+p.pdf","extension":"PDF","name":"62d61e3a1fbb64d2d0ade55d0ac5087d.pdf","size":"1.09 MB"},{"src":"\/resource\/81290\/117_odpowied%25C5%25BA_J.+Baczy%25C5%2584ska_INT.7_0117+t.pdf","extension":"PDF","name":"9226016590cb24d049e9af95d1c8289b.pdf","size":"428.59 KB"}]},{"id":"eba03b25-d9a7-11e7-b355-005056b70dba","type":"PageTitle","name":"","description":"Tytu\u0142 strony","content":{"title":"Interpelacja nr INT.7.0003-0117\/25 z dnia 2025-05-27"}},{"id":"eba07701-d9a7-11e7-b355-005056b70dba","type":"PageDescription","name":"","description":"Zajawka strony","content":{"desc":"Sk\u0142adaj\u0105ca: radna Sejmiku Wojew\u00f3dztwa \u015al\u0105skiego - Jadwiga Baczy\u0144ska"}},{"id":"1b1a7940-ff78-11e7-b81e-005056b7801d","type":"SectionDescription","name":"","description":"Zajawka sekcji","content":[]}]}

Składająca: radna Sejmiku Województwa Śląskiego - Jadwiga Baczyńska

aktualizacja wpisu - odpowiedź na interpelację

Urząd Marszałkowski Województwa Śląskiego

Interpelacje/Zapytania/Wnioski Radnych (Składający)

Składający - Radny Sejmiku Województwa Śląskiego

Działając na podstawie art. 23 ust. 5 i nast. ustawy o samorządzie województwa zwracam się w następującej sprawie:

Treść

Treść strony

Załączniki

Załączniki do strony

Tytuł strony
