{"id":60697,"name":"interpelacja-nr-int70003-012125-z-dnia-2025-07-03","title":"Interpelacja nr INT.7.0003-0121\/25 z dnia 2025-07-03","desc":"","header":"Interpelacja nr INT.7.0003-0121\/25 z dnia 2025-07-03","lead":"Sk\u0142adaj\u0105cy: radny Sejmiku Wojew\u00f3dztwa \u015al\u0105skiego - Stanis\u0142aw Gmitruk","keywords":"","changes":"aktualizacja wpisu - odpowied\u017a na interpelacj\u0119","menu":"","path":"\/sejmik_wojewodztwa\/radni_sejmiku\/interpelacje\/interpelacja-nr-int70003-012125-z-dnia-2025-07-03.html","url":"\/sejmik_wojewodztwa\/radni_sejmiku\/interpelacje\/interpelacja-nr-int70003-012125-z-dnia-2025-07-03.html","infoOwner":"Urz\u0105d Marsza\u0142kowski Wojew\u00f3dztwa \u015al\u0105skiego","dateFirstPublicate":"2025-07-07 11:42:06","dateLastVersionPublicate":"2025-07-15 14:24:06","dateAvailableFrom":"","dateAvailableTo":"","type":"Interpelacje","pageParams":[{"id":"19","name":"DATA","description":"Data","value":"2025-07-03"},{"id":"267","name":"Interpelacja nr (sejmik)","description":"Numer","value":"INT.7.0003-0121\/25"},{"id":"300","name":"Interpelacje\/Zapytania\/Wnioski Radnych (Sk\u0142adaj\u0105cy)","description":"Sk\u0142adaj\u0105cy - Radny Sejmiku Wojew\u00f3dztwa \u015al\u0105skiego","value":"27152"},{"id":"301","name":"Interpelacje - podstawa prawna","description":"Podstawa prawna","value":"Dzia\u0142aj\u0105c na podstawie art. 23 ust. 5 i nast. ustawy o samorz\u0105dzie wojew\u00f3dztwa zwracam si\u0119 w nast\u0119puj\u0105cej sprawie:"},{"id":"302","name":"KADENCJE_RADNYCH_INTERPELACJEZAPYTANIA","description":"Numer kadencji","value":"VII"}],"components":[{"id":"bf6d5eba-d119-11e7-80a9-005056b46601","type":"ContentWYSIWYG","name":"Tre\u015b\u0107","description":"Tre\u015b\u0107 strony","content":{"content":"","promotion":false}},{"id":"bf6dbc25-d119-11e7-80a9-005056b46601","type":"Gallery","name":"Galeria","description":"Galeria"},{"id":"bf6e1f6b-d119-11e7-80a9-005056b46601","type":"Attachment","name":"Za\u0142\u0105czniki","description":"Za\u0142\u0105czniki do strony","content":[{"src":"\/resource\/81369\/121_interpelacja_radny+S.+Gmitruk_0121.pdf","extension":"PDF","name":"162e81b0ca4680fbdfc13cc12981e6e3.pdf","size":"63.86 KB"},{"src":"\/resource\/81369\/121_odpowied%25C5%25BA_S.+Gmitruk_INT.7_0121+p.pdf","extension":"PDF","name":"87ac6e094ca2e1dbb68a3e6beb8f86bc.pdf","size":"903.53 KB"},{"src":"\/resource\/81369\/121_odpowied%25C5%25BA_S.+Gmitruk_INT_0121+t.pdf","extension":"PDF","name":"516d1c4f50276e4eb8aadfdb095fa1ad.pdf","size":"257.56 KB"}]},{"id":"eba03b25-d9a7-11e7-b355-005056b70dba","type":"PageTitle","name":"","description":"Tytu\u0142 strony","content":{"title":"Interpelacja nr INT.7.0003-0121\/25 z dnia 2025-07-03"}},{"id":"eba07701-d9a7-11e7-b355-005056b70dba","type":"PageDescription","name":"","description":"Zajawka strony","content":{"desc":"Sk\u0142adaj\u0105cy: radny Sejmiku Wojew\u00f3dztwa \u015al\u0105skiego - Stanis\u0142aw Gmitruk"}},{"id":"1b1a7940-ff78-11e7-b81e-005056b7801d","type":"SectionDescription","name":"","description":"Zajawka sekcji","content":[]}]}

Składający: radny Sejmiku Województwa Śląskiego - Stanisław Gmitruk

aktualizacja wpisu - odpowiedź na interpelację

Urząd Marszałkowski Województwa Śląskiego

Interpelacje/Zapytania/Wnioski Radnych (Składający)

Składający - Radny Sejmiku Województwa Śląskiego

Działając na podstawie art. 23 ust. 5 i nast. ustawy o samorządzie województwa zwracam się w następującej sprawie:

Treść

Treść strony

Załączniki

Załączniki do strony

Tytuł strony
