{"id":161963,"name":"interpelacja-nr-int70003-019926-z-dnia-2026-02-23","title":"Interpelacja nr INT.7.0003-0199\/26 z dnia 2026-02-23","desc":"","header":"Interpelacja nr INT.7.0003-0199\/26 z dnia 2026-02-23","lead":"sk\u0142adaj\u0105cy: radni Sejmiku Wojew\u00f3dztwa \u015al\u0105skiego - Ewa Chmielorz i Grzegorz Wolnik\u003Cbr \/\u003Ew sprawie: udost\u0119pnienia radnym sejmiku tablet\u00f3w na ca\u0142y okres sprawowania mandatu oraz pe\u0142nej cyfryzacji dokument\u00f3w w systemie e-Sesja","keywords":"","changes":"aktualizacja wpisu - odpowied\u017a na interpelacj\u0119","menu":"","path":"\/sejmik_wojewodztwa\/radni_sejmiku\/interpelacje\/interpelacja-nr-int70003-019926-z-dnia-2026-02-23.html","url":"\/sejmik_wojewodztwa\/radni_sejmiku\/interpelacje\/interpelacja-nr-int70003-019926-z-dnia-2026-02-23.html","infoOwner":"Urz\u0105d Marsza\u0142kowski Wojew\u00f3dztwa \u015al\u0105skiego","dateFirstPublicate":"2026-03-04 10:31:50","dateLastVersionPublicate":"2026-03-11 12:11:17","dateAvailableFrom":"","dateAvailableTo":"","type":"Interpelacje","pageParams":[{"id":"19","name":"DATA","description":"Data","value":"2026-02-23"},{"id":"267","name":"Interpelacja nr (sejmik)","description":"Numer","value":"INT.7.0003-0199\/26"},{"id":"300","name":"Interpelacje\/Zapytania\/Wnioski Radnych (Sk\u0142adaj\u0105cy)","description":"Sk\u0142adaj\u0105cy - Radny Sejmiku Wojew\u00f3dztwa \u015al\u0105skiego","value":"65859"},{"id":"301","name":"Interpelacje - podstawa prawna","description":"Podstawa prawna","value":"Dzia\u0142aj\u0105c na podstawie art. 23 ust. 5 i nast. ustawy o samorz\u0105dzie wojew\u00f3dztwa zwracam si\u0119 w nast\u0119puj\u0105cej sprawie:"},{"id":"302","name":"KADENCJE_RADNYCH_INTERPELACJEZAPYTANIA","description":"Numer kadencji","value":"VII"}],"components":[{"id":"bf6d5eba-d119-11e7-80a9-005056b46601","type":"ContentWYSIWYG","name":"Tre\u015b\u0107","description":"Tre\u015b\u0107 strony","content":{"content":"","promotion":false}},{"id":"bf6dbc25-d119-11e7-80a9-005056b46601","type":"Gallery","name":"Galeria","description":"Galeria"},{"id":"bf6e1f6b-d119-11e7-80a9-005056b46601","type":"Attachment","name":"Za\u0142\u0105czniki","description":"Za\u0142\u0105czniki do strony","content":[{"src":"\/resource\/236297\/199_interpelacja_radni_E.+Chmielorz_G.+Wolnik_0199.pdf","extension":"PDF","name":"c7752d71f042fc247fa304d063a37a0f.pdf","size":"83.11 KB"},{"src":"\/resource\/236297\/199_odpowied%25C5%25BA_INT.7_0199+p.pdf","extension":"PDF","name":"cd7f95a273c4d61b096ef35fc2a171a2.pdf","size":"188.61 KB"},{"src":"\/resource\/236297\/199_odpowied%25C5%25BA_INT_0199+t.pdf","extension":"PDF","name":"3f2647431f6c8c035c3f4f7dfacde33a.pdf","size":"141.53 KB"}]},{"id":"eba03b25-d9a7-11e7-b355-005056b70dba","type":"PageTitle","name":"","description":"Tytu\u0142 strony","content":{"title":"Interpelacja nr INT.7.0003-0199\/26 z dnia 2026-02-23"}},{"id":"eba07701-d9a7-11e7-b355-005056b70dba","type":"PageDescription","name":"","description":"Zajawka strony","content":{"desc":"sk\u0142adaj\u0105cy: radni Sejmiku Wojew\u00f3dztwa \u015al\u0105skiego - Ewa Chmielorz i Grzegorz Wolnik\u003Cbr \/\u003Ew sprawie: udost\u0119pnienia radnym sejmiku tablet\u00f3w na ca\u0142y okres sprawowania mandatu oraz pe\u0142nej cyfryzacji dokument\u00f3w w systemie e-Sesja"}},{"id":"1b1a7940-ff78-11e7-b81e-005056b7801d","type":"SectionDescription","name":"","description":"Zajawka sekcji","content":[]}]}

składający: radni Sejmiku Województwa Śląskiego - Ewa Chmielorz i Grzegorz Wolnik<br />w sprawie: udostępnienia radnym sejmiku tabletów na cały okres sprawowania mandatu oraz pełnej cyfryzacji dokumentów w systemie e-Sesja

aktualizacja wpisu - odpowiedź na interpelację

Urząd Marszałkowski Województwa Śląskiego

Interpelacje/Zapytania/Wnioski Radnych (Składający)

Składający - Radny Sejmiku Województwa Śląskiego

Działając na podstawie art. 23 ust. 5 i nast. ustawy o samorządzie województwa zwracam się w następującej sprawie:

Treść

Treść strony

Załączniki

Załączniki do strony

Tytuł strony
