{"id":1186,"name":"radni-niezalezni","title":"Radni niezrzeszeni","desc":"","header":"Radni niezrzeszeni","lead":"","keywords":"","changes":"aktualizacja wpisu w zwi\u0105zku z o\u015bwiadczeniami klub\u00f3w radnych VII kadencji","menu":"","path":"\/sejmik_wojewodztwa\/radni_sejmiku\/kluby_radnych\/radni-niezalezni.html","url":"\/sejmik_wojewodztwa\/radni_sejmiku\/kluby_radnych\/radni-niezalezni.html","infoOwner":"Urz\u0105d Marsza\u0142kowski Wojew\u00f3dztwa \u015al\u0105skiego","dateFirstPublicate":"2018-12-05 11:52:01","dateLastVersionPublicate":"2024-09-06 14:38:51","dateAvailableFrom":"","dateAvailableTo":"","type":"Zwyk\u0142a","pageParams":[],"components":[{"id":"6b835e6b-59b6-493f-8431-3eedaa3e4e39","type":"ContentWYSIWYG","name":"Tre\u015b\u0107","description":"Tre\u015b\u0107 strony","content":{"content":"\u003Cul\u003E\n\u003Cli\u003ERafa\u0142 Adamczyk\u003C\/li\u003E\n\u003Cli\u003EEwelina Balt\u003C\/li\u003E\n\u003Cli\u003EJacek Jarco\u003C\/li\u003E\n\u003Cli\u003EAleksandra Poloczek\u003C\/li\u003E\n\u003C\/ul\u003E","promotion":false}},{"id":"f63071a9-09dc-4012-8cce-b3cf724aef0f","type":"Gallery","name":"Galeria","description":"Galeria"},{"id":"f8898214-fd0e-4b99-9503-4c7d14dcff0f","type":"Attachment","name":"Za\u0142\u0105czniki","description":"Za\u0142\u0105czniki do strony"},{"id":"d30eb9af-40c3-4af2-870f-5f79386e1384","type":"PageTitle","name":"","description":"Tytu\u0142 strony","content":{"title":"Radni niezrzeszeni"}},{"id":"35511207-2200-11e8-b81e-005056b7801d","type":"SectionDescription","name":"","description":"Zajawka sekcji","content":[]}]}

aktualizacja wpisu w związku z oświadczeniami klubów radnych VII kadencji

Urząd Marszałkowski Województwa Śląskiego

Zwykła

Treść

Treść strony

<ul>
<li>Rafał Adamczyk</li>
<li>Ewelina Balt</li>
<li>Jacek Jarco</li>
<li>Aleksandra Poloczek</li>
</ul>

Załączniki

Załączniki do strony

Tytuł strony
