{"id":164320,"name":"sesja-nr-viixxvi2026-posiedzenie-nr-1-z-dnia-2026-05-08","title":"Sesja nr VII\/XXVI\/2026 posiedzenie nr 1 z dnia 2026-05-08","desc":"","header":"Sesja nr VII\/XXVI\/2026 posiedzenie nr 1 z dnia 2026-05-08","lead":"","keywords":"","changes":"dodanie nowego wpisu - terminu sesji w zwi\u0105zku ze zwo\u0142aniem sesji na podstawie art. 21 ust. 1 ustawy o samorz\u0105dzie wojew\u00f3dztwa, zamieszczenie porz\u0105dku obrad","menu":"","path":"\/sejmik_wojewodztwa\/sesje_sejmiku\/harmonogram\/sesja-nr-viixxvi2026-posiedzenie-nr-1-z-dnia-2026-05-08.html","url":"\/sejmik_wojewodztwa\/sesje_sejmiku\/harmonogram\/sesja-nr-viixxvi2026-posiedzenie-nr-1-z-dnia-2026-05-08.html","infoOwner":"Urz\u0105d Marsza\u0142kowski Wojew\u00f3dztwa \u015al\u0105skiego","dateFirstPublicate":"2026-04-27 13:43:33","dateLastVersionPublicate":"2026-04-27 13:43:33","dateAvailableFrom":"","dateAvailableTo":"","type":"Harmonogram sesji Sejmiku","pageParams":[{"id":"270","name":"NUMER_SESJI","description":"Numer sesji","value":"VII\/XXVI\/2026"},{"id":"271","name":"Numer posiedzenia","description":"Numer posiedzenia","value":"1"},{"id":"263","name":"Data posiedzenia","description":"Data posiedzenia","value":"2026-05-08"},{"id":"231","name":"Numer kadencji","description":"Numer kadencji","value":"65787"},{"id":"269","name":"Przewodnicz\u0105cy Sejmiku","description":"Przewodnicz\u0105cy Sejmiku","value":"Jacek Jarco"}],"components":[{"id":"bf6d5eba-d119-11e7-80a9-005056b46601","type":"ContentWYSIWYG","name":"Tre\u015b\u0107","description":"Tre\u015b\u0107 strony","content":{"content":"","promotion":false}},{"id":"bf6dbc25-d119-11e7-80a9-005056b46601","type":"Gallery","name":"Galeria","description":"Galeria"},{"id":"bf6e1f6b-d119-11e7-80a9-005056b46601","type":"Attachment","name":"Za\u0142\u0105czniki","description":"Za\u0142\u0105czniki do strony","content":[{"src":"\/resource\/238729\/1_PORZ%25C4%2584DEK++OBRAD+XXVI+SESJI_VII+KADENCJI.pdf","extension":"PDF","name":"a261362a65a75ebade753b138c9590b6.pdf","size":"87.75 KB"},{"src":"\/resource\/238729\/info_na_sesje_klauzula_informacyjna_rodo_sod.pdf","extension":"PDF","name":"f0fa843c5e23b7041d11ff199a98f1da.pdf","size":"56.96 KB"}]},{"id":"eba03b25-d9a7-11e7-b355-005056b70dba","type":"PageTitle","name":"","description":"Tytu\u0142 strony","content":{"title":"Sesja nr VII\/XXVI\/2026 posiedzenie nr 1 z dnia 2026-05-08"}},{"id":"eba07701-d9a7-11e7-b355-005056b70dba","type":"PageDescription","name":"","description":"Zajawka strony","content":[]},{"id":"1b1a7940-ff78-11e7-b81e-005056b7801d","type":"SectionDescription","name":"","description":"Zajawka sekcji","content":[]}]}

dodanie nowego wpisu - terminu sesji w związku ze zwołaniem sesji na podstawie art. 21 ust. 1 ustawy o samorządzie województwa, zamieszczenie porządku obrad

Urząd Marszałkowski Województwa Śląskiego

Przewodniczący Sejmiku

Treść

Treść strony

Załączniki

Załączniki do strony

Tytuł strony
