{"id":26396,"name":"uchwala-sejmiku-nr-27-10-2004-102201-z-dnia-2004-10-18","title":"Uchwa\u0142a Sejmiku nr II\/26\/8\/2004 z dnia 2004-10-18","desc":"","header":"Uchwa\u0142a Sejmiku nr II\/26\/8\/2004 z dnia 2004-10-18","lead":"","keywords":"","changes":"migracja danych (zmiana daty)","menu":"","path":"\/sejmik_wojewodztwa\/sesje_sejmiku\/uchwaly\/uchwala-sejmiku-nr-27-10-2004-102201-z-dnia-2004-10-18.html","url":"\/sejmik_wojewodztwa\/sesje_sejmiku\/uchwaly\/uchwala-sejmiku-nr-27-10-2004-102201-z-dnia-2004-10-18.html","infoOwner":"Urz\u0105d Marsza\u0142kowski Wojew\u00f3dztwa \u015al\u0105skiego","dateFirstPublicate":"2022-02-09 10:01:33","dateLastVersionPublicate":"2022-02-09 10:08:15","dateAvailableFrom":"","dateAvailableTo":"","type":"Uchwa\u0142a Sejmiku","pageParams":[{"id":"225","name":"DATA_OGLOSZENIA","description":"Data og\u0142oszenia","value":"2004-10-18"},{"id":"235","name":"W sprawie","description":"W sprawie","value":"zmiany uchwa\u0142y nr II\/19\/16\/2004 z dnia 19 kwietnia 2004 roku w sprawie okre\u015blenia zada\u0144, na kt\u00f3re Wojew\u00f3dztwo \u015al\u0105skie przeznacza w roku 2004 \u015brodki Pa\u0144stwowego Funduszu Rehabilitacji Os\u00f3b Niepe\u0142nosprawnych"},{"id":"299","name":"NUMER_UCHWALY_SEJMIKU","description":"Numer uchwa\u0142y","value":"II\/26\/08\/2004"}],"components":[{"id":"bf6d5eba-d119-11e7-80a9-005056b46601","type":"ContentWYSIWYG","name":"Tre\u015b\u0107","description":"Tre\u015b\u0107 strony","content":{"content":"\u003Cdiv class=\u0022tresc1\u0022\u003E\n\u003Cdiv class=\u0022lead1\u0022\u003ENa podstawie\u003Cbr \/\u003Eart. 18 pkt 20 ustawy z dnia 5 czerwca 1998 roku o samorz\u0105dzie wojew\u00f3dztwa (t. j. Dz. U. Nr 142 z 2001 roku, poz. 1590 z p\u00f3\u017an. zm.) oraz art. 35 ust. 1 pkt 4), 5), 6) i ust. 2, art. 32, art. 32 a, art. 48 ust. 1 ustawy z dnia 27 sierpnia 1997 roku o rehabilitacji zawodowej i spo\u0142ecznej oraz zatrudnianiu os\u00f3b niepe\u0142nosprawnych (Dz. U. Nr 123 z 1997 roku, poz. 776 z p\u00f3\u017an. zm.)\u003C\/div\u003E\n\u003Cdiv class=\u0022tresc\u0022\u003E\n\u003Cdiv align=\u0022center\u0022\u003E\u003Cb\u003E\u00a7 1 \u003C\/b\u003E\u003C\/div\u003E\n\u003Cp\u003EZmieni\u0107 uchwa\u0142\u0119 nr II\/19\/16\/2004 z dnia 19 kwietnia 2004 roku w sprawie okre\u015blenia zada\u0144, na kt\u00f3re Wojew\u00f3dztwo \u015al\u0105skie przeznacza w roku 2004 \u015brodki Pa\u0144stwowego Funduszu Rehabilitacji Os\u00f3b Niepe\u0142nosprawnych w ten spos\u00f3b, \u017ce:\u003Cbr \/\u003Ew \u00a7 1 ust. 2 kwot\u0119 6.651.520 z\u0142 zast\u0119puje si\u0119 kwot\u0105 1\u003Cb\u003E0.303.113 z\u0142\u003C\/b\u003E (s\u0142ownie: dziesi\u0119\u0107 milion\u00f3w trzysta trzy tysi\u0105ce sto trzyna\u015bcie z\u0142otych).\u003C\/p\u003E\n\u003Cp align=\u0022center\u0022\u003E\u003Cb\u003E\u00a7 2\u003C\/b\u003E\u003C\/p\u003E\n\u003Cp\u003EWykonanie uchwa\u0142y powierzy\u0107 Zarz\u0105dowi Wojew\u00f3dztwa \u015al\u0105skiego.\u003C\/p\u003E\n\u003Cp align=\u0022center\u0022\u003E\u003Cb\u003E\u00a7 3\u003C\/b\u003E\u003C\/p\u003E\n\u003Cp\u003EUchwa\u0142a wchodzi w \u017cycie z dniem podj\u0119cia.\u003C\/p\u003E\n\u003C\/div\u003E\n\u003C\/div\u003E","promotion":false}},{"id":"bf6dbc25-d119-11e7-80a9-005056b46601","type":"Gallery","name":"Galeria","description":"Galeria"},{"id":"bf6e1f6b-d119-11e7-80a9-005056b46601","type":"Attachment","name":"Za\u0142\u0105czniki","description":"Za\u0142\u0105czniki do strony"},{"id":"eba03b25-d9a7-11e7-b355-005056b70dba","type":"PageTitle","name":"","description":"Tytu\u0142 strony","content":{"title":"Uchwa\u0142a Sejmiku nr II\/26\/8\/2004 z dnia 2004-10-18"}},{"id":"eba07701-d9a7-11e7-b355-005056b70dba","type":"PageDescription","name":"","description":"Zajawka strony","content":[]},{"id":"1b1a7940-ff78-11e7-b81e-005056b7801d","type":"SectionDescription","name":"","description":"Zajawka sekcji","content":[]}]}

Uchwała Sejmiku nr II/26/8/2004 z dnia 2004-10-18

Urząd Marszałkowski Województwa Śląskiego

Uchwała Sejmiku

Data ogłoszenia

zmiany uchwały nr II/19/16/2004 z dnia 19 kwietnia 2004 roku w sprawie określenia zadań, na które Województwo Śląskie przeznacza w roku 2004 środki Państwowego Funduszu Rehabilitacji Osób Niepełnosprawnych

Numer uchwały

Treść

Treść strony

<div class="tresc1">
<div class="lead1">Na podstawie<br />art. 18 pkt 20 ustawy z dnia 5 czerwca 1998 roku o samorządzie województwa (t. j. Dz. U. Nr 142 z 2001 roku, poz. 1590 z późn. zm.) oraz art. 35 ust. 1 pkt 4), 5), 6) i ust. 2, art. 32, art. 32 a, art. 48 ust. 1 ustawy z dnia 27 sierpnia 1997 roku o rehabilitacji zawodowej i społecznej oraz zatrudnianiu osób niepełnosprawnych (Dz. U. Nr 123 z 1997 roku, poz. 776 z późn. zm.)</div>
<div class="tresc">
<div align="center"><b>§ 1 </b></div>
<p>Zmienić uchwałę nr II/19/16/2004 z dnia 19 kwietnia 2004 roku w sprawie określenia zadań, na które Województwo Śląskie przeznacza w roku 2004 środki Państwowego Funduszu Rehabilitacji Osób Niepełnosprawnych w ten sposób, że:<br />w § 1 ust. 2 kwotę 6.651.520 zł zastępuje się kwotą 1<b>0.303.113 zł</b> (słownie: dziesięć milionów trzysta trzy tysiące sto trzynaście złotych).</p>
<p align="center"><b>§ 2</b></p>
<p>Wykonanie uchwały powierzyć Zarządowi Województwa Śląskiego.</p>
<p align="center"><b>§ 3</b></p>
<p>Uchwała wchodzi w życie z dniem podjęcia.</p>
</div>
</div>

Załączniki

Załączniki do strony

Tytuł strony
