{"id":28718,"name":"uchwala-sejmiku-nr-i11121999-z-dnia-1999-08-30","title":"Uchwa\u0142a Sejmiku nr I\/11\/12\/1999 z dnia 1999-08-30","desc":"","header":"Uchwa\u0142a Sejmiku nr I\/11\/12\/1999 z dnia 1999-08-30","lead":"","keywords":"","changes":"migracja danych","menu":"","path":"\/sejmik_wojewodztwa\/sesje_sejmiku\/uchwaly\/uchwala-sejmiku-nr-i11121999-z-dnia-1999-08-30.html","url":"\/sejmik_wojewodztwa\/sesje_sejmiku\/uchwaly\/uchwala-sejmiku-nr-i11121999-z-dnia-1999-08-30.html","infoOwner":"Urz\u0105d Marsza\u0142kowski Wojew\u00f3dztwa \u015al\u0105skiego","dateFirstPublicate":"2022-03-31 09:19:43","dateLastVersionPublicate":"2022-03-31 09:19:43","dateAvailableFrom":"","dateAvailableTo":"","type":"Uchwa\u0142a Sejmiku","pageParams":[{"id":"225","name":"DATA_OGLOSZENIA","description":"Data og\u0142oszenia","value":"1999-08-30"},{"id":"235","name":"W sprawie","description":"W sprawie","value":"zmiany uchwa\u0142y w\u0142asnej Nr I\/10\/22\/99 z dnia 19 lipca 1999 roku dotycz\u0105cej powo\u0142ania Rad Spo\u0142ecznych Samodzielnych Publicznych Zak\u0142ad\u00f3w Opieki Zdrowotnej"},{"id":"299","name":"NUMER_UCHWALY_SEJMIKU","description":"Numer uchwa\u0142y","value":"I\/11\/12\/1999"}],"components":[{"id":"bf6d5eba-d119-11e7-80a9-005056b46601","type":"ContentWYSIWYG","name":"Tre\u015b\u0107","description":"Tre\u015b\u0107 strony","content":{"content":"\u003Cdiv class=\u0022lead1\u0022\u003ENa podstawie\u003Cbr \/\u003Eart. 18 pkt. 20\u003Cbr \/\u003E ustawy z dnia 5 czerwca 1998 roku o samorz\u0105dzie wojew\u00f3dztwa\u003Cbr \/\u003E (Dz.U. Nr 91 poz. 576 z p\u00f3\u017an. zm.)\u003Cbr \/\u003E oraz art. 45 ust. 1 i 8 ustawy z dnia 30 sierpnia 1991 roku o Zak\u0142adach Opieki Zdrowotnej\u003Cbr \/\u003E (Dz.U. Nr 91, poz. 408 z p\u00f3\u017an. zm.)\u003Cbr \/\u003E oraz rozporz\u0105dzenia Prezesa Rady Ministr\u00f3w z dnia 11 czerwca 1999 r. zmieniaj\u0105ce rozporz\u0105dzenie w sprawie wykazu Samodzielnych Publicznych Zak\u0142ad\u00f3w Opieki Zdrowotnej oraz jednostek samorz\u0105du terytorialnego w\u0142a\u015bciwych do przyj\u0119cia uprawnie\u0144 organu, kt\u00f3ry je utworzy\u0142\u003Cbr \/\u003E (Dz. U. nr 60, poz. 461)\u003C\/div\u003E\n\u003Cdiv class=\u0022tresc\u0022\u003E\n\u003Cdiv align=\u0022center\u0022\u003E\u00a7 1\u003C\/div\u003E\n\u003Cbr \/\u003E \u003Cbr \/\u003E W uchwale w\u0142asnej Nr I\/10\/22\/99 z dnia 19 lipca 1999 r. doda\u0107 \u00a7 64 o brzmieniu:\u003Cbr \/\u003E \u003Cbr \/\u003E \u0022Powo\u0142a\u0107 Rad\u0119 Spo\u0142eczn\u0105 Samodzielnego Publicznego Zak\u0142adu Opieki Zdrowotnej pod nazw\u0105 Obw\u00f3d Lecznictwa Kolejowego w Gliwicach ul. Opolska 18, 44-100 Gliwice w sk\u0142adzie:\u003Cbr \/\u003E \u003Cbr \/\u003E Przewodnicz\u0105cy Rady:\u0141ukasz \u015amigasiewicz\u003Cbr \/\u003E Przedstawiciel Wojewody:Halina B\u0105k\u003Cbr \/\u003E Przedstawiciele Sejmiku:Zbigniew B\u0142\u0105szczyk\u003Cbr \/\u003EPiotr Wieczorek\u003Cbr \/\u003EJan Krzisz\u003Cbr \/\u003E\u0141ukasz Staszewski\u003Cbr \/\u003ETomasz Dyrda\u003Cbr \/\u003ERyszard Dziadek\u003Cbr \/\u003ETeresa \u015aliwa\u003Cbr \/\u003EJadwiga Poths-Mazurek\u0022\u003Cbr \/\u003E \u003Cbr \/\u003E\n\u003Cdiv align=\u0022center\u0022\u003E\u00a7 2\u003C\/div\u003E\n\u003Cbr \/\u003E \u003Cbr \/\u003E Zmieni\u0107 kolejno\u015b\u0107 paragraf\u00f3w w ten spos\u00f3b, \u017ce w uchwale w\u0142asnej Nr I\/10\/22\/99 z dnia 19 lipca 1999 r.\u003Cbr \/\u003E \u003Cbr \/\u003E - \u00a7 64 staje si\u0119 \u00a7 65\u003Cbr \/\u003E - \u00a7 65 staje si\u0119 \u00a7 66\u003Cbr \/\u003E - \u00a7 66 staje si\u0119 \u00a7 67\u003Cbr \/\u003E \u003Cbr \/\u003E\n\u003Cdiv align=\u0022center\u0022\u003E\u00a7 3\u003C\/div\u003E\n\u003Cbr \/\u003E \u003Cbr \/\u003E Wykonanie uchwa\u0142y powierzy\u0107 Zarz\u0105dowi Wojew\u00f3dztwa \u015al\u0105skiego.\u003Cbr \/\u003E \u003Cbr \/\u003E\n\u003Cdiv align=\u0022center\u0022\u003E\u00a7 4\u003C\/div\u003E\n\u003Cbr \/\u003E \u003Cbr \/\u003E Uchwa\u0142a wchodzi w \u017cycie z dniem podj\u0119cia.\u003Cbr \/\u003E \u003Cbr \/\u003E Ryszard Ostrowski\u003Cbr \/\u003EPrzewodnicz\u0105cy Sejmiku\u003Cbr \/\u003EWojew\u00f3dztwa \u015al\u0105skiego\u003C\/div\u003E","promotion":false}},{"id":"bf6dbc25-d119-11e7-80a9-005056b46601","type":"Gallery","name":"Galeria","description":"Galeria"},{"id":"bf6e1f6b-d119-11e7-80a9-005056b46601","type":"Attachment","name":"Za\u0142\u0105czniki","description":"Za\u0142\u0105czniki do strony"},{"id":"eba03b25-d9a7-11e7-b355-005056b70dba","type":"PageTitle","name":"","description":"Tytu\u0142 strony","content":{"title":"Uchwa\u0142a Sejmiku nr I\/11\/12\/1999 z dnia 1999-08-30"}},{"id":"eba07701-d9a7-11e7-b355-005056b70dba","type":"PageDescription","name":"","description":"Zajawka strony","content":[]},{"id":"1b1a7940-ff78-11e7-b81e-005056b7801d","type":"SectionDescription","name":"","description":"Zajawka sekcji","content":[]}]}

Uchwała Sejmiku nr I/11/12/1999 z dnia 1999-08-30

Urząd Marszałkowski Województwa Śląskiego

Uchwała Sejmiku

Data ogłoszenia

zmiany uchwały własnej Nr I/10/22/99 z dnia 19 lipca 1999 roku dotyczącej powołania Rad Społecznych Samodzielnych Publicznych Zakładów Opieki Zdrowotnej

Numer uchwały

Treść

Treść strony

<div class="lead1">Na podstawie<br />art. 18 pkt. 20<br /> ustawy z dnia 5 czerwca 1998 roku o samorządzie województwa<br /> (Dz.U. Nr 91 poz. 576 z późn. zm.)<br /> oraz art. 45 ust. 1 i 8 ustawy z dnia 30 sierpnia 1991 roku o Zakładach Opieki Zdrowotnej<br /> (Dz.U. Nr 91, poz. 408 z późn. zm.)<br /> oraz rozporządzenia Prezesa Rady Ministrów z dnia 11 czerwca 1999 r. zmieniające rozporządzenie w sprawie wykazu Samodzielnych Publicznych Zakładów Opieki Zdrowotnej oraz jednostek samorządu terytorialnego właściwych do przyjęcia uprawnień organu, który je utworzył<br /> (Dz. U. nr 60, poz. 461)</div>
<div class="tresc">
<div align="center">§ 1</div>
<br /> <br /> W uchwale własnej Nr I/10/22/99 z dnia 19 lipca 1999 r. dodać § 64 o brzmieniu:<br /> <br /> "Powołać Radę Społeczną Samodzielnego Publicznego Zakładu Opieki Zdrowotnej pod nazwą Obwód Lecznictwa Kolejowego w Gliwicach ul. Opolska 18, 44-100 Gliwice w składzie:<br /> <br /> Przewodniczący Rady:Łukasz Śmigasiewicz<br /> Przedstawiciel Wojewody:Halina Bąk<br /> Przedstawiciele Sejmiku:Zbigniew Błąszczyk<br />Piotr Wieczorek<br />Jan Krzisz<br />Łukasz Staszewski<br />Tomasz Dyrda<br />Ryszard Dziadek<br />Teresa Śliwa<br />Jadwiga Poths-Mazurek"<br /> <br />
<div align="center">§ 2</div>
<br /> <br /> Zmienić kolejność paragrafów w ten sposób, że w uchwale własnej Nr I/10/22/99 z dnia 19 lipca 1999 r.<br /> <br /> - § 64 staje się § 65<br /> - § 65 staje się § 66<br /> - § 66 staje się § 67<br /> <br />
<div align="center">§ 3</div>
<br /> <br /> Wykonanie uchwały powierzyć Zarządowi Województwa Śląskiego.<br /> <br />
<div align="center">§ 4</div>
<br /> <br /> Uchwała wchodzi w życie z dniem podjęcia.<br /> <br /> Ryszard Ostrowski<br />Przewodniczący Sejmiku<br />Województwa Śląskiego</div>

Załączniki

Załączniki do strony

Tytuł strony
