{"id":28736,"name":"uchwala-sejmiku-nr-i11291999-z-dnia-1999-08-30","title":"Uchwa\u0142a Sejmiku nr I\/11\/29\/1999 z dnia 1999-08-30","desc":"","header":"Uchwa\u0142a Sejmiku nr I\/11\/29\/1999 z dnia 1999-08-30","lead":"","keywords":"","changes":"migracja danych","menu":"","path":"\/sejmik_wojewodztwa\/sesje_sejmiku\/uchwaly\/uchwala-sejmiku-nr-i11291999-z-dnia-1999-08-30.html","url":"\/sejmik_wojewodztwa\/sesje_sejmiku\/uchwaly\/uchwala-sejmiku-nr-i11291999-z-dnia-1999-08-30.html","infoOwner":"Urz\u0105d Marsza\u0142kowski Wojew\u00f3dztwa \u015al\u0105skiego","dateFirstPublicate":"2022-03-31 10:00:34","dateLastVersionPublicate":"2022-03-31 10:00:34","dateAvailableFrom":"","dateAvailableTo":"","type":"Uchwa\u0142a Sejmiku","pageParams":[{"id":"225","name":"DATA_OGLOSZENIA","description":"Data og\u0142oszenia","value":"1999-08-30"},{"id":"235","name":"W sprawie","description":"W sprawie","value":"zmiany uchwa\u0142y w\u0142asnej Nr I\/10\/22\/99 z dnia 19 lipca 1999 roku dotycz\u0105cej powo\u0142ania Rad Spo\u0142ecznych Samodzielnych Publicznych Zak\u0142ad\u00f3w Opieki Zdrowotnej"},{"id":"299","name":"NUMER_UCHWALY_SEJMIKU","description":"Numer uchwa\u0142y","value":"I\/11\/29\/1999"}],"components":[{"id":"bf6d5eba-d119-11e7-80a9-005056b46601","type":"ContentWYSIWYG","name":"Tre\u015b\u0107","description":"Tre\u015b\u0107 strony","content":{"content":"\u003Cdiv class=\u0022tresc1\u0022\u003E\n\u003Cdiv class=\u0022lead1\u0022\u003ENa podstawie\u003Cbr \/\u003Eart. 18 pkt. 20 ustawy z dnia 5 czerwca 1998 roku o samorz\u0105dzie wojew\u00f3dztwa (Dz.U. Nr 91 poz. 576 z p\u00f3\u017an. zm.) oraz art. 45 ust. 1 i 8 ustawy z dnia 30 sierpnia 1991 roku o Zak\u0142adach Opieki Zdrowotnej (Dz.U. Nr 91, poz. 408 z p\u00f3\u017an. zm.)\u003Cbr \/\u003E oraz rozporz\u0105dzenia Prezesa Rady Ministr\u00f3w z dnia 11 czerwca 1999 r. zmieniaj\u0105ce rozporz\u0105dzenie w sprawie wykazu Samodzielnych Publicznych Zak\u0142ad\u00f3w Opieki Zdrowotnej oraz jednostek samorz\u0105du terytorialnego w\u0142a\u015bciwych do przyj\u0119cia uprawnie\u0144 organu, kt\u00f3ry je utworzy\u0142 (Dz. U. nr 60, poz. 461)\u003C\/div\u003E\n\u003Cdiv class=\u0022tresc\u0022\u003E\n\u003Cdiv align=\u0022center\u0022\u003E\u00a7 1\u003C\/div\u003E\n\u003Cbr \/\u003E \u003Cbr \/\u003E W \u00a7 16 - Rada Spo\u0142eczna Samodzielnego Publicznego Zak\u0142adu Opieki Zdrowotnej pod nazw\u0105 Pa\u0144stwowy Zak\u0142ad Opieku\u0144czo-Leczniczy, 34-315 Mi\u0119dzybrodzie \u017bywieckie:\u003Cbr \/\u003E - odwo\u0142a\u0107 Pani\u0105 Mari\u0119 \u015alosarczyk,\u003Cbr \/\u003E - powo\u0142a\u0107 Pana Jerzego Pisteloka.\u003Cbr \/\u003E \u003Cbr \/\u003E\n\u003Cdiv align=\u0022center\u0022\u003E\u00a7 2\u003C\/div\u003E\n\u003Cbr \/\u003E \u003Cbr \/\u003E W \u00a7 18 - Rada Spo\u0142eczna Samodzielnego Publicznego Zak\u0142adu Opieki Zdrowotnej pod nazw\u0105 Centrum Diagnostyczne Nieurazowych Chor\u00f3b Narz\u0105d\u00f3w Ruchu, 43-450 Ustro\u0144, ul. Uzdrowiskowa 5:\u003Cbr \/\u003E \u003Cbr \/\u003E - odwo\u0142a\u0107 Pana Zbigniewa Wieczorka,\u003Cbr \/\u003E - powo\u0142a\u0107 Pana Jerzego Pisteloka.\u003Cbr \/\u003E \u003Cbr \/\u003E\n\u003Cdiv align=\u0022center\u0022\u003E\u00a7 3\u003C\/div\u003E\n\u003Cbr \/\u003E \u003Cbr \/\u003E W \u00a7 24 - Rada Spo\u0142eczna Samodzielnego Publicznego Zak\u0142adu Opieki Zdrowotnej pod nazw\u0105 Szpital Chor\u00f3b P\u0142uc i Gru\u013dlicy im. \u015aw. J\u00f3zefa, 44-145 Pilchowice, ul. Dworcowa 31:\u003Cbr \/\u003E \u003Cbr \/\u003E - odwo\u0142a\u0107 Pani\u0105 Iren\u0119 Waszuk,\u003Cbr \/\u003E - odwo\u0142a\u0107 Pani\u0105 Mari\u0119 D\u0105browsk\u0105,\u003Cbr \/\u003E - powo\u0142a\u0107 Pana Romana Mirskiego,\u003Cbr \/\u003E - powo\u0142a\u0107 Pana Wies\u0142awa Oko\u0144skiego.\u003Cbr \/\u003E \u003Cbr \/\u003E\n\u003Cdiv align=\u0022center\u0022\u003E\u00a7 4\u003C\/div\u003E\n\u003Cbr \/\u003E \u003Cbr \/\u003E W \u00a7 26 - Rada Spo\u0142eczna Samodzielnego Publicznego Zak\u0142adu Opieki Zdrowotnej pod nazw\u0105 Szpital Miejski Nr 2 im. dr K. Zahorskiego, 41-200 Sosnowiec, ul. 3 Maja 33:\u003Cbr \/\u003E \u003Cbr \/\u003E - odwo\u0142a\u0107 Pani\u0105 Agnieszk\u0119 Pasternak,\u003Cbr \/\u003E - powo\u0142a\u0107 Pana Wies\u0142awa Lach\u00f3ra.\u003Cbr \/\u003E \u003Cbr \/\u003E\n\u003Cdiv align=\u0022center\u0022\u003E\u00a7 5\u003C\/div\u003E\n\u003Cbr \/\u003E \u003Cbr \/\u003E W \u00a7 37 - Rada Spo\u0142eczna Samodzielnego Publicznego Zak\u0142adu Opieki Zdrowotnej pod nazw\u0105 Centrum Pediatrii - Szpital, 41-200 Sosnowiec, ul. Wawel 3:\u003Cbr \/\u003E \u003Cbr \/\u003E - odwo\u0142a\u0107 Pana Wies\u0142awa Lach\u00f3ra,\u003Cbr \/\u003E - odwo\u0142a\u0107 Pana Jana Rodzonia,\u003Cbr \/\u003E - powo\u0142a\u0107 Pani\u0105 Agnieszk\u0119 Pasternak,\u003Cbr \/\u003E - powo\u0142a\u0107 Pana Tadeusza Fuda\u0142\u0119.\u003Cbr \/\u003E \u003Cbr \/\u003E\n\u003Cdiv align=\u0022center\u0022\u003E\u00a7 6\u003C\/div\u003E\n\u003Cbr \/\u003E \u003Cbr \/\u003E W \u00a7 38 - Rada Spo\u0142eczna Samodzielnego Publicznego Zak\u0142adu Opieki Zdrowotnej pod nazw\u0105 Wojew\u00f3dzki Szpital Specjalistyczny Nr 5 im. \u015bw. Barbary, 41-203 Sosnowiec, Pl. Medyk\u00f3w 1 :\u003Cbr \/\u003E \u003Cbr \/\u003E - odwo\u0142a\u0107 Pana Tadeusza Fuda\u0142\u0119.\u003Cbr \/\u003E - powo\u0142a\u0107 Pana Jana Rodzonia.\u003Cbr \/\u003E \u003Cbr \/\u003E\n\u003Cdiv align=\u0022center\u0022\u003E\u00a7 7\u003C\/div\u003E\n\u003Cbr \/\u003E \u003Cbr \/\u003E W \u00a7 45 - Rada Spo\u0142eczna Samodzielnego Publicznego Zak\u0142adu Opieki Zdrowotnej pod nazw\u0105 \u0022Repty\u0022 G\u00f3rno\u015bl\u0105skie Centrum Rehabilitacji, 42-600 Tarnowskie G\u00f3ry, ul. \u015aniadeckiego 1:\u003Cbr \/\u003E \u003Cbr \/\u003E - odwo\u0142a\u0107 Pani\u0105 Cecyli\u0119 Machulsk\u0105,\u003Cbr \/\u003E - powo\u0142a\u0107 Pana Jerzego Pisteloka.\u003Cbr \/\u003E \u003Cbr \/\u003E\n\u003Cdiv align=\u0022center\u0022\u003E\u00a7 8\u003C\/div\u003E\n\u003Cbr \/\u003E \u003Cbr \/\u003E W \u00a7 49 - Rada Spo\u0142eczna Samodzielnego Publicznego Zak\u0142adu Opieki Zdrowotnej pod nazw\u0105 Wojew\u00f3dzki O\u015brodek Lecznictwa Odwykowego i Zak\u0142ad Opieku\u0144czo Leczniczy, 44-350 Gorzyce, ul. Zamkowa 8:\u003Cbr \/\u003E \u003Cbr \/\u003E - odwo\u0142a\u0107 Pana Alfreda B\u0105ka\u003Cbr \/\u003E - powo\u0142a\u0107 Pani\u0105 Mari\u0119 Lis.\u003Cbr \/\u003E \u003Cbr \/\u003E\n\u003Cdiv align=\u0022center\u0022\u003E\u00a7 9\u003C\/div\u003E\n\u003Cbr \/\u003E \u003Cbr \/\u003E Wykonanie uchwa\u0142y powierzy\u0107 Zarz\u0105dowi Wojew\u00f3dztwa \u015al\u0105skiego.\u003Cbr \/\u003E \u003Cbr \/\u003E\n\u003Cdiv align=\u0022center\u0022\u003E\u00a7 10\u003C\/div\u003E\n\u003Cbr \/\u003E \u003Cbr \/\u003E Uchwa\u0142a wchodzi w \u017cycie z dniem podj\u0119cia.\u003Cbr \/\u003E \u003Cbr \/\u003E Ryszard Ostrowski\u003Cbr \/\u003EPrzewodnicz\u0105cy Sejmiku\u003Cbr \/\u003EWojew\u00f3dztwa \u015al\u0105skiego\u003C\/div\u003E\n\u003C\/div\u003E","promotion":false}},{"id":"bf6dbc25-d119-11e7-80a9-005056b46601","type":"Gallery","name":"Galeria","description":"Galeria"},{"id":"bf6e1f6b-d119-11e7-80a9-005056b46601","type":"Attachment","name":"Za\u0142\u0105czniki","description":"Za\u0142\u0105czniki do strony"},{"id":"eba03b25-d9a7-11e7-b355-005056b70dba","type":"PageTitle","name":"","description":"Tytu\u0142 strony","content":{"title":"Uchwa\u0142a Sejmiku nr I\/11\/29\/1999 z dnia 1999-08-30"}},{"id":"eba07701-d9a7-11e7-b355-005056b70dba","type":"PageDescription","name":"","description":"Zajawka strony","content":[]},{"id":"1b1a7940-ff78-11e7-b81e-005056b7801d","type":"SectionDescription","name":"","description":"Zajawka sekcji","content":[]}]}

Uchwała Sejmiku nr I/11/29/1999 z dnia 1999-08-30

Urząd Marszałkowski Województwa Śląskiego

Uchwała Sejmiku

Data ogłoszenia

zmiany uchwały własnej Nr I/10/22/99 z dnia 19 lipca 1999 roku dotyczącej powołania Rad Społecznych Samodzielnych Publicznych Zakładów Opieki Zdrowotnej

Numer uchwały

Treść

Treść strony

<div class="tresc1">
<div class="lead1">Na podstawie<br />art. 18 pkt. 20 ustawy z dnia 5 czerwca 1998 roku o samorządzie województwa (Dz.U. Nr 91 poz. 576 z późn. zm.) oraz art. 45 ust. 1 i 8 ustawy z dnia 30 sierpnia 1991 roku o Zakładach Opieki Zdrowotnej (Dz.U. Nr 91, poz. 408 z późn. zm.)<br /> oraz rozporządzenia Prezesa Rady Ministrów z dnia 11 czerwca 1999 r. zmieniające rozporządzenie w sprawie wykazu Samodzielnych Publicznych Zakładów Opieki Zdrowotnej oraz jednostek samorządu terytorialnego właściwych do przyjęcia uprawnień organu, który je utworzył (Dz. U. nr 60, poz. 461)</div>
<div class="tresc">
<div align="center">§ 1</div>
<br /> <br /> W § 16 - Rada Społeczna Samodzielnego Publicznego Zakładu Opieki Zdrowotnej pod nazwą Państwowy Zakład Opiekuńczo-Leczniczy, 34-315 Międzybrodzie Żywieckie:<br /> - odwołać Panią Marię Ślosarczyk,<br /> - powołać Pana Jerzego Pisteloka.<br /> <br />
<div align="center">§ 2</div>
<br /> <br /> W § 18 - Rada Społeczna Samodzielnego Publicznego Zakładu Opieki Zdrowotnej pod nazwą Centrum Diagnostyczne Nieurazowych Chorób Narządów Ruchu, 43-450 Ustroń, ul. Uzdrowiskowa 5:<br /> <br /> - odwołać Pana Zbigniewa Wieczorka,<br /> - powołać Pana Jerzego Pisteloka.<br /> <br />
<div align="center">§ 3</div>
<br /> <br /> W § 24 - Rada Społeczna Samodzielnego Publicznego Zakładu Opieki Zdrowotnej pod nazwą Szpital Chorób Płuc i GruĽlicy im. Św. Józefa, 44-145 Pilchowice, ul. Dworcowa 31:<br /> <br /> - odwołać Panią Irenę Waszuk,<br /> - odwołać Panią Marię Dąbrowską,<br /> - powołać Pana Romana Mirskiego,<br /> - powołać Pana Wiesława Okońskiego.<br /> <br />
<div align="center">§ 4</div>
<br /> <br /> W § 26 - Rada Społeczna Samodzielnego Publicznego Zakładu Opieki Zdrowotnej pod nazwą Szpital Miejski Nr 2 im. dr K. Zahorskiego, 41-200 Sosnowiec, ul. 3 Maja 33:<br /> <br /> - odwołać Panią Agnieszkę Pasternak,<br /> - powołać Pana Wiesława Lachóra.<br /> <br />
<div align="center">§ 5</div>
<br /> <br /> W § 37 - Rada Społeczna Samodzielnego Publicznego Zakładu Opieki Zdrowotnej pod nazwą Centrum Pediatrii - Szpital, 41-200 Sosnowiec, ul. Wawel 3:<br /> <br /> - odwołać Pana Wiesława Lachóra,<br /> - odwołać Pana Jana Rodzonia,<br /> - powołać Panią Agnieszkę Pasternak,<br /> - powołać Pana Tadeusza Fudałę.<br /> <br />
<div align="center">§ 6</div>
<br /> <br /> W § 38 - Rada Społeczna Samodzielnego Publicznego Zakładu Opieki Zdrowotnej pod nazwą Wojewódzki Szpital Specjalistyczny Nr 5 im. św. Barbary, 41-203 Sosnowiec, Pl. Medyków 1 :<br /> <br /> - odwołać Pana Tadeusza Fudałę.<br /> - powołać Pana Jana Rodzonia.<br /> <br />
<div align="center">§ 7</div>
<br /> <br /> W § 45 - Rada Społeczna Samodzielnego Publicznego Zakładu Opieki Zdrowotnej pod nazwą "Repty" Górnośląskie Centrum Rehabilitacji, 42-600 Tarnowskie Góry, ul. Śniadeckiego 1:<br /> <br /> - odwołać Panią Cecylię Machulską,<br /> - powołać Pana Jerzego Pisteloka.<br /> <br />
<div align="center">§ 8</div>
<br /> <br /> W § 49 - Rada Społeczna Samodzielnego Publicznego Zakładu Opieki Zdrowotnej pod nazwą Wojewódzki Ośrodek Lecznictwa Odwykowego i Zakład Opiekuńczo Leczniczy, 44-350 Gorzyce, ul. Zamkowa 8:<br /> <br /> - odwołać Pana Alfreda Bąka<br /> - powołać Panią Marię Lis.<br /> <br />
<div align="center">§ 9</div>
<br /> <br /> Wykonanie uchwały powierzyć Zarządowi Województwa Śląskiego.<br /> <br />
<div align="center">§ 10</div>
<br /> <br /> Uchwała wchodzi w życie z dniem podjęcia.<br /> <br /> Ryszard Ostrowski<br />Przewodniczący Sejmiku<br />Województwa Śląskiego</div>
</div>

Załączniki

Załączniki do strony

Tytuł strony
