{"id":28092,"name":"uchwala-sejmiku-nr-i2522000-z-dnia-2000-10-09","title":"Uchwa\u0142a Sejmiku nr I\/25\/2\/2000 z dnia 2000-10-09","desc":"","header":"Uchwa\u0142a Sejmiku nr I\/25\/2\/2000 z dnia 2000-10-09","lead":"","keywords":"","changes":"migracja danych","menu":"","path":"\/sejmik_wojewodztwa\/sesje_sejmiku\/uchwaly\/uchwala-sejmiku-nr-i2522000-z-dnia-2000-10-09.html","url":"\/sejmik_wojewodztwa\/sesje_sejmiku\/uchwaly\/uchwala-sejmiku-nr-i2522000-z-dnia-2000-10-09.html","infoOwner":"Urz\u0105d Marsza\u0142kowski Wojew\u00f3dztwa \u015al\u0105skiego","dateFirstPublicate":"2022-03-21 11:10:19","dateLastVersionPublicate":"2022-03-21 11:10:19","dateAvailableFrom":"","dateAvailableTo":"","type":"Uchwa\u0142a Sejmiku","pageParams":[{"id":"225","name":"DATA_OGLOSZENIA","description":"Data og\u0142oszenia","value":"2000-10-09"},{"id":"235","name":"W sprawie","description":"W sprawie","value":"utworzenia \u015brodka specjalnego pod nazw\u0105 \u0022U\u017cytkowanie dr\u00f3g wojew\u00f3dzkich\u0022 przy Zarz\u0105dzie Dr\u00f3g Wojew\u00f3dzkich w Katowicach"},{"id":"299","name":"NUMER_UCHWALY_SEJMIKU","description":"Numer uchwa\u0142y","value":"I\/25\/02\/2000"}],"components":[{"id":"bf6d5eba-d119-11e7-80a9-005056b46601","type":"ContentWYSIWYG","name":"Tre\u015b\u0107","description":"Tre\u015b\u0107 strony","content":{"content":"\u003Cdiv class=\u0022lead1\u0022\u003ENa podstawie\u003Cbr \/\u003Eart. 14 ust. 1 pkt 10 oraz art. 18 pkt 20\u003Cbr \/\u003E ustawy z dnia 5 czerwca 1998 roku o samorz\u0105dzie wojew\u00f3dztwa\u003Cbr \/\u003E (Dz.U. Nr 91, poz. 576 z p\u00f3\u017an. zm.)\u003Cbr \/\u003E oraz art. 21 ust. 1 pkt 1\u003Cbr \/\u003E ustawy z dnia 26 listopada 1998 roku o finansach publicznych\u003Cbr \/\u003E (Dz. U. Nr 155, poz. 1014 z p\u00f3zn. zm.)\u003Cbr \/\u003E w zwi\u0105zku z art. 13, art. 40 ust. 4 i art. 40 a\u003Cbr \/\u003E ustawy z dnia 21 marca 1985 roku o drogach publicznych\u003Cbr \/\u003E (Dz. U. Nr 14, poz. 60 z p\u00f3zn. zm.)\u003C\/div\u003E\n\u003Cdiv class=\u0022tresc\u0022\u003E\n\u003Cdiv align=\u0022center\u0022\u003E\u00a7 1\u003C\/div\u003E\n\u003Cbr \/\u003E \u003Cbr \/\u003E Utworzy\u0107 z dniem 1 listopada 2000 roku \u015brodek specjalny pod nazw\u0105: \u0022U\u017cytkowanie dr\u00f3g wojew\u00f3dzkich\u0022 przy Zarz\u0105dzie Dr\u00f3g Wojew\u00f3dzkich w Katowicach - jednostce organizacyjnej Wojew\u00f3dztwa \u015al\u0105skiego realizuj\u0105cej zadania zarz\u0105dcy dr\u00f3g wojew\u00f3dzkich na terenie wojew\u00f3dztwa \u015bl\u0105skiego.\u003Cbr \/\u003E \u003Cbr \/\u003E\n\u003Cdiv align=\u0022center\u0022\u003E\u00a7 2\u003C\/div\u003E\n\u003Cbr \/\u003E \u003Cbr \/\u003E Przedmiotem dzia\u0142alno\u015bci finansowej w formie \u015brodka specjalnego, o kt\u00f3rym mowa w \u00a7 1, jest utrzymanie dr\u00f3g wojew\u00f3dzkich.\u003Cbr \/\u003E \u003Cbr \/\u003E\n\u003Cdiv align=\u0022center\u0022\u003E\u00a7 3\u003C\/div\u003E\n\u003Cbr \/\u003E \u003Cbr \/\u003E \u0179r\u00f3d\u0142em przychod\u00f3w s\u0105 wp\u0142ywy uzyskiwane z tytu\u0142u op\u0142at i kar pobieranych za:\u003Cbr \/\u003E a) zaj\u0119cie pasa drogowego i za umieszczanie w nim urz\u0105dze\u0144 nie zwi\u0105zanych z funkcjonowaniem dr\u00f3g wojew\u00f3dzkich,\u003Cbr \/\u003E b) przejazdy pojazd\u00f3w samochodowych o masie, naciskach na o\u015b lub wymiarach przekraczaj\u0105cych dopuszczalne normy po drogach publicznych, dla kt\u00f3rych zezwolenie na przejazd wydaje Marsza\u0142ek,\u003Cbr \/\u003E c) parkowanie pojazd\u00f3w samochodowych na drogach wojew\u00f3dzkich,\u003Cbr \/\u003E d) przeprawy promowe na drogach wojew\u00f3dzkich,\u003Cbr \/\u003E e) przejazdy przez obiekty mostowe.\u003Cbr \/\u003E \u003Cbr \/\u003E\n\u003Cdiv align=\u0022center\u0022\u003E\u00a7 4\u003C\/div\u003E\n\u003Cbr \/\u003E \u003Cbr \/\u003E Uzyskane wp\u0142ywy przeznaczone zostan\u0105 na utrzymanie dr\u00f3g wojew\u00f3dzkich - w zakresie poprawy warunk\u00f3w bezpiecze\u0144stwa ruchu drogowego.\u003Cbr \/\u003E \u003Cbr \/\u003E\n\u003Cdiv align=\u0022center\u0022\u003E\u00a7 5\u003C\/div\u003E\n\u003Cbr \/\u003E \u003Cbr \/\u003E Zarz\u0105d Dr\u00f3g Wojew\u00f3dzkich zobowi\u0105zany b\u0119dzie do:\u003Cbr \/\u003E a) sporz\u0105dzenia rocznego planu, w kt\u00f3rym okre\u015blona zostanie zak\u0142adana wielko\u015b\u0107 przychod\u00f3w i wydatk\u00f3w oraz wielko\u015b\u0107 \u015brodk\u00f3w obrotowych w danym roku kalendarzowym,\u003Cbr \/\u003E b) przekazywania sprawozda\u0144 w okresach p\u00f3\u0142rocznych i rocznych z wykonania \u015brodk\u00f3w z zakresu finansowego i rzeczowego realizowanych zada\u0144.\u003Cbr \/\u003E \u003Cbr \/\u003E\n\u003Cdiv align=\u0022center\u0022\u003E\u00a7 6\u003C\/div\u003E\n\u003Cbr \/\u003E \u003Cbr \/\u003E Wykonanie uchwa\u0142y powierzy\u0107 Zarz\u0105dowi Wojew\u00f3dztwa \u015al\u0105skiego.\u003Cbr \/\u003E \u003Cbr \/\u003E\n\u003Cdiv align=\u0022center\u0022\u003E\u00a7 7\u003C\/div\u003E\n\u003Cbr \/\u003E \u003Cbr \/\u003E Uchwa\u0142a wchodzi w \u017cycie z dniem podj\u0119cia.\u003Cbr \/\u003E \u003Cbr \/\u003E Ryszard Ostrowski\u003Cbr \/\u003EPrzewodnicz\u0105cy Sejmiku\u003Cbr \/\u003EWojew\u00f3dztwa \u015al\u0105skiego\u003C\/div\u003E","promotion":false}},{"id":"bf6dbc25-d119-11e7-80a9-005056b46601","type":"Gallery","name":"Galeria","description":"Galeria"},{"id":"bf6e1f6b-d119-11e7-80a9-005056b46601","type":"Attachment","name":"Za\u0142\u0105czniki","description":"Za\u0142\u0105czniki do strony"},{"id":"eba03b25-d9a7-11e7-b355-005056b70dba","type":"PageTitle","name":"","description":"Tytu\u0142 strony","content":{"title":"Uchwa\u0142a Sejmiku nr I\/25\/2\/2000 z dnia 2000-10-09"}},{"id":"eba07701-d9a7-11e7-b355-005056b70dba","type":"PageDescription","name":"","description":"Zajawka strony","content":[]},{"id":"1b1a7940-ff78-11e7-b81e-005056b7801d","type":"SectionDescription","name":"","description":"Zajawka sekcji","content":[]}]}

Uchwała Sejmiku nr I/25/2/2000 z dnia 2000-10-09

Urząd Marszałkowski Województwa Śląskiego

Uchwała Sejmiku

Data ogłoszenia

utworzenia środka specjalnego pod nazwą "Użytkowanie dróg wojewódzkich" przy Zarządzie Dróg Wojewódzkich w Katowicach

Numer uchwały

Treść

Treść strony

<div class="lead1">Na podstawie<br />art. 14 ust. 1 pkt 10 oraz art. 18 pkt 20<br /> ustawy z dnia 5 czerwca 1998 roku o samorządzie województwa<br /> (Dz.U. Nr 91, poz. 576 z późn. zm.)<br /> oraz art. 21 ust. 1 pkt 1<br /> ustawy z dnia 26 listopada 1998 roku o finansach publicznych<br /> (Dz. U. Nr 155, poz. 1014 z pózn. zm.)<br /> w związku z art. 13, art. 40 ust. 4 i art. 40 a<br /> ustawy z dnia 21 marca 1985 roku o drogach publicznych<br /> (Dz. U. Nr 14, poz. 60 z pózn. zm.)</div>
<div class="tresc">
<div align="center">§ 1</div>
<br /> <br /> Utworzyć z dniem 1 listopada 2000 roku środek specjalny pod nazwą: "Użytkowanie dróg wojewódzkich" przy Zarządzie Dróg Wojewódzkich w Katowicach - jednostce organizacyjnej Województwa Śląskiego realizującej zadania zarządcy dróg wojewódzkich na terenie województwa śląskiego.<br /> <br />
<div align="center">§ 2</div>
<br /> <br /> Przedmiotem działalności finansowej w formie środka specjalnego, o którym mowa w § 1, jest utrzymanie dróg wojewódzkich.<br /> <br />
<div align="center">§ 3</div>
<br /> <br /> Źródłem przychodów są wpływy uzyskiwane z tytułu opłat i kar pobieranych za:<br /> a) zajęcie pasa drogowego i za umieszczanie w nim urządzeń nie związanych z funkcjonowaniem dróg wojewódzkich,<br /> b) przejazdy pojazdów samochodowych o masie, naciskach na oś lub wymiarach przekraczających dopuszczalne normy po drogach publicznych, dla których zezwolenie na przejazd wydaje Marszałek,<br /> c) parkowanie pojazdów samochodowych na drogach wojewódzkich,<br /> d) przeprawy promowe na drogach wojewódzkich,<br /> e) przejazdy przez obiekty mostowe.<br /> <br />
<div align="center">§ 4</div>
<br /> <br /> Uzyskane wpływy przeznaczone zostaną na utrzymanie dróg wojewódzkich - w zakresie poprawy warunków bezpieczeństwa ruchu drogowego.<br /> <br />
<div align="center">§ 5</div>
<br /> <br /> Zarząd Dróg Wojewódzkich zobowiązany będzie do:<br /> a) sporządzenia rocznego planu, w którym określona zostanie zakładana wielkość przychodów i wydatków oraz wielkość środków obrotowych w danym roku kalendarzowym,<br /> b) przekazywania sprawozdań w okresach półrocznych i rocznych z wykonania środków z zakresu finansowego i rzeczowego realizowanych zadań.<br /> <br />
<div align="center">§ 6</div>
<br /> <br /> Wykonanie uchwały powierzyć Zarządowi Województwa Śląskiego.<br /> <br />
<div align="center">§ 7</div>
<br /> <br /> Uchwała wchodzi w życie z dniem podjęcia.<br /> <br /> Ryszard Ostrowski<br />Przewodniczący Sejmiku<br />Województwa Śląskiego</div>

Załączniki

Załączniki do strony

Tytuł strony
