{"id":27553,"name":"uchwala-sejmiku-nr-i4022001-z-dnia-2001-09-26","title":"Uchwa\u0142a Sejmiku nr I\/40\/2\/2001 z dnia 2001-09-26","desc":"","header":"Uchwa\u0142a Sejmiku nr I\/40\/2\/2001 z dnia 2001-09-26","lead":"","keywords":"","changes":"migracja danych","menu":"","path":"\/sejmik_wojewodztwa\/sesje_sejmiku\/uchwaly\/uchwala-sejmiku-nr-i4022001-z-dnia-2001-09-26.html","url":"\/sejmik_wojewodztwa\/sesje_sejmiku\/uchwaly\/uchwala-sejmiku-nr-i4022001-z-dnia-2001-09-26.html","infoOwner":"Urz\u0105d Marsza\u0142kowski Wojew\u00f3dztwa \u015al\u0105skiego","dateFirstPublicate":"2022-03-10 12:35:29","dateLastVersionPublicate":"2022-03-10 12:35:29","dateAvailableFrom":"","dateAvailableTo":"","type":"Uchwa\u0142a Sejmiku","pageParams":[{"id":"225","name":"DATA_OGLOSZENIA","description":"Data og\u0142oszenia","value":"2001-09-26"},{"id":"235","name":"W sprawie","description":"W sprawie","value":"zmiany uchwa\u0142y Sejmiku Wojew\u00f3dztwa \u015al\u0105skiego nr I\/22\/11\/2000 z dnia 17 lipca 2000 roku w sprawie oddania samodzielnemu publicznemu zak\u0142adowi opieki zdrowotnej Centrum Pediatrii w Sosnowcu nieruchomo\u015bci w u\u017cytkowanie"},{"id":"299","name":"NUMER_UCHWALY_SEJMIKU","description":"Numer uchwa\u0142y","value":"I\/40\/02\/2001"}],"components":[{"id":"bf6d5eba-d119-11e7-80a9-005056b46601","type":"ContentWYSIWYG","name":"Tre\u015b\u0107","description":"Tre\u015b\u0107 strony","content":{"content":"\u003Cdiv class=\u0022lead1\u0022\u003ENa podstawie\u003Cbr \/\u003Eart. 18 pkt. 19 lit. a\u003Cbr \/\u003E ustawy z dnia 5 czerwca 1998 roku o samorz\u0105dzie wojew\u00f3dztwa\u003Cbr \/\u003E (Dz.U. Nr 91, poz. 576 z p\u00f3\u017an. zm.)\u003Cbr \/\u003E w zwi\u0105zku z art. 47 ust. 3 ustawy z dnia 13 pa\u017adziernika 1998 roku\u003Cbr \/\u003E \u0022Przepisy wprowadzaj\u0105ce ustawy reformuj\u0105ce administracj\u0119 publiczn\u0105\u0022\u003Cbr \/\u003E (Dz.U. Nr 133, poz. 872 z p\u00f3\u017an. zm.)\u003Cbr \/\u003E zgodnie z rozporz\u0105dzeniem Prezesa Rady Ministr\u00f3w z dnia 23 listopada 1998 roku\u003Cbr \/\u003E w sprawie wykazu samodzielnych publicznych zak\u0142ad\u00f3w opieki zdrowotnej\u003Cbr \/\u003E (Dz.U. Nr 145, poz. 941 z p\u00f3\u017an. zm.)\u003Cbr \/\u003E oraz art. 53 ust. 1 i art. 56 ust. 2 ustawy z dnia 30 sierpnia 1991 roku\u003Cbr \/\u003E o zak\u0142adach opieki zdrowotnej\u003Cbr \/\u003E (Dz.U. Nr 91, poz. 408 z p\u00f3\u017an. zm.)\u003C\/div\u003E\n\u003Cdiv class=\u0022tresc\u0022\u003E\n\u003Cdiv align=\u0022center\u0022\u003E\u00a7 1\u003C\/div\u003E\n\u003Cbr \/\u003E \u003Cbr \/\u003E Zmieni\u0107 uchwa\u0142\u0119 Sejmiku Wojew\u00f3dztwa \u015al\u0105skiego nr I\/22\/11\/2000 z dnia 17 lipca 2000 roku w sprawie oddania samodzielnemu publicznemu zak\u0142adowi opieki zdrowotnej Centrum Pediatrii w Sosnowcu nieruchomo\u015bci w u\u017cytkowanie, w ten spos\u00f3b, \u017ce:\u003Cbr \/\u003E 1) w \u00a7 1 ust. 1 wykre\u015bla si\u0119 nast\u0119puj\u0105ce dzia\u0142ki:\u003Cbr \/\u003E nr 254\/1 o pow. 0,5981 ha, k.m. 65, nr jedn. rej. 34, KW nr 1787,\u003Cbr \/\u003E nr 254\/2 o pow. 0,1091 ha, k.m. 65, nr jedn. rej. 34, KW nr 1787,\u003Cbr \/\u003E 2) w \u00a7 1 ust. 3 doda\u0107 zdanie: \u0022Fundusz za\u0142o\u017cycielski zostaje zmniejszony o warto\u015b\u0107 wykre\u015blonych dzia\u0142ek\u0022.\u003Cbr \/\u003E \u003Cbr \/\u003E\n\u003Cdiv align=\u0022center\u0022\u003E\u00a7 2\u003C\/div\u003E\n\u003Cbr \/\u003E \u003Cbr \/\u003E Ustali\u0107 odpowiedzialnym za wykonanie uchwa\u0142y Zarz\u0105d Wojew\u00f3dztwa \u015al\u0105skiego.\u003Cbr \/\u003E \u003Cbr \/\u003E\n\u003Cdiv align=\u0022center\u0022\u003E\u00a7 3\u003C\/div\u003E\n\u003Cbr \/\u003E \u003Cbr \/\u003E Uchwa\u0142a wchodzi w \u017cycie z dniem podj\u0119cia.\u003Cbr \/\u003E \u003Cbr \/\u003E Ryszard Ostrowski\u003Cbr \/\u003EPrzewodnicz\u0105cy Sejmiku\u003Cbr \/\u003EWojew\u00f3dztwa \u015al\u0105skiego\u003C\/div\u003E","promotion":false}},{"id":"bf6dbc25-d119-11e7-80a9-005056b46601","type":"Gallery","name":"Galeria","description":"Galeria"},{"id":"bf6e1f6b-d119-11e7-80a9-005056b46601","type":"Attachment","name":"Za\u0142\u0105czniki","description":"Za\u0142\u0105czniki do strony"},{"id":"eba03b25-d9a7-11e7-b355-005056b70dba","type":"PageTitle","name":"","description":"Tytu\u0142 strony","content":{"title":"Uchwa\u0142a Sejmiku nr I\/40\/2\/2001 z dnia 2001-09-26"}},{"id":"eba07701-d9a7-11e7-b355-005056b70dba","type":"PageDescription","name":"","description":"Zajawka strony","content":[]},{"id":"1b1a7940-ff78-11e7-b81e-005056b7801d","type":"SectionDescription","name":"","description":"Zajawka sekcji","content":[]}]}

Uchwała Sejmiku nr I/40/2/2001 z dnia 2001-09-26

Urząd Marszałkowski Województwa Śląskiego

Uchwała Sejmiku

Data ogłoszenia

zmiany uchwały Sejmiku Województwa Śląskiego nr I/22/11/2000 z dnia 17 lipca 2000 roku w sprawie oddania samodzielnemu publicznemu zakładowi opieki zdrowotnej Centrum Pediatrii w Sosnowcu nieruchomości w użytkowanie

Numer uchwały

Treść

Treść strony

<div class="lead1">Na podstawie<br />art. 18 pkt. 19 lit. a<br /> ustawy z dnia 5 czerwca 1998 roku o samorządzie województwa<br /> (Dz.U. Nr 91, poz. 576 z późn. zm.)<br /> w związku z art. 47 ust. 3 ustawy z dnia 13 października 1998 roku<br /> "Przepisy wprowadzające ustawy reformujące administrację publiczną"<br /> (Dz.U. Nr 133, poz. 872 z późn. zm.)<br /> zgodnie z rozporządzeniem Prezesa Rady Ministrów z dnia 23 listopada 1998 roku<br /> w sprawie wykazu samodzielnych publicznych zakładów opieki zdrowotnej<br /> (Dz.U. Nr 145, poz. 941 z późn. zm.)<br /> oraz art. 53 ust. 1 i art. 56 ust. 2 ustawy z dnia 30 sierpnia 1991 roku<br /> o zakładach opieki zdrowotnej<br /> (Dz.U. Nr 91, poz. 408 z późn. zm.)</div>
<div class="tresc">
<div align="center">§ 1</div>
<br /> <br /> Zmienić uchwałę Sejmiku Województwa Śląskiego nr I/22/11/2000 z dnia 17 lipca 2000 roku w sprawie oddania samodzielnemu publicznemu zakładowi opieki zdrowotnej Centrum Pediatrii w Sosnowcu nieruchomości w użytkowanie, w ten sposób, że:<br /> 1) w § 1 ust. 1 wykreśla się następujące działki:<br /> nr 254/1 o pow. 0,5981 ha, k.m. 65, nr jedn. rej. 34, KW nr 1787,<br /> nr 254/2 o pow. 0,1091 ha, k.m. 65, nr jedn. rej. 34, KW nr 1787,<br /> 2) w § 1 ust. 3 dodać zdanie: "Fundusz założycielski zostaje zmniejszony o wartość wykreślonych działek".<br /> <br />
<div align="center">§ 2</div>
<br /> <br /> Ustalić odpowiedzialnym za wykonanie uchwały Zarząd Województwa Śląskiego.<br /> <br />
<div align="center">§ 3</div>
<br /> <br /> Uchwała wchodzi w życie z dniem podjęcia.<br /> <br /> Ryszard Ostrowski<br />Przewodniczący Sejmiku<br />Województwa Śląskiego</div>

Załączniki

Załączniki do strony

Tytuł strony
