{"id":27537,"name":"uchwala-sejmiku-nr-i42292001-z-dnia-2001-10-22","title":"Uchwa\u0142a Sejmiku nr I\/42\/29\/2001 z dnia 2001-10-22","desc":"","header":"Uchwa\u0142a Sejmiku nr I\/42\/29\/2001 z dnia 2001-10-22","lead":"","keywords":"","changes":"migracja danych","menu":"","path":"\/sejmik_wojewodztwa\/sesje_sejmiku\/uchwaly\/uchwala-sejmiku-nr-i42292001-z-dnia-2001-10-22.html","url":"\/sejmik_wojewodztwa\/sesje_sejmiku\/uchwaly\/uchwala-sejmiku-nr-i42292001-z-dnia-2001-10-22.html","infoOwner":"Urz\u0105d Marsza\u0142kowski Wojew\u00f3dztwa \u015al\u0105skiego","dateFirstPublicate":"2022-03-09 14:02:41","dateLastVersionPublicate":"2022-03-09 14:02:41","dateAvailableFrom":"","dateAvailableTo":"","type":"Uchwa\u0142a Sejmiku","pageParams":[{"id":"225","name":"DATA_OGLOSZENIA","description":"Data og\u0142oszenia","value":"2001-10-22"},{"id":"235","name":"W sprawie","description":"W sprawie","value":"zatwierdzenia zmian do Kontraktu Wojew\u00f3dzkiego"},{"id":"299","name":"NUMER_UCHWALY_SEJMIKU","description":"Numer uchwa\u0142y","value":"I\/42\/29\/2001"}],"components":[{"id":"bf6d5eba-d119-11e7-80a9-005056b46601","type":"ContentWYSIWYG","name":"Tre\u015b\u0107","description":"Tre\u015b\u0107 strony","content":{"content":"\u003Cdiv class=\u0022tresc1\u0022\u003E\n\u003Cdiv class=\u0022lead1\u0022\u003ENa podstawie\u003Cbr \/\u003Eart. 18 pkt 2\u003Cbr \/\u003E ustawy z dnia 5 czerwca 1998 roku o samorz\u0105dzie wojew\u00f3dztwa\u003Cbr \/\u003E (Dz.U. Nr 91, poz. 576 z p\u00f3\u017an. zm.)\u003Cbr \/\u003E oraz art. 16 ust. 5\u003Cbr \/\u003E ustawy z dnia 12 maja 2000 roku o zasadach wspierania rozwoju regionalnego\u003Cbr \/\u003E (Dz.U. Nr 48, poz. 550 z p\u00f3\u017an. zm.)\u003C\/div\u003E\n\u003Cdiv class=\u0022tresc\u0022\u003E\n\u003Cdiv align=\u0022center\u0022\u003E\u00a7 1\u003C\/div\u003E\n\u003Cbr \/\u003E \u003Cbr \/\u003E Zatwierdzi\u0107 zmiany do Kontraktu Wojew\u00f3dzkiego w formie \u0022O\u015bwiadczenia Stron Kontraktu Wojew\u00f3dzkiego zawartego dnia 19 czerwca 2001 roku w Warszawie pomi\u0119dzy Rad\u0105 Ministr\u00f3w, reprezentowan\u0105 przez Jerzego Kropiwnickiego, Ministra Rozwoju Regionalnego i Budownictwa a Samorz\u0105dem Wojew\u00f3dztwa \u015al\u0105skiego reprezentowanym przez Jana Olbrychta, Marsza\u0142ka Wojew\u00f3dztwa \u015al\u0105skiego, dotycz\u0105cego zmian w Kontrakcie Wojew\u00f3dztwa \u015al\u0105skiego\u0022, w wersji stanowi\u0105cej za\u0142\u0105cznik do niniejszej uchwa\u0142y.\u003Cbr \/\u003E \u003Cbr \/\u003E\n\u003Cdiv align=\u0022center\u0022\u003E\u00a7 2\u003C\/div\u003E\n\u003Cbr \/\u003E \u003Cbr \/\u003E Wykonanie uchwa\u0142y powierzy\u0107 Zarz\u0105dowi Wojew\u00f3dztwa \u015al\u0105skiego.\u003Cbr \/\u003E \u003Cbr \/\u003E\n\u003Cdiv align=\u0022center\u0022\u003E\u00a7 3\u003C\/div\u003E\n\u003Cbr \/\u003E \u003Cbr \/\u003E Uchwa\u0142a wchodzi w \u017cycie z dniem og\u0142oszenia.\u003Cbr \/\u003E \u003Cbr \/\u003E Ryszard Ostrowski\u003Cbr \/\u003EPrzewodnicz\u0105cy Sejmiku\u003Cbr \/\u003EWojew\u00f3dztwa \u015al\u0105skiego\u003C\/div\u003E\n\u003C\/div\u003E","promotion":false}},{"id":"bf6dbc25-d119-11e7-80a9-005056b46601","type":"Gallery","name":"Galeria","description":"Galeria"},{"id":"bf6e1f6b-d119-11e7-80a9-005056b46601","type":"Attachment","name":"Za\u0142\u0105czniki","description":"Za\u0142\u0105czniki do strony"},{"id":"eba03b25-d9a7-11e7-b355-005056b70dba","type":"PageTitle","name":"","description":"Tytu\u0142 strony","content":{"title":"Uchwa\u0142a Sejmiku nr I\/42\/29\/2001 z dnia 2001-10-22"}},{"id":"eba07701-d9a7-11e7-b355-005056b70dba","type":"PageDescription","name":"","description":"Zajawka strony","content":[]},{"id":"1b1a7940-ff78-11e7-b81e-005056b7801d","type":"SectionDescription","name":"","description":"Zajawka sekcji","content":[]}]}

Uchwała Sejmiku nr I/42/29/2001 z dnia 2001-10-22

Urząd Marszałkowski Województwa Śląskiego

Uchwała Sejmiku

Data ogłoszenia

zatwierdzenia zmian do Kontraktu Wojewódzkiego

Numer uchwały

Treść

Treść strony

<div class="tresc1">
<div class="lead1">Na podstawie<br />art. 18 pkt 2<br /> ustawy z dnia 5 czerwca 1998 roku o samorządzie województwa<br /> (Dz.U. Nr 91, poz. 576 z późn. zm.)<br /> oraz art. 16 ust. 5<br /> ustawy z dnia 12 maja 2000 roku o zasadach wspierania rozwoju regionalnego<br /> (Dz.U. Nr 48, poz. 550 z późn. zm.)</div>
<div class="tresc">
<div align="center">§ 1</div>
<br /> <br /> Zatwierdzić zmiany do Kontraktu Wojewódzkiego w formie "Oświadczenia Stron Kontraktu Wojewódzkiego zawartego dnia 19 czerwca 2001 roku w Warszawie pomiędzy Radą Ministrów, reprezentowaną przez Jerzego Kropiwnickiego, Ministra Rozwoju Regionalnego i Budownictwa a Samorządem Województwa Śląskiego reprezentowanym przez Jana Olbrychta, Marszałka Województwa Śląskiego, dotyczącego zmian w Kontrakcie Województwa Śląskiego", w wersji stanowiącej załącznik do niniejszej uchwały.<br /> <br />
<div align="center">§ 2</div>
<br /> <br /> Wykonanie uchwały powierzyć Zarządowi Województwa Śląskiego.<br /> <br />
<div align="center">§ 3</div>
<br /> <br /> Uchwała wchodzi w życie z dniem ogłoszenia.<br /> <br /> Ryszard Ostrowski<br />Przewodniczący Sejmiku<br />Województwa Śląskiego</div>
</div>

Załączniki

Załączniki do strony

Tytuł strony
