{"id":26943,"name":"uchwala-sejmiku-nr-i5012002-z-dnia-2002-05-20","title":"Uchwa\u0142a Sejmiku nr I\/50\/1\/2002 z dnia 2002-05-20","desc":"","header":"Uchwa\u0142a Sejmiku nr I\/50\/1\/2002 z dnia 2002-05-20","lead":"","keywords":"","changes":"migracja danych","menu":"","path":"\/sejmik_wojewodztwa\/sesje_sejmiku\/uchwaly\/uchwala-sejmiku-nr-i5012002-z-dnia-2002-05-20.html","url":"\/sejmik_wojewodztwa\/sesje_sejmiku\/uchwaly\/uchwala-sejmiku-nr-i5012002-z-dnia-2002-05-20.html","infoOwner":"Urz\u0105d Marsza\u0142kowski Wojew\u00f3dztwa \u015al\u0105skiego","dateFirstPublicate":"2022-02-21 08:25:08","dateLastVersionPublicate":"2022-02-21 08:25:08","dateAvailableFrom":"","dateAvailableTo":"","type":"Uchwa\u0142a Sejmiku","pageParams":[{"id":"225","name":"DATA_OGLOSZENIA","description":"Data og\u0142oszenia","value":"2002-05-20"},{"id":"235","name":"W sprawie","description":"W sprawie","value":"wprowadzenia zmian w uchwale Sejmiku Wojew\u00f3dztwa \u015al\u0105skiego nr I\/15\/2\/99 z dnia 28 grudnia 1999 roku w sprawie ustalenia priorytet\u00f3w wsp\u00f3\u0142pracy zagranicznej Wojew\u00f3dztwa \u015al\u0105skiego"},{"id":"299","name":"NUMER_UCHWALY_SEJMIKU","description":"Numer uchwa\u0142y","value":"I\/50\/01\/2002"}],"components":[{"id":"bf6d5eba-d119-11e7-80a9-005056b46601","type":"ContentWYSIWYG","name":"Tre\u015b\u0107","description":"Tre\u015b\u0107 strony","content":{"content":"\u003Cdiv id=\u0022content\u0022\u003E\n\u003Cdiv id=\u0022aktualnosci\u0022 class=\u0022kontener\u0022\u003E\n\u003Cdiv class=\u0022tresc1\u0022\u003E\n\u003Cdiv class=\u0022lead1\u0022\u003ENa podstawie\u003Cbr \/\u003ENa podstawie art. 18 pkt 13 w zwi\u0105zku z art. 75 ust. 1 i 2\u003Cbr \/\u003E ustawy z dnia 5 czerwca 1998 roku o samorz\u0105dzie wojew\u00f3dztwa\u003Cbr \/\u003E (t.j. Dz. U. Nr 142 z 2001 roku, poz. 1590)\u003Cbr \/\u003E \u003Cbr \/\u003E maj\u0105c na uwadze podporz\u0105dkowanie przedsi\u0119wzi\u0119\u0107 wsp\u00f3\u0142pracy zagranicznej\u003Cbr \/\u003E Wojew\u00f3dztwa \u015al\u0105skiego przedsi\u0119wzi\u0119ciom Strategii Rozwoju\u003Cbr \/\u003E Wojew\u00f3dztwa \u015al\u0105skiego\u003C\/div\u003E\n\u003Cdiv class=\u0022tresc\u0022\u003E\n\u003Cp align=\u0022center\u0022\u003E\u00a7 1\u003C\/p\u003E\n\u003Cbr \/\u003E\n\u003Cp\u003EWprowadzi\u0107 nast\u0119puj\u0105c\u0105 zmian\u0119 w uchwale nr I\/15\/2\/99 Sejmiku Wojew\u00f3dztwa \u015al\u0105skiego z dnia 28 grudnia 1999 roku w sprawie ustalenia priorytet\u00f3w wsp\u00f3\u0142pracy zagranicznej Wojew\u00f3dztwa \u015al\u0105skiego: w paragrafie 5 dopisa\u0107 punkt o tre\u015bci: \u201eObwodem Czerniowieckim (Ukraina)\u201d.\u003C\/p\u003E\n\u003Cbr \/\u003E\n\u003Cp align=\u0022center\u0022\u003E\u00a7 2\u003C\/p\u003E\n\u003Cbr \/\u003E\n\u003Cp\u003EWykonanie uchwa\u0142y powierzy\u0107 Zarz\u0105dowi Wojew\u00f3dztwa \u015al\u0105skiego.\u003C\/p\u003E\n\u003Cbr \/\u003E\n\u003Cp align=\u0022center\u0022\u003E\u00a7 3\u003C\/p\u003E\n\u003Cbr \/\u003E\n\u003Cp\u003EUchwa\u0142a wchodzi w \u017cycie z dniem podj\u0119cia.\u003C\/p\u003E\n\u003Cbr \/\u003E \u003Cbr \/\u003E Ryszard Ostrowski\u003Cbr \/\u003EPrzewodnicz\u0105cy Sejmiku\u003Cbr \/\u003EWojew\u00f3dztwa \u015al\u0105skiego\u003C\/div\u003E\n\u003C\/div\u003E\n\u003C\/div\u003E\n\u003C\/div\u003E","promotion":false}},{"id":"bf6dbc25-d119-11e7-80a9-005056b46601","type":"Gallery","name":"Galeria","description":"Galeria"},{"id":"bf6e1f6b-d119-11e7-80a9-005056b46601","type":"Attachment","name":"Za\u0142\u0105czniki","description":"Za\u0142\u0105czniki do strony"},{"id":"eba03b25-d9a7-11e7-b355-005056b70dba","type":"PageTitle","name":"","description":"Tytu\u0142 strony","content":{"title":"Uchwa\u0142a Sejmiku nr I\/50\/1\/2002 z dnia 2002-05-20"}},{"id":"eba07701-d9a7-11e7-b355-005056b70dba","type":"PageDescription","name":"","description":"Zajawka strony","content":[]},{"id":"1b1a7940-ff78-11e7-b81e-005056b7801d","type":"SectionDescription","name":"","description":"Zajawka sekcji","content":[]}]}

Uchwała Sejmiku nr I/50/1/2002 z dnia 2002-05-20

Urząd Marszałkowski Województwa Śląskiego

Uchwała Sejmiku

Data ogłoszenia

wprowadzenia zmian w uchwale Sejmiku Województwa Śląskiego nr I/15/2/99 z dnia 28 grudnia 1999 roku w sprawie ustalenia priorytetów współpracy zagranicznej Województwa Śląskiego

Numer uchwały

Treść

Treść strony

<div id="content">
<div id="aktualnosci" class="kontener">
<div class="tresc1">
<div class="lead1">Na podstawie<br />Na podstawie art. 18 pkt 13 w związku z art. 75 ust. 1 i 2<br /> ustawy z dnia 5 czerwca 1998 roku o samorządzie województwa<br /> (t.j. Dz. U. Nr 142 z 2001 roku, poz. 1590)<br /> <br /> mając na uwadze podporządkowanie przedsięwzięć współpracy zagranicznej<br /> Województwa Śląskiego przedsięwzięciom Strategii Rozwoju<br /> Województwa Śląskiego</div>
<div class="tresc">
<p align="center">§ 1</p>
<br />
<p>Wprowadzić następującą zmianę w uchwale nr I/15/2/99 Sejmiku Województwa Śląskiego z dnia 28 grudnia 1999 roku w sprawie ustalenia priorytetów współpracy zagranicznej Województwa Śląskiego: w paragrafie 5 dopisać punkt o treści: „Obwodem Czerniowieckim (Ukraina)”.</p>
<br />
<p align="center">§ 2</p>
<br />
<p>Wykonanie uchwały powierzyć Zarządowi Województwa Śląskiego.</p>
<br />
<p align="center">§ 3</p>
<br />
<p>Uchwała wchodzi w życie z dniem podjęcia.</p>
<br /> <br /> Ryszard Ostrowski<br />Przewodniczący Sejmiku<br />Województwa Śląskiego</div>
</div>
</div>
</div>

Załączniki

Załączniki do strony

Tytuł strony
