{"id":26947,"name":"uchwala-sejmiku-nr-i5032002-z-dnia-2002-05-20","title":"Uchwa\u0142a Sejmiku nr I\/50\/3\/2002 z dnia 2002-05-20","desc":"","header":"Uchwa\u0142a Sejmiku nr I\/50\/3\/2002 z dnia 2002-05-20","lead":"","keywords":"","changes":"migracja danych","menu":"","path":"\/sejmik_wojewodztwa\/sesje_sejmiku\/uchwaly\/uchwala-sejmiku-nr-i5032002-z-dnia-2002-05-20.html","url":"\/sejmik_wojewodztwa\/sesje_sejmiku\/uchwaly\/uchwala-sejmiku-nr-i5032002-z-dnia-2002-05-20.html","infoOwner":"Urz\u0105d Marsza\u0142kowski Wojew\u00f3dztwa \u015al\u0105skiego","dateFirstPublicate":"2022-02-21 09:49:58","dateLastVersionPublicate":"2022-02-21 09:49:58","dateAvailableFrom":"","dateAvailableTo":"","type":"Uchwa\u0142a Sejmiku","pageParams":[{"id":"225","name":"DATA_OGLOSZENIA","description":"Data og\u0142oszenia","value":"2002-05-20"},{"id":"235","name":"W sprawie","description":"W sprawie","value":"zmiany uchwa\u0142: nr I\/21\/16\/2000 z dnia 19 czerwca 2000 roku w sprawie oddania samodzielnemu publicznemu zak\u0142adowi opieki zdrowotnej \u201eSzpital Chor\u00f3b P\u0142uc\u201d w Siewierzu nieruchomo\u015bci w u\u017cytkowanie oraz I\/21\/20\/2000 z dnia 19 czerwca 2000 roku w sprawie oddania samodzielnemu publicznemu zak\u0142adowi opieki zdrowotnej \u201eCentrum Diagnostyki Medycznej i Rehabilitacji\u201d w Ustroniu nieruchomo\u015bci w u\u017cytkowanie"},{"id":"299","name":"NUMER_UCHWALY_SEJMIKU","description":"Numer uchwa\u0142y","value":"I\/50\/03\/2002"}],"components":[{"id":"bf6d5eba-d119-11e7-80a9-005056b46601","type":"ContentWYSIWYG","name":"Tre\u015b\u0107","description":"Tre\u015b\u0107 strony","content":{"content":"\u003Cdiv class=\u0022tresc1\u0022\u003E\n\u003Cdiv class=\u0022lead1\u0022\u003ENa podstawie\u003Cbr \/\u003Eart. 18 pkt 19 a\u003Cbr \/\u003E ustawy z dnia 5 czerwca 1998 roku o samorz\u0105dzie wojew\u00f3dztwa\u003Cbr \/\u003E (t.j. Dz. U. Nr 142 z 2001 roku, poz. 1590)\u003Cbr \/\u003E w zwi\u0105zku z art. 47 ust. 3 ustawy z dnia 13 pa\u017adziernika 1998 roku\u003Cbr \/\u003E \u201ePrzepisy wprowadzaj\u0105ce ustawy reformuj\u0105ce administracj\u0119 publiczn\u0105\u201d\u003Cbr \/\u003E (Dz.U. Nr 133, poz. 872 z p\u00f3\u017an. zm.)\u003Cbr \/\u003E zgodnie z rozporz\u0105dzeniem Prezesa Rady Ministr\u00f3w z dnia 22 czerwca 2001 roku\u003Cbr \/\u003E w sprawie wykazu samodzielnych publicznych zak\u0142ad\u00f3w opieki zdrowotnej, kt\u00f3re zosta\u0142y przej\u0119te przez gminy, powiaty i samorz\u0105dy wojew\u00f3dztw\u003Cbr \/\u003E (Dz.U. Nr 65, poz. 659 z p\u00f3\u017an. zm.)\u003Cbr \/\u003E oraz art. 53 ust. 1 i art. 56 ust. 2 ustawy z dnia 30 sierpnia 1991 roku\u003Cbr \/\u003E o zak\u0142adach opieki zdrowotnej\u003Cbr \/\u003E (Dz.U. Nr 91, poz. 408 z p\u00f3\u017an. zm.)\u003C\/div\u003E\n\u003Cdiv class=\u0022tresc\u0022\u003E\n\u003Cp align=\u0022center\u0022\u003E\u00a7 1\u003C\/p\u003E\n\u003Cbr \/\u003E\n\u003Cp\u003EDokona\u0107 zmiany uchwa\u0142y Sejmiku Wojew\u00f3dztwa \u015al\u0105skiego nr I\/21\/16\/2000 z dnia 19 czerwca 2000 roku w sprawie oddania samodzielnemu publicznemu zak\u0142adowi opieki zdrowotnej \u201eSzpital Chor\u00f3b P\u0142uc\u201d w Siewierzu nieruchomo\u015bci w u\u017cytkowanie w ten spos\u00f3b, \u017ce w \u00a7 1 ust. 1 uchwa\u0142y w wierszu 17 w miejsce liczby \u201e8384\u201d wpisa\u0107 liczb\u0119 \u201e8394\u201d.\u003C\/p\u003E\n\u003Cbr \/\u003E\n\u003Cp align=\u0022center\u0022\u003E\u00a7 2\u003C\/p\u003E\n\u003Cbr \/\u003E\n\u003Cp\u003EDokona\u0107 zmiany uchwa\u0142y Sejmiku Wojew\u00f3dztwa \u015al\u0105skiego nr I\/21\/20\/2000 z dnia 19 czerwca 2000 roku w sprawie oddania samodzielnemu publicznemu zak\u0142adowi opieki zdrowotnej \u201eCentrum Diagnostyki Medycznej i Rehabilitacji\u201d w Ustroniu nieruchomo\u015bci w u\u017cytkowanie w ten spos\u00f3b, \u017ce w \u00a7 1 ust. 1 uchwa\u0142y miejsce liczby \u201e3526\/6\u201d wpisa\u0107 liczb\u0119 \u201e3526\/2\u201d.\u003C\/p\u003E\n\u003Cbr \/\u003E\n\u003Cp align=\u0022center\u0022\u003E\u00a7 3\u003C\/p\u003E\n\u003Cbr \/\u003E\n\u003Cp\u003EWykonanie uchwa\u0142y powierzy\u0107 Zarz\u0105dowi Wojew\u00f3dztwa \u015al\u0105skiego.\u003C\/p\u003E\n\u003Cbr \/\u003E\n\u003Cp align=\u0022center\u0022\u003E\u00a7 4\u003C\/p\u003E\n\u003Cbr \/\u003E\n\u003Cp\u003EUchwa\u0142a wchodzi w \u017cycie z dniem podj\u0119cia.\u003C\/p\u003E\n\u003Cbr \/\u003E \u003Cbr \/\u003E Ryszard Ostrowski\u003Cbr \/\u003EPrzewodnicz\u0105cy Sejmiku\u003Cbr \/\u003EWojew\u00f3dztwa \u015al\u0105skiego\u003C\/div\u003E\n\u003C\/div\u003E","promotion":false}},{"id":"bf6dbc25-d119-11e7-80a9-005056b46601","type":"Gallery","name":"Galeria","description":"Galeria"},{"id":"bf6e1f6b-d119-11e7-80a9-005056b46601","type":"Attachment","name":"Za\u0142\u0105czniki","description":"Za\u0142\u0105czniki do strony"},{"id":"eba03b25-d9a7-11e7-b355-005056b70dba","type":"PageTitle","name":"","description":"Tytu\u0142 strony","content":{"title":"Uchwa\u0142a Sejmiku nr I\/50\/3\/2002 z dnia 2002-05-20"}},{"id":"eba07701-d9a7-11e7-b355-005056b70dba","type":"PageDescription","name":"","description":"Zajawka strony","content":[]},{"id":"1b1a7940-ff78-11e7-b81e-005056b7801d","type":"SectionDescription","name":"","description":"Zajawka sekcji","content":[]}]}

Uchwała Sejmiku nr I/50/3/2002 z dnia 2002-05-20

Urząd Marszałkowski Województwa Śląskiego

Uchwała Sejmiku

Data ogłoszenia

zmiany uchwał: nr I/21/16/2000 z dnia 19 czerwca 2000 roku w sprawie oddania samodzielnemu publicznemu zakładowi opieki zdrowotnej „Szpital Chorób Płuc” w Siewierzu nieruchomości w użytkowanie oraz I/21/20/2000 z dnia 19 czerwca 2000 roku w sprawie oddania samodzielnemu publicznemu zakładowi opieki zdrowotnej „Centrum Diagnostyki Medycznej i Rehabilitacji” w Ustroniu nieruchomości w użytkowanie

Numer uchwały

Treść

Treść strony

<div class="tresc1">
<div class="lead1">Na podstawie<br />art. 18 pkt 19 a<br /> ustawy z dnia 5 czerwca 1998 roku o samorządzie województwa<br /> (t.j. Dz. U. Nr 142 z 2001 roku, poz. 1590)<br /> w związku z art. 47 ust. 3 ustawy z dnia 13 października 1998 roku<br /> „Przepisy wprowadzające ustawy reformujące administrację publiczną”<br /> (Dz.U. Nr 133, poz. 872 z późn. zm.)<br /> zgodnie z rozporządzeniem Prezesa Rady Ministrów z dnia 22 czerwca 2001 roku<br /> w sprawie wykazu samodzielnych publicznych zakładów opieki zdrowotnej, które zostały przejęte przez gminy, powiaty i samorządy województw<br /> (Dz.U. Nr 65, poz. 659 z późn. zm.)<br /> oraz art. 53 ust. 1 i art. 56 ust. 2 ustawy z dnia 30 sierpnia 1991 roku<br /> o zakładach opieki zdrowotnej<br /> (Dz.U. Nr 91, poz. 408 z późn. zm.)</div>
<div class="tresc">
<p align="center">§ 1</p>
<br />
<p>Dokonać zmiany uchwały Sejmiku Województwa Śląskiego nr I/21/16/2000 z dnia 19 czerwca 2000 roku w sprawie oddania samodzielnemu publicznemu zakładowi opieki zdrowotnej „Szpital Chorób Płuc” w Siewierzu nieruchomości w użytkowanie w ten sposób, że w § 1 ust. 1 uchwały w wierszu 17 w miejsce liczby „8384” wpisać liczbę „8394”.</p>
<br />
<p align="center">§ 2</p>
<br />
<p>Dokonać zmiany uchwały Sejmiku Województwa Śląskiego nr I/21/20/2000 z dnia 19 czerwca 2000 roku w sprawie oddania samodzielnemu publicznemu zakładowi opieki zdrowotnej „Centrum Diagnostyki Medycznej i Rehabilitacji” w Ustroniu nieruchomości w użytkowanie w ten sposób, że w § 1 ust. 1 uchwały miejsce liczby „3526/6” wpisać liczbę „3526/2”.</p>
<br />
<p align="center">§ 3</p>
<br />
<p>Wykonanie uchwały powierzyć Zarządowi Województwa Śląskiego.</p>
<br />
<p align="center">§ 4</p>
<br />
<p>Uchwała wchodzi w życie z dniem podjęcia.</p>
<br /> <br /> Ryszard Ostrowski<br />Przewodniczący Sejmiku<br />Województwa Śląskiego</div>
</div>

Załączniki

Załączniki do strony

Tytuł strony
