{"id":29759,"name":"uchwala-sejmiku-nr-i5321999-z-dnia-1999-03-23","title":"Uchwa\u0142a Sejmiku nr I\/5\/32\/1999 z dnia 1999-03-23","desc":"","header":"Uchwa\u0142a Sejmiku nr I\/5\/32\/1999 z dnia 1999-03-23","lead":"","keywords":"","changes":"Migracja danych","menu":"","path":"\/sejmik_wojewodztwa\/sesje_sejmiku\/uchwaly\/uchwala-sejmiku-nr-i5321999-z-dnia-1999-03-23.html","url":"\/sejmik_wojewodztwa\/sesje_sejmiku\/uchwaly\/uchwala-sejmiku-nr-i5321999-z-dnia-1999-03-23.html","infoOwner":"Urz\u0105d Marsza\u0142kowski Wojew\u00f3dztwa \u015al\u0105skiego","dateFirstPublicate":"2022-05-17 10:20:04","dateLastVersionPublicate":"2022-05-17 10:20:04","dateAvailableFrom":"2022-05-17 10:19:43","dateAvailableTo":"","type":"Uchwa\u0142a Sejmiku","pageParams":[{"id":"225","name":"DATA_OGLOSZENIA","description":"Data og\u0142oszenia","value":"1999-03-23"},{"id":"235","name":"W sprawie","description":"W sprawie","value":"ustalenia planu sieci publicznych gimnazj\u00f3w specjalnych o charakterze regionalnym prowadzonych przez samorz\u0105d wojew\u00f3dztwa"},{"id":"299","name":"NUMER_UCHWALY_SEJMIKU","description":"Numer uchwa\u0142y","value":"I\/5\/32\/1999"}],"components":[{"id":"bf6d5eba-d119-11e7-80a9-005056b46601","type":"ContentWYSIWYG","name":"Tre\u015b\u0107","description":"Tre\u015b\u0107 strony","content":{"content":"\u003Cdiv class=\u0022tresc1\u0022\u003E\n\u003Cdiv class=\u0022lead1\u0022\u003ENa podstawie\u003Cbr \/\u003Eart. 17 ust. 4\u003Cbr \/\u003E Ustawy z dnia 7 wrze\u015bnia 1991 r. o systemie o\u015bwiaty\u003Cbr \/\u003E (Dz. U. z 1996 r. Nr 67 poz. 329, Nr 106 poz. 496,\u003Cbr \/\u003E z 1997 r. Nr 28, poz. 153, Nr 141 poz. 943,\u003Cbr \/\u003E z 1998 r. Nr 117 poz. 759, Nr 162 poz.1126)\u003Cbr \/\u003E oraz art. 14 ust.1 pkt 1, art. 18 pkt 20\u003Cbr \/\u003E ustawy z dnia 5 czerwca 1998 r. o samorz\u0105dzie wojew\u00f3dztwa\u003Cbr \/\u003E (Dz. U. Nr 91 poz. 576)\u003Cbr \/\u003E oraz art. 2 ust. 2\u003Cbr \/\u003E ustawy z dnia 8 stycznia 1999 r.\u003Cbr \/\u003E przepisy wprowadzaj\u0105ce reform\u0119 ustroju szkolnego \u003Cbr \/\u003E (Dz. U. Nr 12 poz. 96)\u003C\/div\u003E\n\u003Cdiv class=\u0022tresc\u0022\u003E\n\u003Cdiv align=\u0022center\u0022\u003E\u00a7 1\u003C\/div\u003E\n\u003Cbr \/\u003E \u003Cbr \/\u003E Ustala si\u0119 plan sieci publicznych gimnazj\u00f3w specjalnych o charakterze regionalnym prowadzonych przez Samorz\u0105d Wojew\u00f3dztwa \u015al\u0105skiego z siedzibami i strukturami organizacyjnymi, jak nast\u0119puje:\u003Cbr \/\u003E \u003Cbr \/\u003E 1. Gimnazjum Specjalne w Zespole Szk\u00f3\u0142 Specjalnych im. St. Kopczy\u0144skiego w Istebnej, 43-460 Wis\u0142a, Kubalonka 500;\u003Cbr \/\u003E \u003Cbr \/\u003E 2. Gimnazjum Specjalne w Zespole Szk\u00f3\u0142 Specjalnych w Skoczowie, 43-430 Skocz\u00f3w, ul. Mickiewicza 12;\u003Cbr \/\u003E \u003Cbr \/\u003E 3. Gimnazjum Specjalne w obiekcie Szko\u0142y Podstawowej w Wojew\u00f3dzkim Szpitalu Rehabilitacyjnym dla Dzieci w Jastrz\u0119biu Zdroju, 44-335 Jastrz\u0119bie Zdr\u00f3j, ul. Ko\u015bciuszki;\u003Cbr \/\u003E \u003Cbr \/\u003E 4. Gimnazjum Specjalne w obiekcie Szko\u0142y Podstawowej w O\u015brodku Leczniczo-Rehabilitacyjnym dla Dzieci Kamieniec-Zbros\u0142awice, 44-133 Kamieniec, ul. Gliwicka 1;\u003Cbr \/\u003E \u003Cbr \/\u003E 5. Gimnazjum Specjalne w obiekcie Szko\u0142y Podstawowej im. Powsta\u0144c\u00f3w \u015al\u0105skich w G\u00f3rno\u015bl\u0105skim O\u015brodku Rehabilitacji Dzieci w Rabce, 34-700 Rabka, ul. Dietla 5;\u003Cbr \/\u003E \u003Cbr \/\u003E 6. Gimnazjum Specjalne w obiekcie Szko\u0142y Podstawowej nr 11 w O\u015brodku Leczniczo-Wychowawczym dla dzieci w Orzeszu, 43-187 Orzesze-Zawi\u015b\u0107, ul. Miko\u0142owska 208;\u003Cbr \/\u003E \u003Cbr \/\u003E 7. Gimnazjum Specjalne w obiekcie Szko\u0142y Podstawowej nr 11 przy Sanatorium Rehabilitacji dla Dzieci Niesprawnych Ruchowo w Gocza\u0142kowicach-Zdroju, 43-230 Gocza\u0142kowice-Zdr\u00f3j, ul. Uzdrowiskowa 24.\u003Cbr \/\u003E \u003Cbr \/\u003E \u003Cbr \/\u003E\n\u003Cdiv align=\u0022center\u0022\u003E\u00a7 2\u003C\/div\u003E\n\u003Cbr \/\u003E \u003Cbr \/\u003E Za\u0142\u0105cznik do niniejszej uchwa\u0142y stanowi pozytywna opinia \u015al\u0105skiego Kuratora O\u015bwiaty w Katowicach.\u003Cbr \/\u003E \u003Cbr \/\u003E \u003Cbr \/\u003E\n\u003Cdiv align=\u0022center\u0022\u003E\u00a7 3\u003C\/div\u003E\n\u003Cbr \/\u003E \u003Cbr \/\u003E Uchwa\u0142a podlega og\u0142oszeniu w Dzienniku Urz\u0119dowym Wojew\u00f3dztwa \u015al\u0105skiego.\u003Cbr \/\u003E \u003Cbr \/\u003E \u003Cbr \/\u003E\n\u003Cdiv align=\u0022center\u0022\u003E\u00a7 4\u003C\/div\u003E\n\u003Cbr \/\u003E \u003Cbr \/\u003E Uchwa\u0142a wchodzi w \u017cycie z dniem podj\u0119cia.\u003Cbr \/\u003E \u003Cbr \/\u003E Ryszard Ostrowski\u003Cbr \/\u003EPrzewodnicz\u0105cy Sejmiku\u003Cbr \/\u003EWojew\u00f3dztwa \u015al\u0105skiego\u003C\/div\u003E\n\u003C\/div\u003E","promotion":false}},{"id":"bf6dbc25-d119-11e7-80a9-005056b46601","type":"Gallery","name":"Galeria","description":"Galeria"},{"id":"bf6e1f6b-d119-11e7-80a9-005056b46601","type":"Attachment","name":"Za\u0142\u0105czniki","description":"Za\u0142\u0105czniki do strony"},{"id":"eba03b25-d9a7-11e7-b355-005056b70dba","type":"PageTitle","name":"","description":"Tytu\u0142 strony","content":{"title":"Uchwa\u0142a Sejmiku nr I\/5\/32\/1999 z dnia 1999-03-23"}},{"id":"eba07701-d9a7-11e7-b355-005056b70dba","type":"PageDescription","name":"","description":"Zajawka strony","content":[]},{"id":"1b1a7940-ff78-11e7-b81e-005056b7801d","type":"SectionDescription","name":"","description":"Zajawka sekcji","content":[]}]}

Uchwała Sejmiku nr I/5/32/1999 z dnia 1999-03-23

Urząd Marszałkowski Województwa Śląskiego

Uchwała Sejmiku

Data ogłoszenia

ustalenia planu sieci publicznych gimnazjów specjalnych o charakterze regionalnym prowadzonych przez samorząd województwa

Numer uchwały

Treść

Treść strony

<div class="tresc1">
<div class="lead1">Na podstawie<br />art. 17 ust. 4<br /> Ustawy z dnia 7 września 1991 r. o systemie oświaty<br /> (Dz. U. z 1996 r. Nr 67 poz. 329, Nr 106 poz. 496,<br /> z 1997 r. Nr 28, poz. 153, Nr 141 poz. 943,<br /> z 1998 r. Nr 117 poz. 759, Nr 162 poz.1126)<br /> oraz art. 14 ust.1 pkt 1, art. 18 pkt 20<br /> ustawy z dnia 5 czerwca 1998 r. o samorządzie województwa<br /> (Dz. U. Nr 91 poz. 576)<br /> oraz art. 2 ust. 2<br /> ustawy z dnia 8 stycznia 1999 r.<br /> przepisy wprowadzające reformę ustroju szkolnego <br /> (Dz. U. Nr 12 poz. 96)</div>
<div class="tresc">
<div align="center">§ 1</div>
<br /> <br /> Ustala się plan sieci publicznych gimnazjów specjalnych o charakterze regionalnym prowadzonych przez Samorząd Województwa Śląskiego z siedzibami i strukturami organizacyjnymi, jak następuje:<br /> <br /> 1. Gimnazjum Specjalne w Zespole Szkół Specjalnych im. St. Kopczyńskiego w Istebnej, 43-460 Wisła, Kubalonka 500;<br /> <br /> 2. Gimnazjum Specjalne w Zespole Szkół Specjalnych w Skoczowie, 43-430 Skoczów, ul. Mickiewicza 12;<br /> <br /> 3. Gimnazjum Specjalne w obiekcie Szkoły Podstawowej w Wojewódzkim Szpitalu Rehabilitacyjnym dla Dzieci w Jastrzębiu Zdroju, 44-335 Jastrzębie Zdrój, ul. Kościuszki;<br /> <br /> 4. Gimnazjum Specjalne w obiekcie Szkoły Podstawowej w Ośrodku Leczniczo-Rehabilitacyjnym dla Dzieci Kamieniec-Zbrosławice, 44-133 Kamieniec, ul. Gliwicka 1;<br /> <br /> 5. Gimnazjum Specjalne w obiekcie Szkoły Podstawowej im. Powstańców Śląskich w Górnośląskim Ośrodku Rehabilitacji Dzieci w Rabce, 34-700 Rabka, ul. Dietla 5;<br /> <br /> 6. Gimnazjum Specjalne w obiekcie Szkoły Podstawowej nr 11 w Ośrodku Leczniczo-Wychowawczym dla dzieci w Orzeszu, 43-187 Orzesze-Zawiść, ul. Mikołowska 208;<br /> <br /> 7. Gimnazjum Specjalne w obiekcie Szkoły Podstawowej nr 11 przy Sanatorium Rehabilitacji dla Dzieci Niesprawnych Ruchowo w Goczałkowicach-Zdroju, 43-230 Goczałkowice-Zdrój, ul. Uzdrowiskowa 24.<br /> <br /> <br />
<div align="center">§ 2</div>
<br /> <br /> Załącznik do niniejszej uchwały stanowi pozytywna opinia Śląskiego Kuratora Oświaty w Katowicach.<br /> <br /> <br />
<div align="center">§ 3</div>
<br /> <br /> Uchwała podlega ogłoszeniu w Dzienniku Urzędowym Województwa Śląskiego.<br /> <br /> <br />
<div align="center">§ 4</div>
<br /> <br /> Uchwała wchodzi w życie z dniem podjęcia.<br /> <br /> Ryszard Ostrowski<br />Przewodniczący Sejmiku<br />Województwa Śląskiego</div>
</div>

Załączniki

Załączniki do strony

Tytuł strony
