{"id":26898,"name":"uchwala-sejmiku-nr-i5412002-z-dnia-2002-07-29","title":"Uchwa\u0142a Sejmiku nr I\/54\/1\/2002 z dnia 2002-07-29","desc":"","header":"Uchwa\u0142a Sejmiku nr I\/54\/1\/2002 z dnia 2002-07-29","lead":"","keywords":"","changes":"migracja danych","menu":"","path":"\/sejmik_wojewodztwa\/sesje_sejmiku\/uchwaly\/uchwala-sejmiku-nr-i5412002-z-dnia-2002-07-29.html","url":"\/sejmik_wojewodztwa\/sesje_sejmiku\/uchwaly\/uchwala-sejmiku-nr-i5412002-z-dnia-2002-07-29.html","infoOwner":"Urz\u0105d Marsza\u0142kowski Wojew\u00f3dztwa \u015al\u0105skiego","dateFirstPublicate":"2022-02-18 13:13:44","dateLastVersionPublicate":"2022-02-18 13:13:44","dateAvailableFrom":"","dateAvailableTo":"","type":"Uchwa\u0142a Sejmiku","pageParams":[{"id":"225","name":"DATA_OGLOSZENIA","description":"Data og\u0142oszenia","value":"2002-07-29"},{"id":"235","name":"W sprawie","description":"W sprawie","value":"przyst\u0105pienia Wojew\u00f3dztwa \u015al\u0105skiego do Stowarzyszenia \u0022Francja-Polska dla Europy\u0022"},{"id":"299","name":"NUMER_UCHWALY_SEJMIKU","description":"Numer uchwa\u0142y","value":"I\/54\/1\/2002"}],"components":[{"id":"bf6d5eba-d119-11e7-80a9-005056b46601","type":"ContentWYSIWYG","name":"Tre\u015b\u0107","description":"Tre\u015b\u0107 strony","content":{"content":"\u003Cdiv class=\u0022lead1\u0022\u003ENa podstawie\u003Cbr \/\u003Eart. 18 pkt. 14, w zwi\u0105zku z art. 76 ust. 3\u003Cbr \/\u003E ustawy z dnia 5 czerwca 1998 roku o samorz\u0105dzie wojew\u00f3dztwa\u003Cbr \/\u003E (Dz.U. Nr 142 z 2001 roku, poz. 1590)\u003Cbr \/\u003E oraz art. 4 ustawy z dnia 15 wrze\u015bnia 2000 roku\u003Cbr \/\u003E o zasadach przyst\u0119powania jednostek samorz\u0105du terytorialnego\u003Cbr \/\u003E do mi\u0119dzynarodowych zrzesze\u0144 spo\u0142eczno\u015bci lokalnych i regionalnych\u003Cbr \/\u003E (Dz.U. Nr 91 z 2000 roku, poz. 1009)\u003C\/div\u003E\n\u003Cdiv class=\u0022tresc\u0022\u003E\n\u003Cp align=\u0022center\u0022\u003E\u00a7 1\u003C\/p\u003E\n\u003Cbr \/\u003E\n\u003Cp\u003EPrzyst\u0105pi\u0107 do Stowarzyszenia \u201eFrancja-Polska dla Europy\u201d.\u003C\/p\u003E\n\u003Cbr \/\u003E\n\u003Cp align=\u0022center\u0022\u003E\u00a7 2\u003C\/p\u003E\n\u003Cbr \/\u003E\n\u003Cp\u003EPrzekaza\u0107 niniejsz\u0105 uchwa\u0142\u0119 ministrowi w\u0142a\u015bciwemu do spraw zagranicznych za po\u015brednictwem Wojewody \u015al\u0105skiego wraz ze statutem Stowarzyszenia i \u201ePriorytetami wsp\u00f3\u0142pracy zagranicznej Wojew\u00f3dztwa \u015al\u0105skiego\u201d.\u003C\/p\u003E\n\u003Cbr \/\u003E\n\u003Cp align=\u0022center\u0022\u003E\u00a7 3\u003C\/p\u003E\n\u003Cbr \/\u003E\n\u003Cp\u003EWykonanie uchwa\u0142y powierzy\u0107 Zarz\u0105dowi Wojew\u00f3dztwa \u015al\u0105skiego.\u003C\/p\u003E\n\u003Cbr \/\u003E\n\u003Cp align=\u0022center\u0022\u003E\u00a7 4\u003C\/p\u003E\n\u003Cbr \/\u003E\n\u003Cp\u003EUchwa\u0142a wchodzi w \u017cycie po uzyskaniu zgody ministra w\u0142a\u015bciwego do spraw zagranicznych.\u003C\/p\u003E\n\u003Cbr \/\u003E \u003Cbr \/\u003E Ryszard Ostrowski\u003Cbr \/\u003EPrzewodnicz\u0105cy Sejmiku\u003Cbr \/\u003EWojew\u00f3dztwa \u015al\u0105skiego\u003C\/div\u003E","promotion":false}},{"id":"bf6dbc25-d119-11e7-80a9-005056b46601","type":"Gallery","name":"Galeria","description":"Galeria"},{"id":"bf6e1f6b-d119-11e7-80a9-005056b46601","type":"Attachment","name":"Za\u0142\u0105czniki","description":"Za\u0142\u0105czniki do strony"},{"id":"eba03b25-d9a7-11e7-b355-005056b70dba","type":"PageTitle","name":"","description":"Tytu\u0142 strony","content":{"title":"Uchwa\u0142a Sejmiku nr I\/54\/1\/2002 z dnia 2002-07-29"}},{"id":"eba07701-d9a7-11e7-b355-005056b70dba","type":"PageDescription","name":"","description":"Zajawka strony","content":[]},{"id":"1b1a7940-ff78-11e7-b81e-005056b7801d","type":"SectionDescription","name":"","description":"Zajawka sekcji","content":[]}]}

Uchwała Sejmiku nr I/54/1/2002 z dnia 2002-07-29

Urząd Marszałkowski Województwa Śląskiego

Uchwała Sejmiku

Data ogłoszenia

przystąpienia Województwa Śląskiego do Stowarzyszenia "Francja-Polska dla Europy"

Numer uchwały

Treść

Treść strony

<div class="lead1">Na podstawie<br />art. 18 pkt. 14, w związku z art. 76 ust. 3<br /> ustawy z dnia 5 czerwca 1998 roku o samorządzie województwa<br /> (Dz.U. Nr 142 z 2001 roku, poz. 1590)<br /> oraz art. 4 ustawy z dnia 15 września 2000 roku<br /> o zasadach przystępowania jednostek samorządu terytorialnego<br /> do międzynarodowych zrzeszeń społeczności lokalnych i regionalnych<br /> (Dz.U. Nr 91 z 2000 roku, poz. 1009)</div>
<div class="tresc">
<p align="center">§ 1</p>
<br />
<p>Przystąpić do Stowarzyszenia „Francja-Polska dla Europy”.</p>
<br />
<p align="center">§ 2</p>
<br />
<p>Przekazać niniejszą uchwałę ministrowi właściwemu do spraw zagranicznych za pośrednictwem Wojewody Śląskiego wraz ze statutem Stowarzyszenia i „Priorytetami współpracy zagranicznej Województwa Śląskiego”.</p>
<br />
<p align="center">§ 3</p>
<br />
<p>Wykonanie uchwały powierzyć Zarządowi Województwa Śląskiego.</p>
<br />
<p align="center">§ 4</p>
<br />
<p>Uchwała wchodzi w życie po uzyskaniu zgody ministra właściwego do spraw zagranicznych.</p>
<br /> <br /> Ryszard Ostrowski<br />Przewodniczący Sejmiku<br />Województwa Śląskiego</div>

Załączniki

Załączniki do strony

Tytuł strony
