{"id":26896,"name":"uchwala-sejmiku-nr-i55122002-z-dnia-2002-08-26","title":"Uchwa\u0142a Sejmiku nr I\/55\/12\/2002 z dnia 2002-08-26","desc":"","header":"Uchwa\u0142a Sejmiku nr I\/55\/12\/2002 z dnia 2002-08-26","lead":"","keywords":"","changes":"migracja danych","menu":"","path":"\/sejmik_wojewodztwa\/sesje_sejmiku\/uchwaly\/uchwala-sejmiku-nr-i55122002-z-dnia-2002-08-26.html","url":"\/sejmik_wojewodztwa\/sesje_sejmiku\/uchwaly\/uchwala-sejmiku-nr-i55122002-z-dnia-2002-08-26.html","infoOwner":"Urz\u0105d Marsza\u0142kowski Wojew\u00f3dztwa \u015al\u0105skiego","dateFirstPublicate":"2022-02-18 13:08:43","dateLastVersionPublicate":"2022-02-18 13:08:43","dateAvailableFrom":"","dateAvailableTo":"","type":"Uchwa\u0142a Sejmiku","pageParams":[{"id":"225","name":"DATA_OGLOSZENIA","description":"Data og\u0142oszenia","value":"2002-08-26"},{"id":"235","name":"W sprawie","description":"W sprawie","value":"sposobu ustalania wynagrodze\u0144 pracownik\u00f3w jednostki bud\u017cetowej Wojew\u00f3dztwa \u015al\u0105skiego pod nazw\u0105 Biuro Regionalne Wojew\u00f3dztwa \u015al\u0105skiego w Brukseli"},{"id":"299","name":"NUMER_UCHWALY_SEJMIKU","description":"Numer uchwa\u0142y","value":"I\/55\/12\/2002"}],"components":[{"id":"bf6d5eba-d119-11e7-80a9-005056b46601","type":"ContentWYSIWYG","name":"Tre\u015b\u0107","description":"Tre\u015b\u0107 strony","content":{"content":"\u003Cdiv class=\u0022lead1\u0022\u003ENa podstawie\u003Cbr \/\u003Eart. 18 pkt 20 \u003Cbr \/\u003E ustawy z dnia 5 czerwca 1998 roku o samorz\u0105dzie wojew\u00f3dztwa \u003Cbr \/\u003E (t.j. Dz.U. nr 142 z 2001 roku, poz. 1590 z p\u00f3\u017an. zm.)\u003Cbr \/\u003E oraz \u00a7 2 pkt. 2 i \u00a7 3 ust. 3 rozporz\u0105dzenia Rady Ministr\u00f3w z dnia 26 lipca 2000 roku \u003Cbr \/\u003E w sprawie zasad wynagradzania i wymaga\u0144 kwalifikacyjnych pracownik\u00f3w samorz\u0105dowych \u003Cbr \/\u003E zatrudnionych w jednostkach organizacyjnych jednostek samorz\u0105du terytorialnego\u003Cbr \/\u003E (Dz. U. Nr 61 , poz. 708 z p\u00f3\u017an. zm.)\u003C\/div\u003E\n\u003Cdiv class=\u0022tresc\u0022\u003E\n\u003Cp align=\u0022center\u0022\u003E\u00a7 1\u003C\/p\u003E\n\u003Cbr \/\u003E\n\u003Cp\u003EUstala si\u0119 zasady wynagradzania pracownik\u00f3w jednostki bud\u017cetowej Wojew\u00f3dztwa \u015al\u0105skiego pod nazw\u0105 Biuro Regionalne Wojew\u00f3dztwa \u015al\u0105skiego w Brukseli przez:\u003C\/p\u003E\n\u003Cbr \/\u003E\n\u003Cblockquote dir=\u0022ltr\u0022 style=\u0022margin-right: 0px;\u0022\u003E\u003Cbr \/\u003E\n\u003Cp\u003E1) Przyj\u0119cie najni\u017cszego wynagrodzenia w rozumieniu rozporz\u0105dzenia Rady Ministr\u00f3w z dnia 26.07.2000 r. w sprawie zasad wynagradzania i wymaga\u0144 kwalifikacyjnych pracownik\u00f3w samorz\u0105dowych zatrudnionych w jednostkach organizacyjnych jednostek samorz\u0105du terytorialnego (Dz. U. Nr 61 , poz. 708 z p\u00f3\u013dn. zm.) w kwocie \u003Cstrong\u003E760,00 z\u0142otych\u003C\/strong\u003E.\u003C\/p\u003E\n\u003Cbr \/\u003E\n\u003Cp\u003E2) Przyj\u0119cie warto\u015bci jednego punktu w kwocie 8 z\u0142otych, wed\u0142ug tabeli punktowych rozpi\u0119to\u015bci dla poszczeg\u00f3lnych kategorii zaszeregowa\u0144 pracownik\u00f3w.\u003C\/p\u003E\n\u003C\/blockquote\u003E\n\u003Cbr \/\u003E\n\u003Cp align=\u0022center\u0022\u003E\u00a7 2\u003C\/p\u003E\n\u003Cbr \/\u003E\n\u003Cp\u003EZasady, o kt\u00f3rych mowa w \u00a71, stosuje si\u0119 do obliczania wynagrodzenia zasadniczego, przys\u0142uguj\u0105cego pracownikom jednostki bud\u017cetowej Wojew\u00f3dztwa \u015al\u0105skiego pod nazw\u0105 Biuro Regionalne Wojew\u00f3dztwa \u015al\u0105skiego w Brukseli, od 1 wrze\u015bnia 2002 r.\u003C\/p\u003E\n\u003Cbr \/\u003E\n\u003Cp align=\u0022center\u0022\u003E\u00a7 3\u003C\/p\u003E\n\u003Cbr \/\u003E\n\u003Cp\u003EWykonanie uchwa\u0142y powierza si\u0119 Zarz\u0105dowi Wojew\u00f3dztwa.\u003C\/p\u003E\n\u003Cbr \/\u003E\n\u003Cp align=\u0022center\u0022\u003E\u00a7 4\u003C\/p\u003E\n\u003Cbr \/\u003E\n\u003Cp\u003EUchwa\u0142a wchodzi w \u017cycie z dniem podj\u0119cia.\u003C\/p\u003E\n\u003Cbr \/\u003E \u003Cbr \/\u003E Ryszard Ostrowski\u003Cbr \/\u003EPrzewodnicz\u0105cy Sejmiku\u003Cbr \/\u003EWojew\u00f3dztwa \u015al\u0105skiego\u003C\/div\u003E","promotion":false}},{"id":"bf6dbc25-d119-11e7-80a9-005056b46601","type":"Gallery","name":"Galeria","description":"Galeria"},{"id":"bf6e1f6b-d119-11e7-80a9-005056b46601","type":"Attachment","name":"Za\u0142\u0105czniki","description":"Za\u0142\u0105czniki do strony"},{"id":"eba03b25-d9a7-11e7-b355-005056b70dba","type":"PageTitle","name":"","description":"Tytu\u0142 strony","content":{"title":"Uchwa\u0142a Sejmiku nr I\/55\/12\/2002 z dnia 2002-08-26"}},{"id":"eba07701-d9a7-11e7-b355-005056b70dba","type":"PageDescription","name":"","description":"Zajawka strony","content":[]},{"id":"1b1a7940-ff78-11e7-b81e-005056b7801d","type":"SectionDescription","name":"","description":"Zajawka sekcji","content":[]}]}

Uchwała Sejmiku nr I/55/12/2002 z dnia 2002-08-26

Urząd Marszałkowski Województwa Śląskiego

Uchwała Sejmiku

Data ogłoszenia

sposobu ustalania wynagrodzeń pracowników jednostki budżetowej Województwa Śląskiego pod nazwą Biuro Regionalne Województwa Śląskiego w Brukseli

Numer uchwały

Treść

Treść strony

<div class="lead1">Na podstawie<br />art. 18 pkt 20 <br /> ustawy z dnia 5 czerwca 1998 roku o samorządzie województwa <br /> (t.j. Dz.U. nr 142 z 2001 roku, poz. 1590 z późn. zm.)<br /> oraz § 2 pkt. 2 i § 3 ust. 3 rozporządzenia Rady Ministrów z dnia 26 lipca 2000 roku <br /> w sprawie zasad wynagradzania i wymagań kwalifikacyjnych pracowników samorządowych <br /> zatrudnionych w jednostkach organizacyjnych jednostek samorządu terytorialnego<br /> (Dz. U. Nr 61 , poz. 708 z późn. zm.)</div>
<div class="tresc">
<p align="center">§ 1</p>
<br />
<p>Ustala się zasady wynagradzania pracowników jednostki budżetowej Województwa Śląskiego pod nazwą Biuro Regionalne Województwa Śląskiego w Brukseli przez:</p>
<br />
<blockquote dir="ltr" style="margin-right: 0px;"><br />
<p>1) Przyjęcie najniższego wynagrodzenia w rozumieniu rozporządzenia Rady Ministrów z dnia 26.07.2000 r. w sprawie zasad wynagradzania i wymagań kwalifikacyjnych pracowników samorządowych zatrudnionych w jednostkach organizacyjnych jednostek samorządu terytorialnego (Dz. U. Nr 61 , poz. 708 z póĽn. zm.) w kwocie <strong>760,00 złotych</strong>.</p>
<br />
<p>2) Przyjęcie wartości jednego punktu w kwocie 8 złotych, według tabeli punktowych rozpiętości dla poszczególnych kategorii zaszeregowań pracowników.</p>
</blockquote>
<br />
<p align="center">§ 2</p>
<br />
<p>Zasady, o których mowa w §1, stosuje się do obliczania wynagrodzenia zasadniczego, przysługującego pracownikom jednostki budżetowej Województwa Śląskiego pod nazwą Biuro Regionalne Województwa Śląskiego w Brukseli, od 1 września 2002 r.</p>
<br />
<p align="center">§ 3</p>
<br />
<p>Wykonanie uchwały powierza się Zarządowi Województwa.</p>
<br />
<p align="center">§ 4</p>
<br />
<p>Uchwała wchodzi w życie z dniem podjęcia.</p>
<br /> <br /> Ryszard Ostrowski<br />Przewodniczący Sejmiku<br />Województwa Śląskiego</div>

Załączniki

Załączniki do strony

Tytuł strony
