{"id":29339,"name":"uchwala-sejmiku-nr-i7201999-z-dnia-1999-04-26","title":"Uchwa\u0142a Sejmiku nr I\/7\/20\/1999 z dnia 1999-04-26","desc":"","header":"Uchwa\u0142a Sejmiku nr I\/7\/20\/1999 z dnia 1999-04-26","lead":"","keywords":"","changes":"Migracja danych","menu":"","path":"\/sejmik_wojewodztwa\/sesje_sejmiku\/uchwaly\/uchwala-sejmiku-nr-i7201999-z-dnia-1999-04-26.html","url":"\/sejmik_wojewodztwa\/sesje_sejmiku\/uchwaly\/uchwala-sejmiku-nr-i7201999-z-dnia-1999-04-26.html","infoOwner":"Urz\u0105d Marsza\u0142kowski Wojew\u00f3dztwa \u015al\u0105skiego","dateFirstPublicate":"2022-05-02 09:46:36","dateLastVersionPublicate":"2022-05-02 09:46:36","dateAvailableFrom":"2022-05-02 09:45:54","dateAvailableTo":"","type":"Uchwa\u0142a Sejmiku","pageParams":[{"id":"225","name":"DATA_OGLOSZENIA","description":"Data og\u0142oszenia","value":"1999-04-26"},{"id":"235","name":"W sprawie","description":"W sprawie","value":"konkursu na stanowisko \u015al\u0105skiego Kuratora O\u015bwiaty"},{"id":"299","name":"NUMER_UCHWALY_SEJMIKU","description":"Numer uchwa\u0142y","value":"I\/7\/20\/1999"}],"components":[{"id":"bf6d5eba-d119-11e7-80a9-005056b46601","type":"ContentWYSIWYG","name":"Tre\u015b\u0107","description":"Tre\u015b\u0107 strony","content":{"content":"\u003Cdiv class=\u0022lead1\u0022\u003ENa podstawie\u003Cbr \/\u003E\u00a7 2 ust. 2 Tymczasowego Regulaminu Obradowania\u003Cbr \/\u003E Sejmiku Wojew\u00f3dztwa \u015al\u0105skiego\u003C\/div\u003E\n\u003Cdiv class=\u0022tresc\u0022\u003E\n\u003Cdiv align=\u0022center\u0022\u003E\u00a7 1\u003C\/div\u003E\n\u003Cbr \/\u003E \u003Cbr \/\u003E Wyrazi\u0107 sprzeciw wobec pomini\u0119cia przedstawicieli Sejmiku w sk\u0142adzie komisji konkursowej wy\u0142aniaj\u0105cej kandydata na stanowisko \u015al\u0105skiego Kuratora O\u015bwiaty.\u003Cbr \/\u003E \u003Cbr \/\u003E \u003Cbr \/\u003E\n\u003Cdiv align=\u0022center\u0022\u003E\u00a7 2\u003C\/div\u003E\n\u003Cbr \/\u003E \u003Cbr \/\u003E Wyst\u0105pi\u0107 do Ministra Edukacji Narodowej o tak\u0105 korekt\u0119 przepis\u00f3w, aby sejmik wojew\u00f3dztwa m\u00f3g\u0142 przej\u0105\u0107 dotychczasow\u0105 rol\u0119 sejmiku samorz\u0105dowego w post\u0119powaniu konkursowym.\u003Cbr \/\u003E \u003Cbr \/\u003E \u003Cbr \/\u003E\n\u003Cdiv align=\u0022center\u0022\u003E\u00a7 3\u003C\/div\u003E\n\u003Cbr \/\u003E \u003Cbr \/\u003E Uchwa\u0142a wchodzi w \u017cycie z dniem podj\u0119cia.\u003Cbr \/\u003E \u003Cbr \/\u003E Ryszard Ostrowski\u003Cbr \/\u003EPrzewodnicz\u0105cy Sejmiku\u003Cbr \/\u003EWojew\u00f3dztwa \u015al\u0105skiego\u003C\/div\u003E","promotion":false}},{"id":"bf6dbc25-d119-11e7-80a9-005056b46601","type":"Gallery","name":"Galeria","description":"Galeria"},{"id":"bf6e1f6b-d119-11e7-80a9-005056b46601","type":"Attachment","name":"Za\u0142\u0105czniki","description":"Za\u0142\u0105czniki do strony"},{"id":"eba03b25-d9a7-11e7-b355-005056b70dba","type":"PageTitle","name":"","description":"Tytu\u0142 strony","content":{"title":"Uchwa\u0142a Sejmiku nr I\/7\/20\/1999 z dnia 1999-04-26"}},{"id":"eba07701-d9a7-11e7-b355-005056b70dba","type":"PageDescription","name":"","description":"Zajawka strony","content":[]},{"id":"1b1a7940-ff78-11e7-b81e-005056b7801d","type":"SectionDescription","name":"","description":"Zajawka sekcji","content":[]}]}

Uchwała Sejmiku nr I/7/20/1999 z dnia 1999-04-26

Urząd Marszałkowski Województwa Śląskiego

Uchwała Sejmiku

Data ogłoszenia

konkursu na stanowisko Śląskiego Kuratora Oświaty

Numer uchwały

Treść

Treść strony

<div class="lead1">Na podstawie<br />§ 2 ust. 2 Tymczasowego Regulaminu Obradowania<br /> Sejmiku Województwa Śląskiego</div>
<div class="tresc">
<div align="center">§ 1</div>
<br /> <br /> Wyrazić sprzeciw wobec pominięcia przedstawicieli Sejmiku w składzie komisji konkursowej wyłaniającej kandydata na stanowisko Śląskiego Kuratora Oświaty.<br /> <br /> <br />
<div align="center">§ 2</div>
<br /> <br /> Wystąpić do Ministra Edukacji Narodowej o taką korektę przepisów, aby sejmik województwa mógł przejąć dotychczasową rolę sejmiku samorządowego w postępowaniu konkursowym.<br /> <br /> <br />
<div align="center">§ 3</div>
<br /> <br /> Uchwała wchodzi w życie z dniem podjęcia.<br /> <br /> Ryszard Ostrowski<br />Przewodniczący Sejmiku<br />Województwa Śląskiego</div>

Załączniki

Załączniki do strony

Tytuł strony
