{"id":27414,"name":"uchwala-sejmiku-nr-ii10232003-z-dnia-2003-07-07","title":"Uchwa\u0142a Sejmiku nr II\/10\/23\/2003 z dnia 2003-07-07","desc":"","header":"Uchwa\u0142a Sejmiku nr II\/10\/23\/2003 z dnia 2003-07-07","lead":"","keywords":"","changes":"Migracja danych","menu":"","path":"\/sejmik_wojewodztwa\/sesje_sejmiku\/uchwaly\/uchwala-sejmiku-nr-ii10232003-z-dnia-2003-07-07.html","url":"\/sejmik_wojewodztwa\/sesje_sejmiku\/uchwaly\/uchwala-sejmiku-nr-ii10232003-z-dnia-2003-07-07.html","infoOwner":"Urz\u0105d Marsza\u0142kowski Wojew\u00f3dztwa \u015al\u0105skiego","dateFirstPublicate":"2022-03-08 09:40:06","dateLastVersionPublicate":"2022-03-08 09:45:03","dateAvailableFrom":"2022-03-08 09:36:43","dateAvailableTo":"","type":"Uchwa\u0142a Sejmiku","pageParams":[{"id":"225","name":"DATA_OGLOSZENIA","description":"Data og\u0142oszenia","value":"2003-07-07"},{"id":"235","name":"W sprawie","description":"W sprawie","value":"zmiany uchwa\u0142y nr II\/8\/17\/2003 z dnia 19 maja 2003 roku"},{"id":"299","name":"NUMER_UCHWALY_SEJMIKU","description":"Numer uchwa\u0142y","value":"II\/10\/23\/2003"}],"components":[{"id":"bf6d5eba-d119-11e7-80a9-005056b46601","type":"ContentWYSIWYG","name":"Tre\u015b\u0107","description":"Tre\u015b\u0107 strony","content":{"content":"\u003Cdiv class=\u0022tresc1\u0022\u003E\n\u003Cdiv class=\u0022lead1\u0022\u003ENa podstawie\u003Cbr \/\u003Eart. 18 pkt 2\u003Cbr \/\u003E ustawy z dnia 5 czerwca 1998 roku o samorz\u0105dzie wojew\u00f3dztwa\u003Cbr \/\u003E (t. j. Dz.U. Nr 142 z 2001 roku, poz. 1590 z p\u00f3\u017an. zm.)\u003C\/div\u003E\n\u003Cdiv class=\u0022tresc\u0022\u003E\n\u003Cp align=\u0022center\u0022\u003E\u00a7 1\u003C\/p\u003E\n\u003Cbr \/\u003E\n\u003Cp\u003EZmieni\u0107 uchwa\u0142\u0119 nr II\/8\/17\/2003 z dnia 19 maja 2003 roku w sprawie:\u003C\/p\u003E\n\u003Cbr \/\u003E\n\u003Cp\u003E\u201eUchwalenia \u201eWojew\u00f3dzkiego Programu Rozwoju Bazy Sportowej\u201d z uwzgl\u0119dnieniem dofinansowania przez Ministra Edukacji Narodowej i Sportu w roku 2003\u201d w ten spos\u00f3b, \u017ce:\u003C\/p\u003E\n\u003Cbr \/\u003E\u003Cbr \/\u003E\n\u003Col\u003E\n\u003Cli\u003EW za\u0142\u0105czniku do uchwa\u0142y w L.p 17 w kolumnie 11 w miejsce dotychczasowej kwoty \u201e1 285\u201d wpisa\u0107 \u201e 525\u201d, a w kolumnie \u201e12\u201d wpisa\u0107 kwot\u0119 \u201e760\u201d,\u003C\/li\u003E\n\u003Cli\u003EW grupie inwestycji noworozpoczynanych dopisa\u0107 poz. 27, 28, 29, 30 stanowi\u0105ce inwestycje dodatkowo dofinansowane w ramach przesuni\u0119cia \u015brodk\u00f3w niewykorzystanych w roku 2003 przez Gmin\u0119 Psz\u00f3w,\u003C\/li\u003E\n\u003C\/ol\u003E\n\u003Cbr \/\u003E\n\u003Cp\u003Eujmuj\u0105c zmiany w tre\u015bci jednolitej za\u0142\u0105cznika okre\u015blonego jako za\u0142\u0105cznik nr 1 do niniejszej uchwa\u0142y\u003C\/p\u003E\n\u003Cbr \/\u003E\n\u003Cp align=\u0022center\u0022\u003E\u00a7 2\u003C\/p\u003E\n\u003Cbr \/\u003E\n\u003Cp\u003EWykonanie uchwa\u0142y powierzy\u0107 Zarz\u0105dowi Wojew\u00f3dztwa \u015al\u0105skiego.\u003C\/p\u003E\n\u003Cbr \/\u003E\n\u003Cp align=\u0022center\u0022\u003E\u00a7 3\u003C\/p\u003E\n\u003Cbr \/\u003E\n\u003Cp\u003EUchwa\u0142a wchodzi w \u017cycie z dniem podj\u0119cia.\u003C\/p\u003E\n\u003Cbr \/\u003E \u003Cbr \/\u003E Zbigniew Wieczorek \u003Cbr \/\u003E Przewodnicz\u0105cy Sejmiku \u003Cbr \/\u003E Wojew\u00f3dztwa \u015al\u0105skiego\u003C\/div\u003E\n\u003C\/div\u003E\n\u003Cdiv class=\u0022tresc2\u0022\u003E\u003C\/div\u003E","promotion":false}},{"id":"bf6dbc25-d119-11e7-80a9-005056b46601","type":"Gallery","name":"Galeria","description":"Galeria"},{"id":"bf6e1f6b-d119-11e7-80a9-005056b46601","type":"Attachment","name":"Za\u0142\u0105czniki","description":"Za\u0142\u0105czniki do strony","content":[{"src":"\/resource\/47242\/Za%25C5%2582%25C4%2585cznik+do+uchwa%25C5%2582y+II-10-23-2003.xls","extension":"XLS","name":"72606c43e1a6c270c7729beab8599ac2.xls","size":"43.5 KB"}]},{"id":"eba03b25-d9a7-11e7-b355-005056b70dba","type":"PageTitle","name":"","description":"Tytu\u0142 strony","content":{"title":"Uchwa\u0142a Sejmiku nr II\/10\/23\/2003 z dnia 2003-07-07"}},{"id":"eba07701-d9a7-11e7-b355-005056b70dba","type":"PageDescription","name":"","description":"Zajawka strony","content":[]},{"id":"1b1a7940-ff78-11e7-b81e-005056b7801d","type":"SectionDescription","name":"","description":"Zajawka sekcji","content":[]}]}

Uchwała Sejmiku nr II/10/23/2003 z dnia 2003-07-07

Urząd Marszałkowski Województwa Śląskiego

Uchwała Sejmiku

Data ogłoszenia

zmiany uchwały nr II/8/17/2003 z dnia 19 maja 2003 roku

Numer uchwały

Treść

Treść strony

<div class="tresc1">
<div class="lead1">Na podstawie<br />art. 18 pkt 2<br /> ustawy z dnia 5 czerwca 1998 roku o samorządzie województwa<br /> (t. j. Dz.U. Nr 142 z 2001 roku, poz. 1590 z późn. zm.)</div>
<div class="tresc">
<p align="center">§ 1</p>
<br />
<p>Zmienić uchwałę nr II/8/17/2003 z dnia 19 maja 2003 roku w sprawie:</p>
<br />
<p>„Uchwalenia „Wojewódzkiego Programu Rozwoju Bazy Sportowej” z uwzględnieniem dofinansowania przez Ministra Edukacji Narodowej i Sportu w roku 2003” w ten sposób, że:</p>
<br /><br />
<ol>
<li>W załączniku do uchwały w L.p 17 w kolumnie 11 w miejsce dotychczasowej kwoty „1 285” wpisać „ 525”, a w kolumnie „12” wpisać kwotę „760”,</li>
<li>W grupie inwestycji noworozpoczynanych dopisać poz. 27, 28, 29, 30 stanowiące inwestycje dodatkowo dofinansowane w ramach przesunięcia środków niewykorzystanych w roku 2003 przez Gminę Pszów,</li>
</ol>
<br />
<p>ujmując zmiany w treści jednolitej załącznika określonego jako załącznik nr 1 do niniejszej uchwały</p>
<br />
<p align="center">§ 2</p>
<br />
<p>Wykonanie uchwały powierzyć Zarządowi Województwa Śląskiego.</p>
<br />
<p align="center">§ 3</p>
<br />
<p>Uchwała wchodzi w życie z dniem podjęcia.</p>
<br /> <br /> Zbigniew Wieczorek <br /> Przewodniczący Sejmiku <br /> Województwa Śląskiego</div>
</div>
<div class="tresc2"></div>

Załączniki

Załączniki do strony

Tytuł strony
