{"id":26793,"name":"uchwala-sejmiku-nr-ii1252003-z-dnia-2003-09-26","title":"Uchwa\u0142a Sejmiku nr II\/12\/5\/2003 z dnia 2003-09-26","desc":"","header":"Uchwa\u0142a Sejmiku nr II\/12\/5\/2003 z dnia 2003-09-26","lead":"","keywords":"","changes":"Migracja danych","menu":"","path":"\/sejmik_wojewodztwa\/sesje_sejmiku\/uchwaly\/uchwala-sejmiku-nr-ii1252003-z-dnia-2003-09-26.html","url":"\/sejmik_wojewodztwa\/sesje_sejmiku\/uchwaly\/uchwala-sejmiku-nr-ii1252003-z-dnia-2003-09-26.html","infoOwner":"Urz\u0105d Marsza\u0142kowski Wojew\u00f3dztwa \u015al\u0105skiego","dateFirstPublicate":"2022-02-17 11:32:18","dateLastVersionPublicate":"2022-02-17 11:32:18","dateAvailableFrom":"2022-02-17 11:31:04","dateAvailableTo":"","type":"Uchwa\u0142a Sejmiku","pageParams":[{"id":"225","name":"DATA_OGLOSZENIA","description":"Data og\u0142oszenia","value":"2003-09-26"},{"id":"235","name":"W sprawie","description":"W sprawie","value":"zmiany uchwa\u0142y nr II\/10\/13\/2003 z dnia 7 lipca 2003 roku w sprawie zmiany bud\u017cetu Wojew\u00f3dztwa \u015al\u0105skiego na rok 2003"},{"id":"299","name":"NUMER_UCHWALY_SEJMIKU","description":"Numer uchwa\u0142y","value":"II\/12\/05\/2003"}],"components":[{"id":"bf6d5eba-d119-11e7-80a9-005056b46601","type":"ContentWYSIWYG","name":"Tre\u015b\u0107","description":"Tre\u015b\u0107 strony","content":{"content":"\u003Cdiv class=\u0022lead1\u0022\u003ENa podstawie\u003Cbr \/\u003Eart. 18 pkt 6\u003Cbr \/\u003E ustawy z dnia 5 czerwca 1998 roku o samorz\u0105dzie wojew\u00f3dztwa\u003Cbr \/\u003E (Dz. U. Nr 142 z 2001 roku, poz. 1590 z p\u00f3\u017an. zm.)\u003Cbr \/\u003E oraz art. 55 ust. 1 pkt 3\u003Cbr \/\u003E ustawy z dnia 30 sierpnia 1991 roku o zak\u0142adach opieki zdrowotnej\u003Cbr \/\u003E (Dz. U. Nr 91, poz. 408 z p\u00f3\u017an. zm.)\u003C\/div\u003E\n\u003Cdiv class=\u0022tresc\u0022\u003E\n\u003Cdiv align=\u0022center\u0022\u003E\u00a7 1\u003C\/div\u003E\n\u003Cbr \/\u003E \u003Cbr \/\u003E Zmieni\u0107 uchwa\u0142\u0119 nr II\/10\/13\/2003 z dnia 7 lipca 2003 roku w sprawie zmiany bud\u017cetu Wojew\u00f3dztwa \u015al\u0105skiego na rok 2003 w ten spos\u00f3b, \u017ce w za\u0142\u0105czniku nr 2 do uchwa\u0142y dotychczasowy zapis:\u003Cbr \/\u003E \u003Cbr \/\u003E\u003Cbr \/\u003E\n\u003Ctable width=\u0022500\u0022 cellspacing=\u00221\u0022 cellpadding=\u00221\u0022 border=\u00221\u0022 align=\u0022center\u0022\u003E\n\u003Ctbody\u003E\n\u003Ctr\u003E\n\u003Ctd\u003E\u003Cbr \/\u003E\n\u003Cp align=\u0022center\u0022\u003E\u003C\/p\u003E\n\u003Cbr \/\u003E\n\u003Cp align=\u0022center\u0022\u003E\u003Cspan style=\u0022font-family: Verdana, Arial, Helvetica, sans-serif; font-size: xx-small;\u0022 size=\u00221\u0022 face=\u0022Verdana, Arial, Helvetica, sans-serif\u0022\u003E\u003Cb\u003EDzia\u0142\u003C\/b\u003E\u003C\/span\u003E\u003C\/p\u003E\n\u003Cbr \/\u003E\n\u003Cp align=\u0022center\u0022\u003E\u003C\/p\u003E\n\u003C\/td\u003E\n\u003Ctd\u003E\u003Cbr \/\u003E\n\u003Cdiv align=\u0022center\u0022\u003E\u003Cspan style=\u0022font-family: Verdana, Arial, Helvetica, sans-serif; font-size: xx-small;\u0022 size=\u00221\u0022 face=\u0022Verdana, Arial, Helvetica, sans-serif\u0022\u003E\u003Cb\u003ERozdzia\u0142\u003C\/b\u003E\u003C\/span\u003E\u003C\/div\u003E\n\u003C\/td\u003E\n\u003Ctd\u003E\u003Cbr \/\u003E\n\u003Cdiv align=\u0022center\u0022\u003E\u003Cspan style=\u0022font-family: Verdana, Arial, Helvetica, sans-serif; font-size: xx-small;\u0022 size=\u00221\u0022 face=\u0022Verdana, Arial, Helvetica, sans-serif\u0022\u003E\u003Cb\u003E\u00a7 \u003Cbr \/\u003E \u003C\/b\u003E\u003C\/span\u003E\u003C\/div\u003E\n\u003C\/td\u003E\n\u003Ctd\u003E\u003Cbr \/\u003E\n\u003Cdiv align=\u0022center\u0022\u003E\u003Cspan style=\u0022font-family: Verdana, Arial, Helvetica, sans-serif; font-size: xx-small;\u0022 size=\u00221\u0022 face=\u0022Verdana, Arial, Helvetica, sans-serif\u0022\u003E\u003Cb\u003EWyszczeg\u00f3lnienie\u003C\/b\u003E\u003C\/span\u003E\u003C\/div\u003E\n\u003C\/td\u003E\n\u003Ctd\u003E\u003Cbr \/\u003E\n\u003Cdiv align=\u0022center\u0022\u003E\u003Cspan style=\u0022font-family: Verdana, Arial, Helvetica, sans-serif; font-size: xx-small;\u0022 size=\u00221\u0022 face=\u0022Verdana, Arial, Helvetica, sans-serif\u0022\u003E\u003Cb\u003EKwota \u003Cbr \/\u003E \u003C\/b\u003E(z\u0142)\u003C\/span\u003E\u003C\/div\u003E\n\u003C\/td\u003E\n\u003C\/tr\u003E\n\u003Ctr\u003E\n\u003Ctd\u003E\u003Cbr \/\u003E\n\u003Cdiv align=\u0022center\u0022\u003E\u003Cspan style=\u0022font-family: Verdana, Arial, Helvetica, sans-serif; font-size: xx-small;\u0022 size=\u00221\u0022 face=\u0022Verdana, Arial, Helvetica, sans-serif\u0022\u003E\u003Cb\u003E851\u003C\/b\u003E\u003C\/span\u003E\u003C\/div\u003E\n\u003C\/td\u003E\n\u003Ctd\u003E\u003Cbr \/\u003E\n\u003Cdiv align=\u0022center\u0022\u003E\u003Cspan style=\u0022font-family: Verdana, Arial, Helvetica, sans-serif; font-size: xx-small;\u0022 size=\u00221\u0022 face=\u0022Verdana, Arial, Helvetica, sans-serif\u0022\u003E\u003Cb\u003E85121\u003C\/b\u003E\u003C\/span\u003E\u003C\/div\u003E\n\u003C\/td\u003E\n\u003Ctd\u003E\u003Cbr \/\u003E\n\u003Cdiv align=\u0022center\u0022\u003E\u003Cspan style=\u0022font-family: Verdana, Arial, Helvetica, sans-serif; font-size: xx-small;\u0022 size=\u00221\u0022 face=\u0022Verdana, Arial, Helvetica, sans-serif\u0022\u003E\u003Cb\u003E6220 \u003Cbr \/\u003E \u003C\/b\u003E\u003C\/span\u003E\u003C\/div\u003E\n\u003C\/td\u003E\n\u003Ctd\u003E\u00a0\u003C\/td\u003E\n\u003Ctd\u003E\u003Cbr \/\u003E\n\u003Cdiv align=\u0022center\u0022\u003E\u003Cspan style=\u0022font-family: Verdana, Arial, Helvetica, sans-serif; font-size: xx-small;\u0022 size=\u00221\u0022 face=\u0022Verdana, Arial, Helvetica, sans-serif\u0022\u003E\u003Cb\u003E250.000\u003C\/b\u003E\u003C\/span\u003E\u003C\/div\u003E\n\u003C\/td\u003E\n\u003C\/tr\u003E\n\u003Ctr\u003E\n\u003Ctd\u003E\u00a0\u003C\/td\u003E\n\u003Ctd\u003E\u00a0\u003C\/td\u003E\n\u003Ctd\u003E\u00a0\u003C\/td\u003E\n\u003Ctd\u003E\u003Cspan style=\u0022font-family: Verdana, Arial, Helvetica, sans-serif; font-size: xx-small;\u0022 size=\u00221\u0022 face=\u0022Verdana, Arial, Helvetica, sans-serif\u0022\u003EZesp\u00f3\u0142 Wojew\u00f3dzkich \u003Cbr \/\u003E Przychodni Specjalistycznych w Katowicach - zakup 30 koncentrator\u00f3w tlenu \u003Cbr \/\u003E oraz modernizacja dachu i elewacji budynku \u003C\/span\u003E\u003C\/td\u003E\n\u003Ctd\u003E\u00a0\u003C\/td\u003E\n\u003C\/tr\u003E\n\u003C\/tbody\u003E\n\u003C\/table\u003E\n\u003Cbr \/\u003E \u003Cspan style=\u0022font-family: Verdana, Arial, Helvetica, sans-serif; font-size: xx-small;\u0022 size=\u00221\u0022 face=\u0022Verdana, Arial, Helvetica, sans-serif\u0022\u003E\u003Cbr \/\u003E otrzymuje brzmienie: \u003Cbr \/\u003E \u003C\/span\u003E \u003Cbr \/\u003E\u003Cbr \/\u003E\n\u003Ctable width=\u0022500\u0022 cellspacing=\u00221\u0022 cellpadding=\u00221\u0022 border=\u00221\u0022 align=\u0022center\u0022\u003E\n\u003Ctbody\u003E\n\u003Ctr\u003E\n\u003Ctd\u003E\u003Cbr \/\u003E\n\u003Cp align=\u0022center\u0022\u003E\u003C\/p\u003E\n\u003Cbr \/\u003E\n\u003Cp align=\u0022center\u0022\u003E\u003Cspan style=\u0022font-family: Verdana, Arial, Helvetica, sans-serif; font-size: xx-small;\u0022 size=\u00221\u0022 face=\u0022Verdana, Arial, Helvetica, sans-serif\u0022\u003E\u003Cb\u003EDzia\u0142\u003C\/b\u003E\u003C\/span\u003E\u003C\/p\u003E\n\u003Cbr \/\u003E\n\u003Cp align=\u0022center\u0022\u003E\u003C\/p\u003E\n\u003C\/td\u003E\n\u003Ctd\u003E\u003Cbr \/\u003E\n\u003Cdiv align=\u0022center\u0022\u003E\u003Cspan style=\u0022font-family: Verdana, Arial, Helvetica, sans-serif; font-size: xx-small;\u0022 size=\u00221\u0022 face=\u0022Verdana, Arial, Helvetica, sans-serif\u0022\u003E\u003Cb\u003ERozdzia\u0142\u003C\/b\u003E\u003C\/span\u003E\u003C\/div\u003E\n\u003C\/td\u003E\n\u003Ctd\u003E\u003Cbr \/\u003E\n\u003Cdiv align=\u0022center\u0022\u003E\u003Cspan style=\u0022font-family: Verdana, Arial, Helvetica, sans-serif; font-size: xx-small;\u0022 size=\u00221\u0022 face=\u0022Verdana, Arial, Helvetica, sans-serif\u0022\u003E\u003Cb\u003E\u00a7 \u003Cbr \/\u003E \u003C\/b\u003E\u003C\/span\u003E\u003C\/div\u003E\n\u003C\/td\u003E\n\u003Ctd\u003E\u003Cbr \/\u003E\n\u003Cdiv align=\u0022center\u0022\u003E\u003Cspan style=\u0022font-family: Verdana, Arial, Helvetica, sans-serif; font-size: xx-small;\u0022 size=\u00221\u0022 face=\u0022Verdana, Arial, Helvetica, sans-serif\u0022\u003E\u003Cb\u003EWyszczeg\u00f3lnienie\u003C\/b\u003E\u003C\/span\u003E\u003C\/div\u003E\n\u003C\/td\u003E\n\u003Ctd\u003E\u003Cbr \/\u003E\n\u003Cdiv align=\u0022center\u0022\u003E\u003Cspan style=\u0022font-family: Verdana, Arial, Helvetica, sans-serif; font-size: xx-small;\u0022 size=\u00221\u0022 face=\u0022Verdana, Arial, Helvetica, sans-serif\u0022\u003E\u003Cb\u003EKwota \u003Cbr \/\u003E \u003C\/b\u003E(z\u0142)\u003C\/span\u003E\u003C\/div\u003E\n\u003C\/td\u003E\n\u003C\/tr\u003E\n\u003Ctr\u003E\n\u003Ctd\u003E\u003Cbr \/\u003E\n\u003Cdiv align=\u0022center\u0022\u003E\u003Cspan style=\u0022font-family: Verdana, Arial, Helvetica, sans-serif; font-size: xx-small;\u0022 size=\u00221\u0022 face=\u0022Verdana, Arial, Helvetica, sans-serif\u0022\u003E\u003Cb\u003E851\u003C\/b\u003E\u003C\/span\u003E\u003C\/div\u003E\n\u003C\/td\u003E\n\u003Ctd\u003E\u003Cbr \/\u003E\n\u003Cdiv align=\u0022center\u0022\u003E\u003Cspan style=\u0022font-family: Verdana, Arial, Helvetica, sans-serif; font-size: xx-small;\u0022 size=\u00221\u0022 face=\u0022Verdana, Arial, Helvetica, sans-serif\u0022\u003E\u003Cb\u003E85121\u003C\/b\u003E\u003C\/span\u003E\u003C\/div\u003E\n\u003C\/td\u003E\n\u003Ctd\u003E\u003Cbr \/\u003E\n\u003Cdiv align=\u0022center\u0022\u003E\u003Cspan style=\u0022font-family: Verdana, Arial, Helvetica, sans-serif; font-size: xx-small;\u0022 size=\u00221\u0022 face=\u0022Verdana, Arial, Helvetica, sans-serif\u0022\u003E\u003Cb\u003E6220 \u003Cbr \/\u003E \u003C\/b\u003E\u003C\/span\u003E\u003C\/div\u003E\n\u003C\/td\u003E\n\u003Ctd\u003E\u00a0\u003C\/td\u003E\n\u003Ctd\u003E\u003Cbr \/\u003E\n\u003Cdiv align=\u0022center\u0022\u003E\u003Cspan style=\u0022font-family: Verdana, Arial, Helvetica, sans-serif; font-size: xx-small;\u0022 size=\u00221\u0022 face=\u0022Verdana, Arial, Helvetica, sans-serif\u0022\u003E\u003Cb\u003E250.000\u003C\/b\u003E\u003C\/span\u003E\u003C\/div\u003E\n\u003C\/td\u003E\n\u003C\/tr\u003E\n\u003Ctr\u003E\n\u003Ctd\u003E\u00a0\u003C\/td\u003E\n\u003Ctd\u003E\u00a0\u003C\/td\u003E\n\u003Ctd\u003E\u00a0\u003C\/td\u003E\n\u003Ctd\u003E\u003Cspan style=\u0022font-family: Verdana, Arial, Helvetica, sans-serif; font-size: xx-small;\u0022 size=\u00221\u0022 face=\u0022Verdana, Arial, Helvetica, sans-serif\u0022\u003EZesp\u00f3\u0142 Wojew\u00f3dzkich \u003Cbr \/\u003E Przychodni Specjalistycznych w Katowicach - zakup koncentrator\u00f3w tlenu, \u003Cbr \/\u003E aparatu spirometrycznego, cieplarki do wykonywania bada\u0144 histopatologicznych \u003Cbr \/\u003E oraz modernizacja dachu i elewacji budynku\u003C\/span\u003E\u003C\/td\u003E\n\u003Ctd\u003E\u00a0\u003C\/td\u003E\n\u003C\/tr\u003E\n\u003C\/tbody\u003E\n\u003C\/table\u003E\n\u003Cbr \/\u003E \u003Cbr \/\u003E\n\u003Cdiv align=\u0022center\u0022\u003E\u00a7 2\u003C\/div\u003E\n\u003Cbr \/\u003E \u003Cbr \/\u003E Wykonanie uchwa\u0142y powierzy\u0107 Zarz\u0105dowi Wojew\u00f3dztwa \u015al\u0105skiego.\u003Cbr \/\u003E \u003Cbr \/\u003E\n\u003Cdiv align=\u0022center\u0022\u003E\u00a7 3\u003C\/div\u003E\n\u003Cbr \/\u003E \u003Cbr \/\u003E Uchwa\u0142a wchodzi w \u017cycie z dniem podj\u0119cia.\u003Cbr \/\u003E \u003Cbr \/\u003E Zbigniew Wieczorek \u003Cbr \/\u003E Przewodnicz\u0105cy Sejmiku \u003Cbr \/\u003E Wojew\u00f3dztwa \u015al\u0105skiego\u003C\/div\u003E","promotion":false}},{"id":"bf6dbc25-d119-11e7-80a9-005056b46601","type":"Gallery","name":"Galeria","description":"Galeria"},{"id":"bf6e1f6b-d119-11e7-80a9-005056b46601","type":"Attachment","name":"Za\u0142\u0105czniki","description":"Za\u0142\u0105czniki do strony"},{"id":"eba03b25-d9a7-11e7-b355-005056b70dba","type":"PageTitle","name":"","description":"Tytu\u0142 strony","content":{"title":"Uchwa\u0142a Sejmiku nr II\/12\/5\/2003 z dnia 2003-09-26"}},{"id":"eba07701-d9a7-11e7-b355-005056b70dba","type":"PageDescription","name":"","description":"Zajawka strony","content":[]},{"id":"1b1a7940-ff78-11e7-b81e-005056b7801d","type":"SectionDescription","name":"","description":"Zajawka sekcji","content":[]}]}

Uchwała Sejmiku nr II/12/5/2003 z dnia 2003-09-26

Urząd Marszałkowski Województwa Śląskiego

Uchwała Sejmiku

Data ogłoszenia

zmiany uchwały nr II/10/13/2003 z dnia 7 lipca 2003 roku w sprawie zmiany budżetu Województwa Śląskiego na rok 2003

Numer uchwały

Treść

Treść strony

<div class="lead1">Na podstawie<br />art. 18 pkt 6<br /> ustawy z dnia 5 czerwca 1998 roku o samorządzie województwa<br /> (Dz. U. Nr 142 z 2001 roku, poz. 1590 z późn. zm.)<br /> oraz art. 55 ust. 1 pkt 3<br /> ustawy z dnia 30 sierpnia 1991 roku o zakładach opieki zdrowotnej<br /> (Dz. U. Nr 91, poz. 408 z późn. zm.)</div>
<div class="tresc">
<div align="center">§ 1</div>
<br /> <br /> Zmienić uchwałę nr II/10/13/2003 z dnia 7 lipca 2003 roku w sprawie zmiany budżetu Województwa Śląskiego na rok 2003 w ten sposób, że w załączniku nr 2 do uchwały dotychczasowy zapis:<br /> <br /><br />
<table width="500" cellspacing="1" cellpadding="1" border="1" align="center">
<tbody>
<tr>
<td><br />
<p align="center"></p>
<br />
<p align="center"><span style="font-family: Verdana, Arial, Helvetica, sans-serif; font-size: xx-small;" size="1" face="Verdana, Arial, Helvetica, sans-serif"><b>Dział</b></span></p>
<br />
<p align="center"></p>
</td>
<td><br />
<div align="center"><span style="font-family: Verdana, Arial, Helvetica, sans-serif; font-size: xx-small;" size="1" face="Verdana, Arial, Helvetica, sans-serif"><b>Rozdział</b></span></div>
</td>
<td><br />
<div align="center"><span style="font-family: Verdana, Arial, Helvetica, sans-serif; font-size: xx-small;" size="1" face="Verdana, Arial, Helvetica, sans-serif"><b>§ <br /> </b></span></div>
</td>
<td><br />
<div align="center"><span style="font-family: Verdana, Arial, Helvetica, sans-serif; font-size: xx-small;" size="1" face="Verdana, Arial, Helvetica, sans-serif"><b>Wyszczególnienie</b></span></div>
</td>
<td><br />
<div align="center"><span style="font-family: Verdana, Arial, Helvetica, sans-serif; font-size: xx-small;" size="1" face="Verdana, Arial, Helvetica, sans-serif"><b>Kwota <br /> </b>(zł)</span></div>
</td>
</tr>
<tr>
<td><br />
<div align="center"><span style="font-family: Verdana, Arial, Helvetica, sans-serif; font-size: xx-small;" size="1" face="Verdana, Arial, Helvetica, sans-serif"><b>851</b></span></div>
</td>
<td><br />
<div align="center"><span style="font-family: Verdana, Arial, Helvetica, sans-serif; font-size: xx-small;" size="1" face="Verdana, Arial, Helvetica, sans-serif"><b>85121</b></span></div>
</td>
<td><br />
<div align="center"><span style="font-family: Verdana, Arial, Helvetica, sans-serif; font-size: xx-small;" size="1" face="Verdana, Arial, Helvetica, sans-serif"><b>6220 <br /> </b></span></div>
</td>
<td> </td>
<td><br />
<div align="center"><span style="font-family: Verdana, Arial, Helvetica, sans-serif; font-size: xx-small;" size="1" face="Verdana, Arial, Helvetica, sans-serif"><b>250.000</b></span></div>
</td>
</tr>
<tr>
<td> </td>
<td> </td>
<td> </td>
<td><span style="font-family: Verdana, Arial, Helvetica, sans-serif; font-size: xx-small;" size="1" face="Verdana, Arial, Helvetica, sans-serif">Zespół Wojewódzkich <br /> Przychodni Specjalistycznych w Katowicach - zakup 30 koncentratorów tlenu <br /> oraz modernizacja dachu i elewacji budynku </span></td>
<td> </td>
</tr>
</tbody>
</table>
<br /> <span style="font-family: Verdana, Arial, Helvetica, sans-serif; font-size: xx-small;" size="1" face="Verdana, Arial, Helvetica, sans-serif"><br /> otrzymuje brzmienie: <br /> </span> <br /><br />
<table width="500" cellspacing="1" cellpadding="1" border="1" align="center">
<tbody>
<tr>
<td><br />
<p align="center"></p>
<br />
<p align="center"><span style="font-family: Verdana, Arial, Helvetica, sans-serif; font-size: xx-small;" size="1" face="Verdana, Arial, Helvetica, sans-serif"><b>Dział</b></span></p>
<br />
<p align="center"></p>
</td>
<td><br />
<div align="center"><span style="font-family: Verdana, Arial, Helvetica, sans-serif; font-size: xx-small;" size="1" face="Verdana, Arial, Helvetica, sans-serif"><b>Rozdział</b></span></div>
</td>
<td><br />
<div align="center"><span style="font-family: Verdana, Arial, Helvetica, sans-serif; font-size: xx-small;" size="1" face="Verdana, Arial, Helvetica, sans-serif"><b>§ <br /> </b></span></div>
</td>
<td><br />
<div align="center"><span style="font-family: Verdana, Arial, Helvetica, sans-serif; font-size: xx-small;" size="1" face="Verdana, Arial, Helvetica, sans-serif"><b>Wyszczególnienie</b></span></div>
</td>
<td><br />
<div align="center"><span style="font-family: Verdana, Arial, Helvetica, sans-serif; font-size: xx-small;" size="1" face="Verdana, Arial, Helvetica, sans-serif"><b>Kwota <br /> </b>(zł)</span></div>
</td>
</tr>
<tr>
<td><br />
<div align="center"><span style="font-family: Verdana, Arial, Helvetica, sans-serif; font-size: xx-small;" size="1" face="Verdana, Arial, Helvetica, sans-serif"><b>851</b></span></div>
</td>
<td><br />
<div align="center"><span style="font-family: Verdana, Arial, Helvetica, sans-serif; font-size: xx-small;" size="1" face="Verdana, Arial, Helvetica, sans-serif"><b>85121</b></span></div>
</td>
<td><br />
<div align="center"><span style="font-family: Verdana, Arial, Helvetica, sans-serif; font-size: xx-small;" size="1" face="Verdana, Arial, Helvetica, sans-serif"><b>6220 <br /> </b></span></div>
</td>
<td> </td>
<td><br />
<div align="center"><span style="font-family: Verdana, Arial, Helvetica, sans-serif; font-size: xx-small;" size="1" face="Verdana, Arial, Helvetica, sans-serif"><b>250.000</b></span></div>
</td>
</tr>
<tr>
<td> </td>
<td> </td>
<td> </td>
<td><span style="font-family: Verdana, Arial, Helvetica, sans-serif; font-size: xx-small;" size="1" face="Verdana, Arial, Helvetica, sans-serif">Zespół Wojewódzkich <br /> Przychodni Specjalistycznych w Katowicach - zakup koncentratorów tlenu, <br /> aparatu spirometrycznego, cieplarki do wykonywania badań histopatologicznych <br /> oraz modernizacja dachu i elewacji budynku</span></td>
<td> </td>
</tr>
</tbody>
</table>
<br /> <br />
<div align="center">§ 2</div>
<br /> <br /> Wykonanie uchwały powierzyć Zarządowi Województwa Śląskiego.<br /> <br />
<div align="center">§ 3</div>
<br /> <br /> Uchwała wchodzi w życie z dniem podjęcia.<br /> <br /> Zbigniew Wieczorek <br /> Przewodniczący Sejmiku <br /> Województwa Śląskiego</div>

Załączniki

Załączniki do strony

Tytuł strony
