{"id":26796,"name":"uchwala-sejmiku-nr-ii1282003-z-dnia-2003-09-26","title":"Uchwa\u0142a Sejmiku nr II\/12\/8\/2003 z dnia 2003-09-26","desc":"","header":"Uchwa\u0142a Sejmiku nr II\/12\/8\/2003 z dnia 2003-09-26","lead":"","keywords":"","changes":"Migracja danych","menu":"","path":"\/sejmik_wojewodztwa\/sesje_sejmiku\/uchwaly\/uchwala-sejmiku-nr-ii1282003-z-dnia-2003-09-26.html","url":"\/sejmik_wojewodztwa\/sesje_sejmiku\/uchwaly\/uchwala-sejmiku-nr-ii1282003-z-dnia-2003-09-26.html","infoOwner":"Urz\u0105d Marsza\u0142kowski Wojew\u00f3dztwa \u015al\u0105skiego","dateFirstPublicate":"2022-02-17 11:40:10","dateLastVersionPublicate":"2022-02-17 11:40:10","dateAvailableFrom":"2022-02-17 11:38:36","dateAvailableTo":"","type":"Uchwa\u0142a Sejmiku","pageParams":[{"id":"225","name":"DATA_OGLOSZENIA","description":"Data og\u0142oszenia","value":"2003-09-26"},{"id":"235","name":"W sprawie","description":"W sprawie","value":"okre\u015blenia zada\u0144, na kt\u00f3re Wojew\u00f3dztwo \u015al\u0105skie przeznacza w roku 2003 \u015brodki Pa\u0144stwowego Funduszu Rehabilitacji Os\u00f3b Niepe\u0142nosprawnych"},{"id":"299","name":"NUMER_UCHWALY_SEJMIKU","description":"Numer uchwa\u0142y","value":"II\/12\/08\/2003"}],"components":[{"id":"bf6d5eba-d119-11e7-80a9-005056b46601","type":"ContentWYSIWYG","name":"Tre\u015b\u0107","description":"Tre\u015b\u0107 strony","content":{"content":"\u003Cdiv class=\u0022lead1\u0022\u003ENa podstawie\u003Cbr \/\u003Eart. 18 pkt 20\u003Cbr \/\u003E ustawy z dnia 5 czerwca 1998 roku o samorz\u0105dzie wojew\u00f3dztwa\u003Cbr \/\u003E (t. j. Dz. U. Nr 142 z 2001 roku, poz. 1590 z p\u00f3\u017an. zm.)\u003Cbr \/\u003E oraz art. 35 ust. 1 pkt 4, 5, 6 i ust. 2\u003Cbr \/\u003E ustawy z dnia 27 sierpnia 1997 roku o rehabilitacji zawodowej i spo\u0142ecznej oraz zatrudnianiu os\u00f3b niepe\u0142nosprawnych\u003Cbr \/\u003E (Dz. U. Nr 123 z 1997 roku, poz. 776 z p\u00f3\u017an. zm.)\u003C\/div\u003E\n\u003Cdiv class=\u0022tresc\u0022\u003E\n\u003Cdiv align=\u0022center\u0022\u003E\u00a7 1\u003C\/div\u003E\n\u003Cbr \/\u003E \u003Cbr \/\u003E Przeznaczy\u0107 \u015brodki Pa\u0144stwowego Funduszu Rehabilitacji Os\u00f3b Niepe\u0142nosprawnych w kwocie 6.224.070 z\u0142 (sze\u015b\u0107 milion\u00f3w dwie\u015bcie dwadzie\u015bcia cztery tysi\u0105ce siedemdziesi\u0105t z\u0142otych), ustalone wed\u0142ug algorytmu na realizacj\u0119 zada\u0144 Samorz\u0105du Wojew\u00f3dztwa \u015al\u0105skiego w 2003 roku na:\n\u003Col\u003E\n\u003Cli\u003Eudzielanie pomocy zak\u0142adom pracy chronionej w formie:\u003Cbr \/\u003E\n\u003Col type=\u0022a\u0022\u003E\n\u003Cli\u003Ezwrotu koszt\u00f3w za szkolenie zatrudnionych os\u00f3b niepe\u0142nosprawnych, w zwi\u0105zku z konieczno\u015bci\u0105 zmiany profilu produkcji,\u003C\/li\u003E\n\u003Cli\u003Ejednorazowej po\u017cyczki w celu ochrony istniej\u0105cych w zak\u0142adzie miejsc pracy os\u00f3b niepe\u0142nosprawnych,\u003C\/li\u003E\n\u003C\/ol\u003E\n\u003C\/li\u003E\n\u003Cli\u003Edofinansowanie budowy i rozbudowy obiekt\u00f3w s\u0142u\u017c\u0105cych rehabilitacji,\u003C\/li\u003E\n\u003Cli\u003Edofinansowanie koszt\u00f3w tworzenia i dzia\u0142ania zak\u0142ad\u00f3w aktywno\u015bci zawodowej,\u003C\/li\u003E\n\u003C\/ol\u003E\n\u003Cbr \/\u003E \u003Cbr \/\u003E stosownie do potrzeb, zg\u0142aszanych przez uprawnionych wnioskodawc\u00f3w.\u003Cbr \/\u003E \u003Cbr \/\u003E\n\u003Cdiv align=\u0022center\u0022\u003E\u00a7 2\u003C\/div\u003E\n\u003Cbr \/\u003E \u003Cbr \/\u003E Wykonanie uchwa\u0142y powierzy\u0107 Zarz\u0105dowi Wojew\u00f3dztwa \u015al\u0105skiego.\u003Cbr \/\u003E \u003Cbr \/\u003E\n\u003Cdiv align=\u0022center\u0022\u003E\u00a7 3\u003C\/div\u003E\n\u003Cbr \/\u003E \u003Cbr \/\u003E Uchwa\u0142a wchodzi w \u017cycie z dniem podj\u0119cia.\u003Cbr \/\u003E \u003Cbr \/\u003E Zbigniew Wieczorek \u003Cbr \/\u003E Przewodnicz\u0105cy Sejmiku \u003Cbr \/\u003E Wojew\u00f3dztwa \u015al\u0105skiego\u003C\/div\u003E","promotion":false}},{"id":"bf6dbc25-d119-11e7-80a9-005056b46601","type":"Gallery","name":"Galeria","description":"Galeria"},{"id":"bf6e1f6b-d119-11e7-80a9-005056b46601","type":"Attachment","name":"Za\u0142\u0105czniki","description":"Za\u0142\u0105czniki do strony"},{"id":"eba03b25-d9a7-11e7-b355-005056b70dba","type":"PageTitle","name":"","description":"Tytu\u0142 strony","content":{"title":"Uchwa\u0142a Sejmiku nr II\/12\/8\/2003 z dnia 2003-09-26"}},{"id":"eba07701-d9a7-11e7-b355-005056b70dba","type":"PageDescription","name":"","description":"Zajawka strony","content":[]},{"id":"1b1a7940-ff78-11e7-b81e-005056b7801d","type":"SectionDescription","name":"","description":"Zajawka sekcji","content":[]}]}

Uchwała Sejmiku nr II/12/8/2003 z dnia 2003-09-26

Urząd Marszałkowski Województwa Śląskiego

Uchwała Sejmiku

Data ogłoszenia

określenia zadań, na które Województwo Śląskie przeznacza w roku 2003 środki Państwowego Funduszu Rehabilitacji Osób Niepełnosprawnych

Numer uchwały

Treść

Treść strony

<div class="lead1">Na podstawie<br />art. 18 pkt 20<br /> ustawy z dnia 5 czerwca 1998 roku o samorządzie województwa<br /> (t. j. Dz. U. Nr 142 z 2001 roku, poz. 1590 z późn. zm.)<br /> oraz art. 35 ust. 1 pkt 4, 5, 6 i ust. 2<br /> ustawy z dnia 27 sierpnia 1997 roku o rehabilitacji zawodowej i społecznej oraz zatrudnianiu osób niepełnosprawnych<br /> (Dz. U. Nr 123 z 1997 roku, poz. 776 z późn. zm.)</div>
<div class="tresc">
<div align="center">§ 1</div>
<br /> <br /> Przeznaczyć środki Państwowego Funduszu Rehabilitacji Osób Niepełnosprawnych w kwocie 6.224.070 zł (sześć milionów dwieście dwadzieścia cztery tysiące siedemdziesiąt złotych), ustalone według algorytmu na realizację zadań Samorządu Województwa Śląskiego w 2003 roku na:
<ol>
<li>udzielanie pomocy zakładom pracy chronionej w formie:<br />
<ol type="a">
<li>zwrotu kosztów za szkolenie zatrudnionych osób niepełnosprawnych, w związku z koniecznością zmiany profilu produkcji,</li>
<li>jednorazowej pożyczki w celu ochrony istniejących w zakładzie miejsc pracy osób niepełnosprawnych,</li>
</ol>
</li>
<li>dofinansowanie budowy i rozbudowy obiektów służących rehabilitacji,</li>
<li>dofinansowanie kosztów tworzenia i działania zakładów aktywności zawodowej,</li>
</ol>
<br /> <br /> stosownie do potrzeb, zgłaszanych przez uprawnionych wnioskodawców.<br /> <br />
<div align="center">§ 2</div>
<br /> <br /> Wykonanie uchwały powierzyć Zarządowi Województwa Śląskiego.<br /> <br />
<div align="center">§ 3</div>
<br /> <br /> Uchwała wchodzi w życie z dniem podjęcia.<br /> <br /> Zbigniew Wieczorek <br /> Przewodniczący Sejmiku <br /> Województwa Śląskiego</div>

Załączniki

Załączniki do strony

Tytuł strony
