{"id":26335,"name":"uchwala-sejmiku-nr-ii27162004-z-dnia-2004-11-15","title":"Uchwa\u0142a Sejmiku nr II\/27\/16\/2004 z dnia 2004-11-15","desc":"","header":"Uchwa\u0142a Sejmiku nr II\/27\/16\/2004 z dnia 2004-11-15","lead":"","keywords":"","changes":"migracja danych","menu":"","path":"\/sejmik_wojewodztwa\/sesje_sejmiku\/uchwaly\/uchwala-sejmiku-nr-ii27162004-z-dnia-2004-11-15.html","url":"\/sejmik_wojewodztwa\/sesje_sejmiku\/uchwaly\/uchwala-sejmiku-nr-ii27162004-z-dnia-2004-11-15.html","infoOwner":"Urz\u0105d Marsza\u0142kowski Wojew\u00f3dztwa \u015al\u0105skiego","dateFirstPublicate":"2022-02-08 11:47:58","dateLastVersionPublicate":"2022-02-08 11:47:58","dateAvailableFrom":"","dateAvailableTo":"","type":"Uchwa\u0142a Sejmiku","pageParams":[{"id":"225","name":"DATA_OGLOSZENIA","description":"Data og\u0142oszenia","value":"2004-11-15"},{"id":"235","name":"W sprawie","description":"W sprawie","value":"przekszta\u0142cenia Samodzielnego Publicznego Wojew\u00f3dzkiego Szpitala Chirurgii Urazowej im. dr. Janusza Daaba w Piekarach \u015al\u0105skich i Wojew\u00f3dzkiego O\u015brodka Rehabilitacji, Balneologii i Medycyny Fizykalnej w Kochcicach"},{"id":"299","name":"NUMER_UCHWALY_SEJMIKU","description":"Numer uchwa\u0142y","value":"II\/27\/16\/2004"}],"components":[{"id":"bf6d5eba-d119-11e7-80a9-005056b46601","type":"ContentWYSIWYG","name":"Tre\u015b\u0107","description":"Tre\u015b\u0107 strony","content":{"content":"\u003Cdiv class=\u0022lead1\u0022\u003ENa podstawie\u003Cbr \/\u003Eart. 18 pkt 20 ustawy z dnia 5 czerwca 1998 roku o samorz\u0105dzie wojew\u00f3dztwa (t. j. Dz. U. Nr 142 z 2001 roku, poz. 1590 z p\u00f3\u017an. zm.) oraz art. 36 w zwi\u0105zku z art. 43 ust. 3 i art. 53 a ust. 1 ustawy z dnia 30 sierpnia 1991 roku o zak\u0142adach opieki zdrowotnej (Dz. U. Nr 91, poz. 408 z p\u00f3\u017an. zm.)\u003C\/div\u003E\n\u003Cdiv class=\u0022tresc\u0022\u003E\n\u003Cdiv align=\u0022center\u0022\u003E\u003Cb\u003E\u00a7 1 \u003C\/b\u003E\u003C\/div\u003E\n\u003Col\u003E\n\u003Cli\u003EDokona\u0107 przekszta\u0142cenia Samodzielnego Publicznego Wojew\u00f3dzkiego Szpitala Chirurgii Urazowej im. dr. Janusza Daaba w Piekarach \u015al\u0105skich, wpisanego do rejestru publicznych zak\u0142ad\u00f3w opieki zdrowotnej prowadzonego przez S\u0105d Rejonowy w Gliwicach pod nr KRS 0000046125 i Wojew\u00f3dzkiego O\u015brodka Rehabilitacji, Balneologii i Medycyny Fizykalnej w Kochcicach, wpisanego do rejestru publicznych zak\u0142ad\u00f3w opieki zdrowotnej, prowadzonego przez S\u0105d Rejonowy w Gliwicach pod nr KRS 0000008006.\u003C\/li\u003E\n\u003Cli\u003EPrzekszta\u0142cenie Wojew\u00f3dzkiego O\u015brodka Rehabilitacji, Balneologii i Medycyny Fizykalnej w Kochcicach nast\u0119puje poprzez w\u0142\u0105czenie go do struktury Samodzielnego Publicznego Wojew\u00f3dzkiego Szpitala Chirurgii Urazowej im. dr. Janusza Daaba w Piekarach \u015al\u0105skich.\u003C\/li\u003E\n\u003C\/ol\u003E\n\u003Cp align=\u0022center\u0022\u003E\u003Cb\u003E\u00a7 2\u003C\/b\u003E\u003C\/p\u003E\n\u003Col\u003E\n\u003Cli\u003EMaj\u0105tek ruchomy Wojew\u00f3dzkiego O\u015brodka Rehabilitacji, Balneologii i Medycyny Fizykalnej w Kochcicach, z dniem 1 marca 2005 roku, przekaza\u0107 na w\u0142asno\u015b\u0107 Samodzielnego Publicznego Wojew\u00f3dzkiego Szpitala Chirurgii Urazowej im. dr. Janusza Daaba w Piekarach \u015al\u0105skich.\u003C\/li\u003E\n\u003Cli\u003EFundusz za\u0142o\u017cycielski Samodzielnego Publicznego Wojew\u00f3dzkiego Szpitala Chirurgii Urazowej im. dr. Janusza Daaba w Piekarach \u015al\u0105skich, z dniem 1 marca 2005 roku, zwi\u0119kszy\u0107 o fundusz za\u0142o\u017cycielski Wojew\u00f3dzkiego O\u015brodka Rehabilitacji, Balneologii i Medycyny Fizykalnej w Kochcicach.\u003C\/li\u003E\n\u003Cli\u003EFundusz zak\u0142adu Samodzielnego Publicznego Wojew\u00f3dzkiego Szpitala Chirurgii Urazowej im. dr. Janusza Daaba w Piekarach \u015al\u0105skich, z dniem 1 marca 2005 roku, zwi\u0119kszy\u0107 o fundusz zak\u0142adu Wojew\u00f3dzkiego O\u015brodka Rehabilitacji, Balneologii i Medycyny Fizykalnej w Kochcicach.\u003C\/li\u003E\n\u003Cli\u003ENale\u017cno\u015bci i zobowi\u0105zania Wojew\u00f3dzkiego O\u015brodka Rehabilitacji, Balneologii i Medycyny Fizykalnej w Kochcicach, z dniem 1 marca 2005 roku, staj\u0105 si\u0119 nale\u017cno\u015bciami i zobowi\u0105zaniami Samodzielnego Publicznego Wojew\u00f3dzkiego Szpitala Chirurgii Urazowej im. dr. Janusza Daaba w Piekarach \u015al\u0105skich.\u003C\/li\u003E\n\u003C\/ol\u003E\n\u003Cp align=\u0022center\u0022\u003E\u003Cb\u003E\u00a7 3\u003C\/b\u003E\u003C\/p\u003E\n\u003Cp\u003ENieruchomo\u015b\u0107 zabudowan\u0105, po\u0142o\u017con\u0105 w Kochcicach przy ulicy Zamek 1, oznaczon\u0105 w ewidencji grunt\u00f3w jako dzia\u0142ki: nr 137\/30, obr. Kochcice o powierzchni 4.990 m2, nr 145\/27, obr. Kochcice o powierzchni 80.765 m2, ujawnion\u0105 w KW nr 20682 prowadzonej przez S\u0105d Rejonowy w Lubli\u0144cu, b\u0119d\u0105c\u0105 w u\u017cytkowaniu Wojew\u00f3dzkiego O\u015brodka Rehabilitacji, Balneologii i Medycyny Fizykalnej w Kochcicach, przekaza\u0107 w nieodp\u0142atne u\u017cytkowanie Samodzielnemu Publicznemu Szpitalowi Chirurgii Urazowej im. dr. Janusza Daaba w Piekarach \u015al\u0105skich.\u003C\/p\u003E\n\u003Cp align=\u0022center\u0022\u003E\u003Cb\u003E\u00a7 4\u003C\/b\u003E\u003C\/p\u003E\n\u003Cp\u003EDo pracownik\u00f3w Wojew\u00f3dzkiego O\u015brodka Rehabilitacji, Balneologii i Medycyny Fizykalnej w Kochcicach ma zastosowanie art. 231 Kodeksu Pracy.\u003C\/p\u003E\n\u003Cp align=\u0022center\u0022\u003E\u003Cb\u003E\u00a7 5\u003C\/b\u003E\u003C\/p\u003E\n\u003Cp\u003EOdwo\u0142a\u0107 z dniem 1 marca 2005 roku Rad\u0119 Spo\u0142eczn\u0105 Wojew\u00f3dzkiego O\u015brodka Rehabilitacji, Balneologii i Medycyny Fizykalnej w Kochcicach.\u003C\/p\u003E\n\u003Cp align=\u0022center\u0022\u003E\u003Cb\u003E\u00a7 6\u003C\/b\u003E\u003C\/p\u003E\n\u003Cp\u003EOsoby korzystaj\u0105ce ze \u015bwiadcze\u0144 zdrowotnych Wojew\u00f3dzkiego O\u015brodka Rehabilitacji, Balneologii i Medycyny Fizykalnej w Kochcicach b\u0119d\u0105 nadal korzysta\u0107 ze \u015bwiadcze\u0144 tego O\u015brodka, dzia\u0142aj\u0105cego w ramach struktury organizacyjnej Samodzielnego Publicznego Wojew\u00f3dzkiego Szpitala Chirurgii Urazowej im. dr. Janusza Daaba w Piekarach \u015al\u0105skich, bez istotnego ograniczenia ich dost\u0119pno\u015bci, warunk\u00f3w udzielania i jako\u015bci.\u003C\/p\u003E\n\u003Cp align=\u0022center\u0022\u003E\u003Cb\u003E\u00a7 7\u003C\/b\u003E\u003C\/p\u003E\n\u003Cp\u003EWskaza\u0107 niniejsz\u0105 uchwa\u0142\u0119 jako podstaw\u0119 do wykre\u015blenia Wojew\u00f3dzkiego O\u015brodka Rehabilitacji, Balneologii i Medycyny Fizykalnej w Kochcicach z rejestru samodzielnych publicznych zak\u0142ad\u00f3w opieki zdrowotnej, z uwagi na zaprzestanie prowadzenia dzia\u0142alno\u015bci przez t\u0105 jednostk\u0119 wskutek po\u0142\u0105czenia z Samodzielnym Publicznym Wojew\u00f3dzkim Szpitalem Chirurgii Urazowej im. dr. Janusza Daaba w Piekarach \u015al\u0105skich.\u003C\/p\u003E\n\u003Cp align=\u0022center\u0022\u003E\u003Cb\u003E\u00a7 8\u003C\/b\u003E\u003C\/p\u003E\n\u003Cp\u003EUstali\u0107 dzie\u0144 28 lutego 2005 roku jako dzie\u0144 zako\u0144czenia dzia\u0142alno\u015bci Wojew\u00f3dzkiego O\u015brodka Rehabilitacji, Balneologii i Medycyny Fizykalnej w Kochcicach.\u003C\/p\u003E\n\u003Cp align=\u0022center\u0022\u003E\u003Cb\u003E\u00a7 9\u003C\/b\u003E\u003C\/p\u003E\n\u003Cp\u003EWykonywanie uchwa\u0142y powierzy\u0107 Zarz\u0105dowi Wojew\u00f3dztwa \u015al\u0105skiego.\u003C\/p\u003E\n\u003Cp align=\u0022center\u0022\u003E\u003Cb\u003E\u00a7 10\u003C\/b\u003E\u003C\/p\u003E\n\u003Cp\u003EUchwa\u0142a wchodzi w \u017cycie z dniem podj\u0119cia.\u003C\/p\u003E\n\u003C\/div\u003E","promotion":false}},{"id":"bf6dbc25-d119-11e7-80a9-005056b46601","type":"Gallery","name":"Galeria","description":"Galeria"},{"id":"bf6e1f6b-d119-11e7-80a9-005056b46601","type":"Attachment","name":"Za\u0142\u0105czniki","description":"Za\u0142\u0105czniki do strony"},{"id":"eba03b25-d9a7-11e7-b355-005056b70dba","type":"PageTitle","name":"","description":"Tytu\u0142 strony","content":{"title":"Uchwa\u0142a Sejmiku nr II\/27\/16\/2004 z dnia 2004-11-15"}},{"id":"eba07701-d9a7-11e7-b355-005056b70dba","type":"PageDescription","name":"","description":"Zajawka strony","content":[]},{"id":"1b1a7940-ff78-11e7-b81e-005056b7801d","type":"SectionDescription","name":"","description":"Zajawka sekcji","content":[]}]}

Uchwała Sejmiku nr II/27/16/2004 z dnia 2004-11-15

Urząd Marszałkowski Województwa Śląskiego

Uchwała Sejmiku

Data ogłoszenia

przekształcenia Samodzielnego Publicznego Wojewódzkiego Szpitala Chirurgii Urazowej im. dr. Janusza Daaba w Piekarach Śląskich i Wojewódzkiego Ośrodka Rehabilitacji, Balneologii i Medycyny Fizykalnej w Kochcicach

Numer uchwały

Treść

Treść strony

<div class="lead1">Na podstawie<br />art. 18 pkt 20 ustawy z dnia 5 czerwca 1998 roku o samorządzie województwa (t. j. Dz. U. Nr 142 z 2001 roku, poz. 1590 z późn. zm.) oraz art. 36 w związku z art. 43 ust. 3 i art. 53 a ust. 1 ustawy z dnia 30 sierpnia 1991 roku o zakładach opieki zdrowotnej (Dz. U. Nr 91, poz. 408 z późn. zm.)</div>
<div class="tresc">
<div align="center"><b>§ 1 </b></div>
<ol>
<li>Dokonać przekształcenia Samodzielnego Publicznego Wojewódzkiego Szpitala Chirurgii Urazowej im. dr. Janusza Daaba w Piekarach Śląskich, wpisanego do rejestru publicznych zakładów opieki zdrowotnej prowadzonego przez Sąd Rejonowy w Gliwicach pod nr KRS 0000046125 i Wojewódzkiego Ośrodka Rehabilitacji, Balneologii i Medycyny Fizykalnej w Kochcicach, wpisanego do rejestru publicznych zakładów opieki zdrowotnej, prowadzonego przez Sąd Rejonowy w Gliwicach pod nr KRS 0000008006.</li>
<li>Przekształcenie Wojewódzkiego Ośrodka Rehabilitacji, Balneologii i Medycyny Fizykalnej w Kochcicach następuje poprzez włączenie go do struktury Samodzielnego Publicznego Wojewódzkiego Szpitala Chirurgii Urazowej im. dr. Janusza Daaba w Piekarach Śląskich.</li>
</ol>
<p align="center"><b>§ 2</b></p>
<ol>
<li>Majątek ruchomy Wojewódzkiego Ośrodka Rehabilitacji, Balneologii i Medycyny Fizykalnej w Kochcicach, z dniem 1 marca 2005 roku, przekazać na własność Samodzielnego Publicznego Wojewódzkiego Szpitala Chirurgii Urazowej im. dr. Janusza Daaba w Piekarach Śląskich.</li>
<li>Fundusz założycielski Samodzielnego Publicznego Wojewódzkiego Szpitala Chirurgii Urazowej im. dr. Janusza Daaba w Piekarach Śląskich, z dniem 1 marca 2005 roku, zwiększyć o fundusz założycielski Wojewódzkiego Ośrodka Rehabilitacji, Balneologii i Medycyny Fizykalnej w Kochcicach.</li>
<li>Fundusz zakładu Samodzielnego Publicznego Wojewódzkiego Szpitala Chirurgii Urazowej im. dr. Janusza Daaba w Piekarach Śląskich, z dniem 1 marca 2005 roku, zwiększyć o fundusz zakładu Wojewódzkiego Ośrodka Rehabilitacji, Balneologii i Medycyny Fizykalnej w Kochcicach.</li>
<li>Należności i zobowiązania Wojewódzkiego Ośrodka Rehabilitacji, Balneologii i Medycyny Fizykalnej w Kochcicach, z dniem 1 marca 2005 roku, stają się należnościami i zobowiązaniami Samodzielnego Publicznego Wojewódzkiego Szpitala Chirurgii Urazowej im. dr. Janusza Daaba w Piekarach Śląskich.</li>
</ol>
<p align="center"><b>§ 3</b></p>
<p>Nieruchomość zabudowaną, położoną w Kochcicach przy ulicy Zamek 1, oznaczoną w ewidencji gruntów jako działki: nr 137/30, obr. Kochcice o powierzchni 4.990 m2, nr 145/27, obr. Kochcice o powierzchni 80.765 m2, ujawnioną w KW nr 20682 prowadzonej przez Sąd Rejonowy w Lublińcu, będącą w użytkowaniu Wojewódzkiego Ośrodka Rehabilitacji, Balneologii i Medycyny Fizykalnej w Kochcicach, przekazać w nieodpłatne użytkowanie Samodzielnemu Publicznemu Szpitalowi Chirurgii Urazowej im. dr. Janusza Daaba w Piekarach Śląskich.</p>
<p align="center"><b>§ 4</b></p>
<p>Do pracowników Wojewódzkiego Ośrodka Rehabilitacji, Balneologii i Medycyny Fizykalnej w Kochcicach ma zastosowanie art. 231 Kodeksu Pracy.</p>
<p align="center"><b>§ 5</b></p>
<p>Odwołać z dniem 1 marca 2005 roku Radę Społeczną Wojewódzkiego Ośrodka Rehabilitacji, Balneologii i Medycyny Fizykalnej w Kochcicach.</p>
<p align="center"><b>§ 6</b></p>
<p>Osoby korzystające ze świadczeń zdrowotnych Wojewódzkiego Ośrodka Rehabilitacji, Balneologii i Medycyny Fizykalnej w Kochcicach będą nadal korzystać ze świadczeń tego Ośrodka, działającego w ramach struktury organizacyjnej Samodzielnego Publicznego Wojewódzkiego Szpitala Chirurgii Urazowej im. dr. Janusza Daaba w Piekarach Śląskich, bez istotnego ograniczenia ich dostępności, warunków udzielania i jakości.</p>
<p align="center"><b>§ 7</b></p>
<p>Wskazać niniejszą uchwałę jako podstawę do wykreślenia Wojewódzkiego Ośrodka Rehabilitacji, Balneologii i Medycyny Fizykalnej w Kochcicach z rejestru samodzielnych publicznych zakładów opieki zdrowotnej, z uwagi na zaprzestanie prowadzenia działalności przez tą jednostkę wskutek połączenia z Samodzielnym Publicznym Wojewódzkim Szpitalem Chirurgii Urazowej im. dr. Janusza Daaba w Piekarach Śląskich.</p>
<p align="center"><b>§ 8</b></p>
<p>Ustalić dzień 28 lutego 2005 roku jako dzień zakończenia działalności Wojewódzkiego Ośrodka Rehabilitacji, Balneologii i Medycyny Fizykalnej w Kochcicach.</p>
<p align="center"><b>§ 9</b></p>
<p>Wykonywanie uchwały powierzyć Zarządowi Województwa Śląskiego.</p>
<p align="center"><b>§ 10</b></p>
<p>Uchwała wchodzi w życie z dniem podjęcia.</p>
</div>

Załączniki

Załączniki do strony

Tytuł strony
