{"id":26309,"name":"uchwala-sejmiku-nr-ii2762004-z-dnia-2004-11-15","title":"Uchwa\u0142a Sejmiku nr II\/27\/6\/2004 z dnia 2004-11-15","desc":"","header":"Uchwa\u0142a Sejmiku nr II\/27\/6\/2004 z dnia 2004-11-15","lead":"","keywords":"","changes":"migracja danych","menu":"","path":"\/sejmik_wojewodztwa\/sesje_sejmiku\/uchwaly\/uchwala-sejmiku-nr-ii2762004-z-dnia-2004-11-15.html","url":"\/sejmik_wojewodztwa\/sesje_sejmiku\/uchwaly\/uchwala-sejmiku-nr-ii2762004-z-dnia-2004-11-15.html","infoOwner":"Urz\u0105d Marsza\u0142kowski Wojew\u00f3dztwa \u015al\u0105skiego","dateFirstPublicate":"2022-02-08 10:31:36","dateLastVersionPublicate":"2022-02-08 10:31:36","dateAvailableFrom":"","dateAvailableTo":"","type":"Uchwa\u0142a Sejmiku","pageParams":[{"id":"225","name":"DATA_OGLOSZENIA","description":"Data og\u0142oszenia","value":"2004-11-15"},{"id":"235","name":"W sprawie","description":"W sprawie","value":"przyj\u0119cia o\u015bwiadczenia w sprawie uczczenia 150 rocznicy pierwszego osadnictwa \u015al\u0105zak\u00f3w w Teksasie"},{"id":"299","name":"NUMER_UCHWALY_SEJMIKU","description":"Numer uchwa\u0142y","value":"II\/27\/06\/2004"}],"components":[{"id":"bf6d5eba-d119-11e7-80a9-005056b46601","type":"ContentWYSIWYG","name":"Tre\u015b\u0107","description":"Tre\u015b\u0107 strony","content":{"content":"\u003Cdiv class=\u0022lead1\u0022\u003ENa podstawie\u003Cbr \/\u003E\u00a7 18 a ust. 2 pkt 4 Statutu Wojew\u00f3dztwa \u015al\u0105skiego(Dz. Urz. Woj. \u015al. Nr 26 z 2001 roku, poz. 657 z p\u00f3\u017an. zm.)\u003C\/div\u003E\n\u003Cdiv class=\u0022tresc\u0022\u003E\n\u003Cdiv align=\u0022center\u0022\u003E\u003Cb\u003E\u00a7 1 \u003C\/b\u003E\u003C\/div\u003E\n\u003Cp\u003EPrzyjmuje si\u0119 o\u015bwiadczenie w sprawie uczczenia 150 rocznicy pierwszego osadnictwa \u015al\u0105zak\u00f3w w Teksasie, stanowi\u0105ce za\u0142\u0105cznik do uchwa\u0142y.\u003C\/p\u003E\n\u003Cp align=\u0022center\u0022\u003E\u003Cb\u003E\u00a7 2\u003C\/b\u003E\u003C\/p\u003E\n\u003Cp\u003EWykonanie uchwa\u0142y powierza si\u0119 Zarz\u0105dowi Wojew\u00f3dztwa \u015al\u0105skiego.\u003C\/p\u003E\n\u003Cp align=\u0022center\u0022\u003E\u003Cb\u003E\u00a7 3\u003C\/b\u003E\u003C\/p\u003E\n\u003Cp\u003EUchwa\u0142a wchodzi w \u017cycie z dniem podj\u0119cia.\u003C\/p\u003E\n\u003Cp\u003E\u00a0\u003C\/p\u003E\n\u003Cdiv class=\u0022tresc1\u0022\u003E\n\u003Cdiv class=\u0022lead1\u0022\u003EZa\u0142\u0105cznik do uchwa\u0142y Sejmiku Wojew\u00f3dztwa \u015al\u0105skiego Nr II\/27\/6\/2004 z dnia 15 listopada 2004 roku\u003C\/div\u003E\n\u003Cdiv class=\u0022tresc\u0022\u003E\n\u003Cdiv align=\u0022center\u0022\u003E\u003Cb\u003EO\u015aWIADCZENIE\u003Cbr \/\u003ESEJMIKU WOJEW\u00d3DZTWA \u015aL\u0104SKIEGO W ZWI\u0104ZKU ZE 150-LECIEM \u015aL\u0104SKIEGO OSADNICTWA NA ZIEMI AMERYKA\u0143SKIEJ \u003C\/b\u003E\u003C\/div\u003E\n\u003Cp\u003ESejmik Wojew\u00f3dztwa \u015al\u0105skiego wyra\u017ca podziw dla spo\u0142eczno\u015bci przyznaj\u0105cej si\u0119 do \u015bl\u0105skich korzeni, mieszkaj\u0105cej w ameryka\u0144skim stanie Teksas.\u003C\/p\u003E\n\u003Cp\u003EW zwi\u0105zku ze 150-leciem \u015bl\u0105skiej tam bytno\u015bci potomkom pierwszych osadnik\u00f3w mi\u0119dzy innymi w Pannie Marii, Cz\u0119stochowie, Ko\u015bciuszko i w Banderze przekazujemy s\u0142owa najwy\u017cszego uznania za to, i\u017c przez tyle lat zachowali j\u0119zyk ojczysty czyli gwar\u0119 a tak\u017ce obyczaje, kultur\u0119 i wiar\u0119 przodk\u00f3w.\u003C\/p\u003E\n\u003Cp\u003EJeste\u015bmy przekonani, \u017ce zapocz\u0105tkowane blisko 20 lat temu wyprawy \u015al\u0105zak\u00f3w do kraju przodk\u00f3w zaowocuj\u0105 jeszcze wi\u0119kszym zainteresowaniem Ojczyzn\u0105 i zacie\u015bni\u0105 kontakty ludzi pos\u0142uguj\u0105cych si\u0119 j\u0119zykiem najpierwszym.\u003C\/p\u003E\n\u003Cp\u003EPodziw i uznanie wyra\u017camy duszpasterzowi \u015al\u0105zak\u00f3w w Teksasie - ksi\u0119dzu pra\u0142atowi Franciszkowi Kurzajowi, kt\u00f3ry to trudne dzie\u0142o podj\u0105\u0142 i przywozi do Polski dziesi\u0105tki grup \u015bl\u0105skich Teksa\u0144czyk\u00f3w.\u003C\/p\u003E\n\u003Cp\u003EDzi\u0119ki temu poznaj\u0105 nie tylko najwa\u017cniejsze miasta i zabytki na \u015al\u0105sku, ale i odkrywaj\u0105 urod\u0119 Polski, kt\u00f3rej ta kraina jest nieod\u0142\u0105czn\u0105 historyczn\u0105 cz\u0119\u015bci\u0105.\u003C\/p\u003E\n\u003C\/div\u003E\n\u003C\/div\u003E\n\u003C\/div\u003E","promotion":false}},{"id":"bf6dbc25-d119-11e7-80a9-005056b46601","type":"Gallery","name":"Galeria","description":"Galeria"},{"id":"bf6e1f6b-d119-11e7-80a9-005056b46601","type":"Attachment","name":"Za\u0142\u0105czniki","description":"Za\u0142\u0105czniki do strony"},{"id":"eba03b25-d9a7-11e7-b355-005056b70dba","type":"PageTitle","name":"","description":"Tytu\u0142 strony","content":{"title":"Uchwa\u0142a Sejmiku nr II\/27\/6\/2004 z dnia 2004-11-15"}},{"id":"eba07701-d9a7-11e7-b355-005056b70dba","type":"PageDescription","name":"","description":"Zajawka strony","content":[]},{"id":"1b1a7940-ff78-11e7-b81e-005056b7801d","type":"SectionDescription","name":"","description":"Zajawka sekcji","content":[]}]}

Uchwała Sejmiku nr II/27/6/2004 z dnia 2004-11-15

Urząd Marszałkowski Województwa Śląskiego

Uchwała Sejmiku

Data ogłoszenia

przyjęcia oświadczenia w sprawie uczczenia 150 rocznicy pierwszego osadnictwa Ślązaków w Teksasie

Numer uchwały

Treść

Treść strony

<div class="lead1">Na podstawie<br />§ 18 a ust. 2 pkt 4 Statutu Województwa Śląskiego(Dz. Urz. Woj. Śl. Nr 26 z 2001 roku, poz. 657 z późn. zm.)</div>
<div class="tresc">
<div align="center"><b>§ 1 </b></div>
<p>Przyjmuje się oświadczenie w sprawie uczczenia 150 rocznicy pierwszego osadnictwa Ślązaków w Teksasie, stanowiące załącznik do uchwały.</p>
<p align="center"><b>§ 2</b></p>
<p>Wykonanie uchwały powierza się Zarządowi Województwa Śląskiego.</p>
<p align="center"><b>§ 3</b></p>
<p>Uchwała wchodzi w życie z dniem podjęcia.</p>
<p> </p>
<div class="tresc1">
<div class="lead1">Załącznik do uchwały Sejmiku Województwa Śląskiego Nr II/27/6/2004 z dnia 15 listopada 2004 roku</div>
<div class="tresc">
<div align="center"><b>OŚWIADCZENIE<br />SEJMIKU WOJEWÓDZTWA ŚLĄSKIEGO W ZWIĄZKU ZE 150-LECIEM ŚLĄSKIEGO OSADNICTWA NA ZIEMI AMERYKAŃSKIEJ </b></div>
<p>Sejmik Województwa Śląskiego wyraża podziw dla społeczności przyznającej się do śląskich korzeni, mieszkającej w amerykańskim stanie Teksas.</p>
<p>W związku ze 150-leciem śląskiej tam bytności potomkom pierwszych osadników między innymi w Pannie Marii, Częstochowie, Kościuszko i w Banderze przekazujemy słowa najwyższego uznania za to, iż przez tyle lat zachowali język ojczysty czyli gwarę a także obyczaje, kulturę i wiarę przodków.</p>
<p>Jesteśmy przekonani, że zapoczątkowane blisko 20 lat temu wyprawy Ślązaków do kraju przodków zaowocują jeszcze większym zainteresowaniem Ojczyzną i zacieśnią kontakty ludzi posługujących się językiem najpierwszym.</p>
<p>Podziw i uznanie wyrażamy duszpasterzowi Ślązaków w Teksasie - księdzu prałatowi Franciszkowi Kurzajowi, który to trudne dzieło podjął i przywozi do Polski dziesiątki grup śląskich Teksańczyków.</p>
<p>Dzięki temu poznają nie tylko najważniejsze miasta i zabytki na Śląsku, ale i odkrywają urodę Polski, której ta kraina jest nieodłączną historyczną częścią.</p>
</div>
</div>
</div>

Załączniki

Załączniki do strony

Tytuł strony
