{"id":26163,"name":"uchwala-sejmiku-nr-ii29222004-z-dnia-2004-12-20","title":"Uchwa\u0142a Sejmiku nr II\/29\/22\/2004 z dnia 2004-12-20","desc":"","header":"Uchwa\u0142a Sejmiku nr II\/29\/22\/2004 z dnia 2004-12-20","lead":"","keywords":"","changes":"migracja danych","menu":"","path":"\/sejmik_wojewodztwa\/sesje_sejmiku\/uchwaly\/uchwala-sejmiku-nr-ii29222004-z-dnia-2004-12-20.html","url":"\/sejmik_wojewodztwa\/sesje_sejmiku\/uchwaly\/uchwala-sejmiku-nr-ii29222004-z-dnia-2004-12-20.html","infoOwner":"Urz\u0105d Marsza\u0142kowski Wojew\u00f3dztwa \u015al\u0105skiego","dateFirstPublicate":"2022-02-03 09:01:15","dateLastVersionPublicate":"2022-02-03 09:01:15","dateAvailableFrom":"","dateAvailableTo":"","type":"Uchwa\u0142a Sejmiku","pageParams":[{"id":"225","name":"DATA_OGLOSZENIA","description":"Data og\u0142oszenia","value":"2004-12-20"},{"id":"235","name":"W sprawie","description":"W sprawie","value":"przekszta\u0142cenia Wojew\u00f3dzkiego Szpitala Specjalistycznego Nr 2 w Jastrz\u0119biu Zdroju"},{"id":"299","name":"NUMER_UCHWALY_SEJMIKU","description":"Numer uchwa\u0142y","value":"II\/29\/22\/2004"}],"components":[{"id":"bf6d5eba-d119-11e7-80a9-005056b46601","type":"ContentWYSIWYG","name":"Tre\u015b\u0107","description":"Tre\u015b\u0107 strony","content":{"content":"\u003Cdiv class=\u0022tresc1\u0022\u003E\n\u003Cdiv class=\u0022lead1\u0022\u003ENa podstawie\u003Cbr \/\u003Eart. 18 pkt 20 ustawy z dnia 5 czerwca 1998 roku o samorz\u0105dzie wojew\u00f3dztwa (t. j. Dz. U. Nr 142 z 2001 roku, poz. 1590 z p\u00f3\u017an. zm.) oraz art. 36 i art. 43 ust. 3 ustawy z dnia 30 sierpnia 1991 roku o zak\u0142adach opieki zdrowotnej Dz. U. Nr 91, poz. 408 z p\u00f3\u017an. zm.)\u003C\/div\u003E\n\u003Cdiv class=\u0022tresc\u0022\u003E\n\u003Cdiv align=\u0022center\u0022\u003E\u003Cb\u003E\u00a7 1 \u003C\/b\u003E\u003C\/div\u003E\n\u003Cp\u003EPrzekszta\u0142ca si\u0119 Wojew\u00f3dzki Szpital Specjalistyczny Nr 2 w Jastrz\u0119biu Zdroju poprzez:\u003C\/p\u003E\n\u003Col\u003E\n\u003Cli\u003Eutworzenie Poradni Laktacyjnej,\u003C\/li\u003E\n\u003Cli\u003Ezako\u0144czenie dzia\u0142alno\u015bci Zak\u0142adu Diagnostyki Laboratoryjnej i Zak\u0142adu Diagnostyki Mikrobiologicznej,\u003C\/li\u003E\n\u003Cli\u003Eograniczenie dzia\u0142alno\u015bci w zakresie podstawowej opieki zdrowotnej.\u003C\/li\u003E\n\u003C\/ol\u003E\n\u003Cp align=\u0022center\u0022\u003E\u003Cb\u003E\u00a7 2\u003C\/b\u003E\u003C\/p\u003E\n\u003Col\u003E\n\u003Cli\u003EZapewnia si\u0119 osobom korzystaj\u0105cym z dotychczasowych \u015bwiadcze\u0144 zdrowotnych Zak\u0142adu Diagnostyki Laboratoryjnej i Zak\u0142adu Diagnostyki Mikrobiologicznej dalsze nieprzerwane uzyskiwanie tych \u015bwiadcze\u0144, bez istotnego ograniczenia ich dost\u0119pno\u015bci, warunk\u00f3w udzielania i jako\u015bci w podmiocie wy\u0142onionym w trybie przetargu nieograniczonego.\u003C\/li\u003E\n\u003Cli\u003EZapewnia si\u0119 osobom korzystaj\u0105cym z dotychczasowych \u015bwiadcze\u0144 zdrowotnych podstawowej opieki zdrowotnej dalsze nieprzerwane uzyskiwanie tych \u015bwiadcze\u0144, bez istotnego ograniczenia ich dost\u0119pno\u015bci, warunk\u00f3w udzielania i jako\u015bci w wybranym zak\u0142adzie opieki zdrowotnej, \u015bwiadcz\u0105cym us\u0142ugi z zakresu podstawowej opieki zdrowotnej.\u003C\/li\u003E\n\u003C\/ol\u003E\n\u003Cp align=\u0022center\u0022\u003E\u003Cb\u003E\u00a7 3\u003C\/b\u003E\u003C\/p\u003E\n\u003Cp\u003EWyra\u017ca si\u0119 zgod\u0119 na przekazanie, w formie dzier\u017cawy, sk\u0142adnik\u00f3w materialnych i niematerialnych Zak\u0142adu Diagnostyki Laboratoryjnej i Zak\u0142adu Diagnostyki Mikrobiologicznej, podmiotom wy\u0142onionym w trybie przetargu nieograniczonego, pod warunkiem przej\u0119cia jego pracownik\u00f3w w trybie art. 231 Kodeksu Pracy.\u003C\/p\u003E\n\u003Cp align=\u0022center\u0022\u003E\u003Cb\u003E\u00a7 4\u003C\/b\u003E\u003C\/p\u003E\n\u003Cp\u003EUstala si\u0119 31 marca 2005 roku jako dzie\u0144 zako\u0144czenia dzia\u0142alno\u015bci Laboratorium.\u003C\/p\u003E\n\u003Cp align=\u0022center\u0022\u003E\u003Cb\u003E\u00a7 5\u003C\/b\u003E\u003C\/p\u003E\n\u003Cp\u003EWykonanie uchwa\u0142y powierza si\u0119 Zarz\u0105dowi Wojew\u00f3dztwa \u015al\u0105skiego.\u003C\/p\u003E\n\u003Cp align=\u0022center\u0022\u003E\u003Cb\u003E\u00a7 6\u003C\/b\u003E\u003C\/p\u003E\n\u003Cp\u003EUchwa\u0142a wchodzi w \u017cycie z dniem podj\u0119cia.\u003C\/p\u003E\n\u003C\/div\u003E\n\u003C\/div\u003E","promotion":false}},{"id":"bf6dbc25-d119-11e7-80a9-005056b46601","type":"Gallery","name":"Galeria","description":"Galeria"},{"id":"bf6e1f6b-d119-11e7-80a9-005056b46601","type":"Attachment","name":"Za\u0142\u0105czniki","description":"Za\u0142\u0105czniki do strony"},{"id":"eba03b25-d9a7-11e7-b355-005056b70dba","type":"PageTitle","name":"","description":"Tytu\u0142 strony","content":{"title":"Uchwa\u0142a Sejmiku nr II\/29\/22\/2004 z dnia 2004-12-20"}},{"id":"eba07701-d9a7-11e7-b355-005056b70dba","type":"PageDescription","name":"","description":"Zajawka strony","content":[]},{"id":"1b1a7940-ff78-11e7-b81e-005056b7801d","type":"SectionDescription","name":"","description":"Zajawka sekcji","content":[]}]}

Uchwała Sejmiku nr II/29/22/2004 z dnia 2004-12-20

Urząd Marszałkowski Województwa Śląskiego

Uchwała Sejmiku

Data ogłoszenia

przekształcenia Wojewódzkiego Szpitala Specjalistycznego Nr 2 w Jastrzębiu Zdroju

Numer uchwały

Treść

Treść strony

<div class="tresc1">
<div class="lead1">Na podstawie<br />art. 18 pkt 20 ustawy z dnia 5 czerwca 1998 roku o samorządzie województwa (t. j. Dz. U. Nr 142 z 2001 roku, poz. 1590 z późn. zm.) oraz art. 36 i art. 43 ust. 3 ustawy z dnia 30 sierpnia 1991 roku o zakładach opieki zdrowotnej Dz. U. Nr 91, poz. 408 z późn. zm.)</div>
<div class="tresc">
<div align="center"><b>§ 1 </b></div>
<p>Przekształca się Wojewódzki Szpital Specjalistyczny Nr 2 w Jastrzębiu Zdroju poprzez:</p>
<ol>
<li>utworzenie Poradni Laktacyjnej,</li>
<li>zakończenie działalności Zakładu Diagnostyki Laboratoryjnej i Zakładu Diagnostyki Mikrobiologicznej,</li>
<li>ograniczenie działalności w zakresie podstawowej opieki zdrowotnej.</li>
</ol>
<p align="center"><b>§ 2</b></p>
<ol>
<li>Zapewnia się osobom korzystającym z dotychczasowych świadczeń zdrowotnych Zakładu Diagnostyki Laboratoryjnej i Zakładu Diagnostyki Mikrobiologicznej dalsze nieprzerwane uzyskiwanie tych świadczeń, bez istotnego ograniczenia ich dostępności, warunków udzielania i jakości w podmiocie wyłonionym w trybie przetargu nieograniczonego.</li>
<li>Zapewnia się osobom korzystającym z dotychczasowych świadczeń zdrowotnych podstawowej opieki zdrowotnej dalsze nieprzerwane uzyskiwanie tych świadczeń, bez istotnego ograniczenia ich dostępności, warunków udzielania i jakości w wybranym zakładzie opieki zdrowotnej, świadczącym usługi z zakresu podstawowej opieki zdrowotnej.</li>
</ol>
<p align="center"><b>§ 3</b></p>
<p>Wyraża się zgodę na przekazanie, w formie dzierżawy, składników materialnych i niematerialnych Zakładu Diagnostyki Laboratoryjnej i Zakładu Diagnostyki Mikrobiologicznej, podmiotom wyłonionym w trybie przetargu nieograniczonego, pod warunkiem przejęcia jego pracowników w trybie art. 231 Kodeksu Pracy.</p>
<p align="center"><b>§ 4</b></p>
<p>Ustala się 31 marca 2005 roku jako dzień zakończenia działalności Laboratorium.</p>
<p align="center"><b>§ 5</b></p>
<p>Wykonanie uchwały powierza się Zarządowi Województwa Śląskiego.</p>
<p align="center"><b>§ 6</b></p>
<p>Uchwała wchodzi w życie z dniem podjęcia.</p>
</div>
</div>

Załączniki

Załączniki do strony

Tytuł strony
