{"id":28897,"name":"uchwala-sejmiku-nr-ii3102003-z-dnia-2003-01-20","title":"Uchwa\u0142a Sejmiku nr II\/3\/10\/2003 z dnia 2003-01-20","desc":"","header":"Uchwa\u0142a Sejmiku nr II\/3\/10\/2003 z dnia 2003-01-20","lead":"","keywords":"","changes":"Migracja danych","menu":"","path":"\/sejmik_wojewodztwa\/sesje_sejmiku\/uchwaly\/uchwala-sejmiku-nr-ii3102003-z-dnia-2003-01-20.html","url":"\/sejmik_wojewodztwa\/sesje_sejmiku\/uchwaly\/uchwala-sejmiku-nr-ii3102003-z-dnia-2003-01-20.html","infoOwner":"Urz\u0105d Marsza\u0142kowski Wojew\u00f3dztwa \u015al\u0105skiego","dateFirstPublicate":"2022-04-06 13:54:37","dateLastVersionPublicate":"2022-04-06 13:54:37","dateAvailableFrom":"2022-04-06 13:53:31","dateAvailableTo":"","type":"Uchwa\u0142a Sejmiku","pageParams":[{"id":"225","name":"DATA_OGLOSZENIA","description":"Data og\u0142oszenia","value":"2003-01-20"},{"id":"235","name":"W sprawie","description":"W sprawie","value":"zmiany uchwa\u0142y nr I\/51\/4\/2002 z dnia 17 czerwca 2002 roku w sprawie po\u0142\u0105czenia Zespo\u0142u Wojew\u00f3dzkich Przychodni Specjalistycznych w Katowicach z Obwodem Lecznictwa Kolejowego w Katowicach \u2013 samodzielnym publicznym zak\u0142adem opieki zdrowotnej"},{"id":"299","name":"NUMER_UCHWALY_SEJMIKU","description":"Numer uchwa\u0142y","value":"II\/3\/10\/2003"}],"components":[{"id":"bf6d5eba-d119-11e7-80a9-005056b46601","type":"ContentWYSIWYG","name":"Tre\u015b\u0107","description":"Tre\u015b\u0107 strony","content":{"content":"\u003Cdiv class=\u0022tresc1\u0022\u003E\n\u003Cdiv class=\u0022lead1\u0022\u003ENa podstawie\u003Cbr \/\u003Eart. 18 pkt 20\u003Cbr \/\u003E ustawy z dnia 5 czerwca 1998 roku o samorz\u0105dzie wojew\u00f3dztwa \u003Cbr \/\u003E (t.j. Dz. U. Nr 142 z 2001 roku, poz. 1590 z p\u00f3\u017an. zm.)\u003Cbr \/\u003E oraz art. 36 w zwi\u0105zku z art. 53 a ust. 1\u003Cbr \/\u003E ustawy z dnia 30 sierpnia 1991 roku o zak\u0142adach opieki zdrowotnej\u003Cbr \/\u003E (Dz. U. Nr 91, poz. 408 z p\u00f3\u017an. zm.)\u003C\/div\u003E\n\u003Cdiv class=\u0022tresc\u0022\u003E\n\u003Cp align=\u0022center\u0022\u003E\u00a7 1\u003C\/p\u003E\n\u003Cbr \/\u003E\n\u003Cp\u003EZmieni\u0107 uchwa\u0142\u0119 nr I\/51\/4\/2002 z dnia 17 czerwca 2002 roku w sprawie po\u0142\u0105czenia Zespo\u0142u Wojew\u00f3dzkich Przychodni Specjalistycznych w Katowicach z Obwodem Lecznictwa Kolejowego w Katowicach \u2013 samodzielnym publicznym zak\u0142adem opieki zdrowotnej w ten spos\u00f3b, \u017ce:\u003C\/p\u003E\n\u003Cp\u003E\u00a0\u003C\/p\u003E\n\u003Col\u003E\n\u003Cli\u003Euchwale nada\u0107 nast\u0119puj\u0105cy tytu\u0142: \u201ew sprawie przekszta\u0142cenia Zespo\u0142u Wojew\u00f3dzkich Przychodni Specjalistycznych w Katowicach\u201d;\u003C\/li\u003E\n\u003Cli\u003E\u00a7 1 nada\u0107 nowe brzmienie: \u201ePrzekszta\u0142ci\u0107 Zesp\u00f3\u0142 Wojew\u00f3dzkich Przychodni Specjalistycznych w Katowicach, wpisany do rejestru publicznych zak\u0142ad\u00f3w opieki zdrowotnej prowadzonego przez S\u0105d Rejonowy w Katowicach, Wydzia\u0142 Gospodarczy Krajowego Rejestru S\u0105dowego pod nr KRS 0000057698 w taki spos\u00f3b, \u017ce wyodr\u0119bni\u0107 z jego struktur Wojew\u00f3dzk\u0105 Poradni\u0119 Chirurgii Plastycznej i Rekonstrukcji i w\u0142\u0105czy\u0107 j\u0105 do Wojew\u00f3dzkiego Szpitala Specjalistycznego Nr 5 im. \u015aw. Barbary w Sosnowcu wraz ze sprz\u0119tem medycznym s\u0142u\u017c\u0105cym realizacji jej zada\u0144;\u003C\/li\u003E\n\u003Cli\u003Ewykre\u015bli\u0107 \u00a7 2, \u00a7 3, \u00a7 4, \u00a7 5 i \u00a7 6;\u003C\/li\u003E\n\u003Cli\u003Ew \u00a7 7 wykre\u015bli\u0107 ust. 2 i oznaczenie ust. 1;\u003C\/li\u003E\n\u003Cli\u003Ewykre\u015bli\u0107 \u00a7 8 i \u00a7 9.\u003C\/li\u003E\n\u003C\/ol\u003E\n\u003Cbr \/\u003E\n\u003Cp align=\u0022center\u0022\u003E\u00a7 2\u003C\/p\u003E\n\u003Cbr \/\u003E\n\u003Cp\u003EWykonanie uchwa\u0142y powierzy\u0107 Zarz\u0105dowi Wojew\u00f3dztwa \u015al\u0105skiego.\u003C\/p\u003E\n\u003Cbr \/\u003E\n\u003Cp align=\u0022center\u0022\u003E\u00a7 3\u003C\/p\u003E\n\u003Cbr \/\u003E\n\u003Cp\u003EUchwa\u0142a wchodzi w \u017cycie z dniem podj\u0119cia.\u003C\/p\u003E\n\u003Cbr \/\u003E \u003Cbr \/\u003E Zbigniew Wieczorek \u003Cbr \/\u003E Przewodnicz\u0105cy Sejmiku \u003Cbr \/\u003E Wojew\u00f3dztwa \u015al\u0105skiego\u003C\/div\u003E\n\u003C\/div\u003E","promotion":false}},{"id":"bf6dbc25-d119-11e7-80a9-005056b46601","type":"Gallery","name":"Galeria","description":"Galeria"},{"id":"bf6e1f6b-d119-11e7-80a9-005056b46601","type":"Attachment","name":"Za\u0142\u0105czniki","description":"Za\u0142\u0105czniki do strony"},{"id":"eba03b25-d9a7-11e7-b355-005056b70dba","type":"PageTitle","name":"","description":"Tytu\u0142 strony","content":{"title":"Uchwa\u0142a Sejmiku nr II\/3\/10\/2003 z dnia 2003-01-20"}},{"id":"eba07701-d9a7-11e7-b355-005056b70dba","type":"PageDescription","name":"","description":"Zajawka strony","content":[]},{"id":"1b1a7940-ff78-11e7-b81e-005056b7801d","type":"SectionDescription","name":"","description":"Zajawka sekcji","content":[]}]}

Uchwała Sejmiku nr II/3/10/2003 z dnia 2003-01-20

Urząd Marszałkowski Województwa Śląskiego

Uchwała Sejmiku

Data ogłoszenia

zmiany uchwały nr I/51/4/2002 z dnia 17 czerwca 2002 roku w sprawie połączenia Zespołu Wojewódzkich Przychodni Specjalistycznych w Katowicach z Obwodem Lecznictwa Kolejowego w Katowicach – samodzielnym publicznym zakładem opieki zdrowotnej

Numer uchwały

Treść

Treść strony

<div class="tresc1">
<div class="lead1">Na podstawie<br />art. 18 pkt 20<br /> ustawy z dnia 5 czerwca 1998 roku o samorządzie województwa <br /> (t.j. Dz. U. Nr 142 z 2001 roku, poz. 1590 z późn. zm.)<br /> oraz art. 36 w związku z art. 53 a ust. 1<br /> ustawy z dnia 30 sierpnia 1991 roku o zakładach opieki zdrowotnej<br /> (Dz. U. Nr 91, poz. 408 z późn. zm.)</div>
<div class="tresc">
<p align="center">§ 1</p>
<br />
<p>Zmienić uchwałę nr I/51/4/2002 z dnia 17 czerwca 2002 roku w sprawie połączenia Zespołu Wojewódzkich Przychodni Specjalistycznych w Katowicach z Obwodem Lecznictwa Kolejowego w Katowicach – samodzielnym publicznym zakładem opieki zdrowotnej w ten sposób, że:</p>
<p> </p>
<ol>
<li>uchwale nadać następujący tytuł: „w sprawie przekształcenia Zespołu Wojewódzkich Przychodni Specjalistycznych w Katowicach”;</li>
<li>§ 1 nadać nowe brzmienie: „Przekształcić Zespół Wojewódzkich Przychodni Specjalistycznych w Katowicach, wpisany do rejestru publicznych zakładów opieki zdrowotnej prowadzonego przez Sąd Rejonowy w Katowicach, Wydział Gospodarczy Krajowego Rejestru Sądowego pod nr KRS 0000057698 w taki sposób, że wyodrębnić z jego struktur Wojewódzką Poradnię Chirurgii Plastycznej i Rekonstrukcji i włączyć ją do Wojewódzkiego Szpitala Specjalistycznego Nr 5 im. Św. Barbary w Sosnowcu wraz ze sprzętem medycznym służącym realizacji jej zadań;</li>
<li>wykreślić § 2, § 3, § 4, § 5 i § 6;</li>
<li>w § 7 wykreślić ust. 2 i oznaczenie ust. 1;</li>
<li>wykreślić § 8 i § 9.</li>
</ol>
<br />
<p align="center">§ 2</p>
<br />
<p>Wykonanie uchwały powierzyć Zarządowi Województwa Śląskiego.</p>
<br />
<p align="center">§ 3</p>
<br />
<p>Uchwała wchodzi w życie z dniem podjęcia.</p>
<br /> <br /> Zbigniew Wieczorek <br /> Przewodniczący Sejmiku <br /> Województwa Śląskiego</div>
</div>

Załączniki

Załączniki do strony

Tytuł strony
