{"id":26038,"name":"uchwala-sejmiku-nr-ii32172005-z-dnia-2005-03-21","title":"Uchwa\u0142a Sejmiku nr II\/32\/17\/2005 z dnia 2005-03-21","desc":"","header":"Uchwa\u0142a Sejmiku nr II\/32\/17\/2005 z dnia 2005-03-21","lead":"","keywords":"","changes":"migracja danych","menu":"","path":"\/sejmik_wojewodztwa\/sesje_sejmiku\/uchwaly\/uchwala-sejmiku-nr-ii32172005-z-dnia-2005-03-21.html","url":"\/sejmik_wojewodztwa\/sesje_sejmiku\/uchwaly\/uchwala-sejmiku-nr-ii32172005-z-dnia-2005-03-21.html","infoOwner":"Urz\u0105d Marsza\u0142kowski Wojew\u00f3dztwa \u015al\u0105skiego","dateFirstPublicate":"2022-01-31 13:40:21","dateLastVersionPublicate":"2022-01-31 13:40:21","dateAvailableFrom":"","dateAvailableTo":"","type":"Uchwa\u0142a Sejmiku","pageParams":[{"id":"225","name":"DATA_OGLOSZENIA","description":"Data og\u0142oszenia","value":"2005-03-21"},{"id":"235","name":"W sprawie","description":"W sprawie","value":"powo\u0142ania Komisji dora\u017anej Sejmiku Wojew\u00f3dztwa \u015al\u0105skiego do spraw przeanalizowania problemu oszacowania strat wojennych na terenie wojew\u00f3dztwa \u015bl\u0105skiego poniesionych w wyniku II wojny \u015bwiatowej"},{"id":"299","name":"NUMER_UCHWALY_SEJMIKU","description":"Numer uchwa\u0142y","value":"II\/32\/17\/2005"}],"components":[{"id":"bf6d5eba-d119-11e7-80a9-005056b46601","type":"ContentWYSIWYG","name":"Tre\u015b\u0107","description":"Tre\u015b\u0107 strony","content":{"content":"\u003Cdiv class=\u0022tresc1\u0022\u003E\n\u003Cdiv class=\u0022lead1\u0022\u003ENa podstawie\u003Cbr \/\u003Eart. 18 pkt 20 i art. 28 ustawy z dnia 5 czerwca 1998 roku o samorz\u0105dzie wojew\u00f3dztwa (t. j. Dz. U. Nr 142 z 2001 roku, poz. 1590 z p\u00f3\u017an. zm.) oraz \u00a7 44 d pkt 1 i 2\u003Cbr \/\u003E Statutu Wojew\u00f3dztwa \u015al\u0105skiego (Dz. U. Woj. \u015al. Nr 26 z 2001 roku, poz. 657 z p\u00f3\u017an. zm.)\u003C\/div\u003E\n\u003Cdiv class=\u0022tresc\u0022\u003E\n\u003Cdiv align=\u0022center\u0022\u003E\u003Cb\u003E\u00a7 1 \u003C\/b\u003E\u003C\/div\u003E\n\u003Cp\u003EPowo\u0142uje si\u0119 Komisj\u0119 dora\u013dn\u0105 Sejmiku Wojew\u00f3dztwa \u015al\u0105skiego do spraw przeanalizowania problemu oszacowania strat wojennych na terenie wojew\u00f3dztwa \u015bl\u0105skiego poniesionych w wyniku II wojny \u015bwiatowej, w sk\u0142adzie:\u003C\/p\u003E\n\u003Col\u003E\n\u003Cli\u003EW\u0142adys\u0142aw Motyka - przewodnicz\u0105cy,\u003C\/li\u003E\n\u003Cli\u003EMarek Trombski - zast\u0119pca przewodnicz\u0105cego,\u003C\/li\u003E\n\u003Cli\u003EStanis\u0142aw Zapa\u0142a - zast\u0119pca przewodnicz\u0105cego,\u003C\/li\u003E\n\u003Cli\u003EJanusz Ga\u0142kowski,\u003C\/li\u003E\n\u003Cli\u003ETadeusz Mazanek,\u003C\/li\u003E\n\u003Cli\u003ERajmund Pollak,\u003C\/li\u003E\n\u003Cli\u003EJanusz Krakowian.\u003C\/li\u003E\n\u003C\/ol\u003E\n\u003Cp align=\u0022center\u0022\u003E\u003Cb\u003E\u00a7 2\u003C\/b\u003E\u003C\/p\u003E\n\u003Col\u003E\n\u003Cli\u003EPrzedmiotem dzia\u0142ania Komisji jest przeanalizowanie problemu strat wojennych na terenie wojew\u00f3dztwa \u015bl\u0105skiego poniesionych w wyniku II wojny \u015bwiatowej.\u003C\/li\u003E\n\u003Cli\u003EW swojej pracy Komisja b\u0119dzie korzysta\u0107 z us\u0142ug ekspert\u00f3w reprezentuj\u0105cych instytucje i plac\u00f3wki naukowo badawcze.\u003C\/li\u003E\n\u003C\/ol\u003E\n\u003Cp align=\u0022center\u0022\u003E\u003Cb\u003E\u00a7 3\u003C\/b\u003E\u003C\/p\u003E\n\u003Cp\u003EKomisja przedstawi Sejmikowi Wojew\u00f3dztwa \u015al\u0105skiego propozycj\u0119 rozwi\u0105zania problemu strat wojennych w terminie do 30 wrze\u015bnia 2005 roku.\u003C\/p\u003E\n\u003Cp align=\u0022center\u0022\u003E\u003Cb\u003E\u00a7 4\u003C\/b\u003E\u003C\/p\u003E\n\u003Cp\u003EUchwa\u0142a wchodzi w \u017cycie z dniem podj\u0119cia.\u003C\/p\u003E\n\u003C\/div\u003E\n\u003C\/div\u003E","promotion":false}},{"id":"bf6dbc25-d119-11e7-80a9-005056b46601","type":"Gallery","name":"Galeria","description":"Galeria"},{"id":"bf6e1f6b-d119-11e7-80a9-005056b46601","type":"Attachment","name":"Za\u0142\u0105czniki","description":"Za\u0142\u0105czniki do strony"},{"id":"eba03b25-d9a7-11e7-b355-005056b70dba","type":"PageTitle","name":"","description":"Tytu\u0142 strony","content":{"title":"Uchwa\u0142a Sejmiku nr II\/32\/17\/2005 z dnia 2005-03-21"}},{"id":"eba07701-d9a7-11e7-b355-005056b70dba","type":"PageDescription","name":"","description":"Zajawka strony","content":[]},{"id":"1b1a7940-ff78-11e7-b81e-005056b7801d","type":"SectionDescription","name":"","description":"Zajawka sekcji","content":[]}]}

Uchwała Sejmiku nr II/32/17/2005 z dnia 2005-03-21

Urząd Marszałkowski Województwa Śląskiego

Uchwała Sejmiku

Data ogłoszenia

powołania Komisji doraźnej Sejmiku Województwa Śląskiego do spraw przeanalizowania problemu oszacowania strat wojennych na terenie województwa śląskiego poniesionych w wyniku II wojny światowej

Numer uchwały

Treść

Treść strony

<div class="tresc1">
<div class="lead1">Na podstawie<br />art. 18 pkt 20 i art. 28 ustawy z dnia 5 czerwca 1998 roku o samorządzie województwa (t. j. Dz. U. Nr 142 z 2001 roku, poz. 1590 z późn. zm.) oraz § 44 d pkt 1 i 2<br /> Statutu Województwa Śląskiego (Dz. U. Woj. Śl. Nr 26 z 2001 roku, poz. 657 z późn. zm.)</div>
<div class="tresc">
<div align="center"><b>§ 1 </b></div>
<p>Powołuje się Komisję doraĽną Sejmiku Województwa Śląskiego do spraw przeanalizowania problemu oszacowania strat wojennych na terenie województwa śląskiego poniesionych w wyniku II wojny światowej, w składzie:</p>
<ol>
<li>Władysław Motyka - przewodniczący,</li>
<li>Marek Trombski - zastępca przewodniczącego,</li>
<li>Stanisław Zapała - zastępca przewodniczącego,</li>
<li>Janusz Gałkowski,</li>
<li>Tadeusz Mazanek,</li>
<li>Rajmund Pollak,</li>
<li>Janusz Krakowian.</li>
</ol>
<p align="center"><b>§ 2</b></p>
<ol>
<li>Przedmiotem działania Komisji jest przeanalizowanie problemu strat wojennych na terenie województwa śląskiego poniesionych w wyniku II wojny światowej.</li>
<li>W swojej pracy Komisja będzie korzystać z usług ekspertów reprezentujących instytucje i placówki naukowo badawcze.</li>
</ol>
<p align="center"><b>§ 3</b></p>
<p>Komisja przedstawi Sejmikowi Województwa Śląskiego propozycję rozwiązania problemu strat wojennych w terminie do 30 września 2005 roku.</p>
<p align="center"><b>§ 4</b></p>
<p>Uchwała wchodzi w życie z dniem podjęcia.</p>
</div>
</div>

Załączniki

Załączniki do strony

Tytuł strony
