{"id":25804,"name":"uchwala-sejmiku-nr-ii38102005-z-dnia-2005-08-29","title":"Uchwa\u0142a Sejmiku nr II\/38\/10\/2005 z dnia 2005-08-29","desc":"","header":"Uchwa\u0142a Sejmiku nr II\/38\/10\/2005 z dnia 2005-08-29","lead":"","keywords":"","changes":"migracja danych","menu":"","path":"\/sejmik_wojewodztwa\/sesje_sejmiku\/uchwaly\/uchwala-sejmiku-nr-ii38102005-z-dnia-2005-08-29.html","url":"\/sejmik_wojewodztwa\/sesje_sejmiku\/uchwaly\/uchwala-sejmiku-nr-ii38102005-z-dnia-2005-08-29.html","infoOwner":"Urz\u0105d Marsza\u0142kowski Wojew\u00f3dztwa \u015al\u0105skiego","dateFirstPublicate":"2022-01-27 12:45:10","dateLastVersionPublicate":"2022-01-27 12:45:10","dateAvailableFrom":"","dateAvailableTo":"","type":"Uchwa\u0142a Sejmiku","pageParams":[{"id":"225","name":"DATA_OGLOSZENIA","description":"Data og\u0142oszenia","value":"2005-08-29"},{"id":"235","name":"W sprawie","description":"W sprawie","value":"za\u0142o\u017cenia Szko\u0142y Policealnej Wojew\u00f3dztwa \u015al\u0105skiego nr 2 Specjalnej w Raciborzu oraz w\u0142\u0105czenia jej do O\u015brodka Szkolno \u2013 Wychowawczego dla Nies\u0142ysz\u0105cych i S\u0142abos\u0142ysz\u0105cych w Raciborzu"},{"id":"299","name":"NUMER_UCHWALY_SEJMIKU","description":"Numer uchwa\u0142y","value":"II\/38\/10\/2005"}],"components":[{"id":"bf6d5eba-d119-11e7-80a9-005056b46601","type":"ContentWYSIWYG","name":"Tre\u015b\u0107","description":"Tre\u015b\u0107 strony","content":{"content":"\u003Cdiv class=\u0022lead1\u0022\u003ENa podstawie\u003Cbr \/\u003Epodstawie art. 18 pkt 19 lit. f\u003Cbr \/\u003E ustawy z dnia 5 czerwca 1998 roku o samorz\u0105dzie wojew\u00f3dztwa\u003Cbr \/\u003E (t. j. Dz. U. Nr 142 z 2001 roku, poz. 1590 z p\u00f3\u017an. zm.)\u003Cbr \/\u003E art. 5 ust. 2, ust. 6, art. 58 ust. 1, ust. 6\u003Cbr \/\u003E ustawy z dnia 7 wrze\u015bnia 1991 roku o systemie o\u015bwiaty\u003Cbr \/\u003E (t. j. Dz. U. Nr 256 z 2004 roku, poz. 2572 z p\u00f3\u017an. zm.)\u003C\/div\u003E\n\u003Cdiv class=\u0022tresc\u0022\u003E\n\u003Cp align=\u0022center\u0022\u003E\u00a7 1\u003C\/p\u003E\n\u003Cbr \/\u003E\u003Cbr \/\u003E\n\u003Col\u003E\n\u003Col\u003E\n\u003Cli\u003EZa\u0142o\u017cy\u0107 z dniem 1 wrze\u015bnia 2005 roku Szko\u0142\u0119 Policealn\u0105 Wojew\u00f3dztwa \u015al\u0105skiego nr 2 Specjaln\u0105 w Raciborzu z siedzib\u0105 w Raciborzu przy ulicy Karola Miarki 4. Akt za\u0142o\u017cycielski stanowi za\u0142\u0105cznik nr 1 do niniejszej uchwa\u0142y.\u003C\/li\u003E\n\u003Cli\u003EZa\u0142o\u017conej Szkole nada\u0107 statut stanowi\u0105cy za\u0142\u0105cznik nr 2 do niniejszej uchwa\u0142y.\u003C\/li\u003E\n\u003C\/ol\u003E\n\u003C\/ol\u003E\n\u003Cp align=\u0022center\u0022\u003E\u00a7 2\u003C\/p\u003E\n\u003Cbr \/\u003E\n\u003Cp\u003ESzko\u0142\u0119 Policealn\u0105 Wojew\u00f3dztwa \u015al\u0105skiego nr 2 Specjaln\u0105 w Raciborzu w\u0142\u0105czy\u0107 do O\u015brodka Szkolno \u2013 Wychowawczego w Raciborzu.\u003C\/p\u003E\n\u003Cbr \/\u003E\n\u003Cp align=\u0022center\u0022\u003E\u00a7 3\u003C\/p\u003E\n\u003Cbr \/\u003E\n\u003Cp\u003EWykonanie uchwa\u0142y powierzy\u0107 Zarz\u0105dowi Wojew\u00f3dztwa \u015al\u0105skiego.\u003C\/p\u003E\n\u003Cbr \/\u003E\n\u003Cp align=\u0022center\u0022\u003E\u00a7 4\u003C\/p\u003E\n\u003Cbr \/\u003E\n\u003Cp\u003EUchwa\u0142a wchodzi w \u017cycie z dniem podj\u0119cia.\u003C\/p\u003E\n\u003C\/div\u003E","promotion":false}},{"id":"bf6dbc25-d119-11e7-80a9-005056b46601","type":"Gallery","name":"Galeria","description":"Galeria"},{"id":"bf6e1f6b-d119-11e7-80a9-005056b46601","type":"Attachment","name":"Za\u0142\u0105czniki","description":"Za\u0142\u0105czniki do strony","content":[{"src":"\/resource\/45604\/1126169515.rtf","extension":"RTF","name":"b6e9ba8597c3ef6c7acd12b67ac84183.rtf","size":"6.85 KB"},{"src":"\/resource\/45604\/1126169611.rtf","extension":"RTF","name":"ce0a6694ee098f0ce53e64a55886a48d.rtf","size":"173.69 KB"}]},{"id":"eba03b25-d9a7-11e7-b355-005056b70dba","type":"PageTitle","name":"","description":"Tytu\u0142 strony","content":{"title":"Uchwa\u0142a Sejmiku nr II\/38\/10\/2005 z dnia 2005-08-29"}},{"id":"eba07701-d9a7-11e7-b355-005056b70dba","type":"PageDescription","name":"","description":"Zajawka strony","content":[]},{"id":"1b1a7940-ff78-11e7-b81e-005056b7801d","type":"SectionDescription","name":"","description":"Zajawka sekcji","content":[]}]}

Uchwała Sejmiku nr II/38/10/2005 z dnia 2005-08-29

Urząd Marszałkowski Województwa Śląskiego

Uchwała Sejmiku

Data ogłoszenia

założenia Szkoły Policealnej Województwa Śląskiego nr 2 Specjalnej w Raciborzu oraz włączenia jej do Ośrodka Szkolno – Wychowawczego dla Niesłyszących i Słabosłyszących w Raciborzu

Numer uchwały

Treść

Treść strony

<div class="lead1">Na podstawie<br />podstawie art. 18 pkt 19 lit. f<br /> ustawy z dnia 5 czerwca 1998 roku o samorządzie województwa<br /> (t. j. Dz. U. Nr 142 z 2001 roku, poz. 1590 z późn. zm.)<br /> art. 5 ust. 2, ust. 6, art. 58 ust. 1, ust. 6<br /> ustawy z dnia 7 września 1991 roku o systemie oświaty<br /> (t. j. Dz. U. Nr 256 z 2004 roku, poz. 2572 z późn. zm.)</div>
<div class="tresc">
<p align="center">§ 1</p>
<br /><br />
<ol>
<ol>
<li>Założyć z dniem 1 września 2005 roku Szkołę Policealną Województwa Śląskiego nr 2 Specjalną w Raciborzu z siedzibą w Raciborzu przy ulicy Karola Miarki 4. Akt założycielski stanowi załącznik nr 1 do niniejszej uchwały.</li>
<li>Założonej Szkole nadać statut stanowiący załącznik nr 2 do niniejszej uchwały.</li>
</ol>
</ol>
<p align="center">§ 2</p>
<br />
<p>Szkołę Policealną Województwa Śląskiego nr 2 Specjalną w Raciborzu włączyć do Ośrodka Szkolno – Wychowawczego w Raciborzu.</p>
<br />
<p align="center">§ 3</p>
<br />
<p>Wykonanie uchwały powierzyć Zarządowi Województwa Śląskiego.</p>
<br />
<p align="center">§ 4</p>
<br />
<p>Uchwała wchodzi w życie z dniem podjęcia.</p>
</div>

Załączniki

Załączniki do strony

Tytuł strony
