{"id":25799,"name":"uchwala-sejmiku-nr-ii3892005-z-dnia-2005-08-29","title":"Uchwa\u0142a Sejmiku nr II\/38\/9\/2005 z dnia 2005-08-29","desc":"","header":"Uchwa\u0142a Sejmiku nr II\/38\/9\/2005 z dnia 2005-08-29","lead":"","keywords":"","changes":"migracja danych","menu":"","path":"\/sejmik_wojewodztwa\/sesje_sejmiku\/uchwaly\/uchwala-sejmiku-nr-ii3892005-z-dnia-2005-08-29.html","url":"\/sejmik_wojewodztwa\/sesje_sejmiku\/uchwaly\/uchwala-sejmiku-nr-ii3892005-z-dnia-2005-08-29.html","infoOwner":"Urz\u0105d Marsza\u0142kowski Wojew\u00f3dztwa \u015al\u0105skiego","dateFirstPublicate":"2022-01-27 12:23:59","dateLastVersionPublicate":"2022-01-27 12:23:59","dateAvailableFrom":"","dateAvailableTo":"","type":"Uchwa\u0142a Sejmiku","pageParams":[{"id":"225","name":"DATA_OGLOSZENIA","description":"Data og\u0142oszenia","value":"2005-08-29"},{"id":"235","name":"W sprawie","description":"W sprawie","value":"za\u0142o\u017cenia z dniem 1 wrze\u015bnia 2005 roku Uzupe\u0142niaj\u0105cego Liceum Og\u00f3lnokszta\u0142c\u0105cego dla Doros\u0142ych Specjalnego w Raciborzu"},{"id":"299","name":"NUMER_UCHWALY_SEJMIKU","description":"Numer uchwa\u0142y","value":"II\/38\/09\/2005"}],"components":[{"id":"bf6d5eba-d119-11e7-80a9-005056b46601","type":"ContentWYSIWYG","name":"Tre\u015b\u0107","description":"Tre\u015b\u0107 strony","content":{"content":"\u003Cdiv id=\u0022content\u0022\u003E\n\u003Cdiv id=\u0022aktualnosci\u0022 class=\u0022kontener\u0022\u003E\n\u003Cdiv class=\u0022tresc1\u0022\u003E\n\u003Cdiv class=\u0022lead1\u0022\u003ENa podstawie\u003Cbr \/\u003Eart. 18 pkt 19 lit. f\u003Cbr \/\u003E ustawy z dnia 5 czerwca 1998 roku o samorz\u0105dzie wojew\u00f3dztwa\u003Cbr \/\u003E (t. j. Dz. U. Nr 142 z 2001 roku, poz. 1590 z p\u00f3\u017an. zm.)\u003Cbr \/\u003E art. 5 ust. 2, ust. 6, art. 58 ust. 1, ust. 6\u003Cbr \/\u003E ustawy z dnia 7 wrze\u015bnia 1991 roku o systemie o\u015bwiaty\u003Cbr \/\u003E (t. j. Dz. U. Nr 256 z 2004 roku poz. 2572 z p\u00f3\u017an. zm.)\u003C\/div\u003E\n\u003Cdiv class=\u0022tresc\u0022\u003E\n\u003Cp align=\u0022center\u0022\u003E\u00a7 1\u003C\/p\u003E\n\u003Cbr \/\u003E\u003Cbr \/\u003E\n\u003Col\u003E\n\u003Col\u003E\n\u003Cli\u003EZa\u0142o\u017cy\u0107 z dniem 1 wrze\u015bnia 2005 roku Uzupe\u0142niaj\u0105ce Liceum Og\u00f3lnokszta\u0142c\u0105ce dla Doros\u0142ych Specjalne w Raciborzu z siedzib\u0105 w Raciborzu przy ulicy Karola Miarki 4. Akt za\u0142o\u017cycielski stanowi za\u0142\u0105cznik nr 1 do niniejszej uchwa\u0142y.\u003C\/li\u003E\n\u003Cli\u003EZa\u0142o\u017conej Szkole nada\u0107 statut stanowi\u0105cy za\u0142\u0105cznik nr 2 do niniejszej uchwa\u0142y.\u003C\/li\u003E\n\u003C\/ol\u003E\n\u003C\/ol\u003E\n\u003Cp align=\u0022center\u0022\u003E\u00a7 2\u003C\/p\u003E\n\u003Cbr \/\u003E\n\u003Cp\u003EUzupe\u0142niaj\u0105ce Liceum Og\u00f3lnokszta\u0142c\u0105ce dla Doros\u0142ych Specjalne w Raciborzu w\u0142\u0105czy\u0107 do O\u015brodka Szkolno \u2013 Wychowawczego dla Nies\u0142ysz\u0105cych i S\u0142abos\u0142ysz\u0105cych w Raciborzu.\u003C\/p\u003E\n\u003Cbr \/\u003E\n\u003Cp align=\u0022center\u0022\u003E\u00a7 3\u003C\/p\u003E\n\u003Cbr \/\u003E\n\u003Cp\u003EWykonanie uchwa\u0142y powierzy\u0107 Zarz\u0105dowi Wojew\u00f3dztwa \u015al\u0105skiego.\u003C\/p\u003E\n\u003Cbr \/\u003E\n\u003Cp align=\u0022center\u0022\u003E\u00a7 4\u003C\/p\u003E\n\u003Cbr \/\u003E\n\u003Cp\u003EUchwa\u0142a wchodzi w \u017cycie z dniem podj\u0119cia.\u003C\/p\u003E\n\u003C\/div\u003E\n\u003C\/div\u003E\n\u003C\/div\u003E\n\u003C\/div\u003E","promotion":false}},{"id":"bf6dbc25-d119-11e7-80a9-005056b46601","type":"Gallery","name":"Galeria","description":"Galeria"},{"id":"bf6e1f6b-d119-11e7-80a9-005056b46601","type":"Attachment","name":"Za\u0142\u0105czniki","description":"Za\u0142\u0105czniki do strony","content":[{"src":"\/resource\/45599\/1126168762.rtf","extension":"RTF","name":"9d15bc896fa420167e9ffe73a744d076.rtf","size":"6.68 KB"},{"src":"\/resource\/45599\/1126168855.rtf","extension":"RTF","name":"39cd02c01f3c2f010522332756cb6c65.rtf","size":"165.8 KB"}]},{"id":"eba03b25-d9a7-11e7-b355-005056b70dba","type":"PageTitle","name":"","description":"Tytu\u0142 strony","content":{"title":"Uchwa\u0142a Sejmiku nr II\/38\/9\/2005 z dnia 2005-08-29"}},{"id":"eba07701-d9a7-11e7-b355-005056b70dba","type":"PageDescription","name":"","description":"Zajawka strony","content":[]},{"id":"1b1a7940-ff78-11e7-b81e-005056b7801d","type":"SectionDescription","name":"","description":"Zajawka sekcji","content":[]}]}

Uchwała Sejmiku nr II/38/9/2005 z dnia 2005-08-29

Urząd Marszałkowski Województwa Śląskiego

Uchwała Sejmiku

Data ogłoszenia

założenia z dniem 1 września 2005 roku Uzupełniającego Liceum Ogólnokształcącego dla Dorosłych Specjalnego w Raciborzu

Numer uchwały

Treść

Treść strony

<div id="content">
<div id="aktualnosci" class="kontener">
<div class="tresc1">
<div class="lead1">Na podstawie<br />art. 18 pkt 19 lit. f<br /> ustawy z dnia 5 czerwca 1998 roku o samorządzie województwa<br /> (t. j. Dz. U. Nr 142 z 2001 roku, poz. 1590 z późn. zm.)<br /> art. 5 ust. 2, ust. 6, art. 58 ust. 1, ust. 6<br /> ustawy z dnia 7 września 1991 roku o systemie oświaty<br /> (t. j. Dz. U. Nr 256 z 2004 roku poz. 2572 z późn. zm.)</div>
<div class="tresc">
<p align="center">§ 1</p>
<br /><br />
<ol>
<ol>
<li>Założyć z dniem 1 września 2005 roku Uzupełniające Liceum Ogólnokształcące dla Dorosłych Specjalne w Raciborzu z siedzibą w Raciborzu przy ulicy Karola Miarki 4. Akt założycielski stanowi załącznik nr 1 do niniejszej uchwały.</li>
<li>Założonej Szkole nadać statut stanowiący załącznik nr 2 do niniejszej uchwały.</li>
</ol>
</ol>
<p align="center">§ 2</p>
<br />
<p>Uzupełniające Liceum Ogólnokształcące dla Dorosłych Specjalne w Raciborzu włączyć do Ośrodka Szkolno – Wychowawczego dla Niesłyszących i Słabosłyszących w Raciborzu.</p>
<br />
<p align="center">§ 3</p>
<br />
<p>Wykonanie uchwały powierzyć Zarządowi Województwa Śląskiego.</p>
<br />
<p align="center">§ 4</p>
<br />
<p>Uchwała wchodzi w życie z dniem podjęcia.</p>
</div>
</div>
</div>
</div>

Załączniki

Załączniki do strony

Tytuł strony
