{"id":25669,"name":"uchwala-sejmiku-nr-ii3982005-z-dnia-2005-09-26","title":"Uchwa\u0142a Sejmiku nr II\/39\/8\/2005 z dnia 2005-09-26","desc":"","header":"Uchwa\u0142a Sejmiku nr II\/39\/8\/2005 z dnia 2005-09-26","lead":"","keywords":"","changes":"migracja danych","menu":"","path":"\/sejmik_wojewodztwa\/sesje_sejmiku\/uchwaly\/uchwala-sejmiku-nr-ii3982005-z-dnia-2005-09-26.html","url":"\/sejmik_wojewodztwa\/sesje_sejmiku\/uchwaly\/uchwala-sejmiku-nr-ii3982005-z-dnia-2005-09-26.html","infoOwner":"Urz\u0105d Marsza\u0142kowski Wojew\u00f3dztwa \u015al\u0105skiego","dateFirstPublicate":"2022-01-26 14:43:29","dateLastVersionPublicate":"2022-01-26 14:43:29","dateAvailableFrom":"","dateAvailableTo":"","type":"Uchwa\u0142a Sejmiku","pageParams":[{"id":"225","name":"DATA_OGLOSZENIA","description":"Data og\u0142oszenia","value":"2005-09-26"},{"id":"235","name":"W sprawie","description":"W sprawie","value":"zabezpieczenia \u015brodk\u00f3w finansowych w latach 2006-2008 na prefinansowanie dzia\u0142a\u0144: 2.1 Rozw\u00f3j umiej\u0119tno\u015bci powi\u0105zany z potrzebami regionalnego rynku pracy i mo\u017cliwo\u015bci kszta\u0142cenia ustawicznego w regionie, 2.3 Reorientacja zawodowa os\u00f3b odchodz\u0105cych z rolnictwa i 2.4 Reorientacja zawodowa os\u00f3b zagro\u017conych procesami restrukturyzacyjnymi Zintegrowanego Programu Operacyjnego Rozwoju Regionalnego 2004-2006"},{"id":"299","name":"NUMER_UCHWALY_SEJMIKU","description":"Numer uchwa\u0142y","value":"II\/39\/08\/2005"}],"components":[{"id":"bf6d5eba-d119-11e7-80a9-005056b46601","type":"ContentWYSIWYG","name":"Tre\u015b\u0107","description":"Tre\u015b\u0107 strony","content":{"content":"\u003Cdiv class=\u0022tresc1\u0022\u003E\n\u003Cdiv class=\u0022lead1\u0022\u003ENa podstawie\u003Cbr \/\u003Eart. 18 pkt 6 oraz art. 14 ust. 1 pkt 15\u003Cbr \/\u003E ustawy z dnia 5 czerwca 1998 roku o samorz\u0105dzie wojew\u00f3dztwa\u003Cbr \/\u003E (Dz. U. Nr 142 z 2001 roku, poz. 1590 z p\u00f3\u017an. zm.)\u003C\/div\u003E\n\u003Cdiv class=\u0022tresc\u0022\u003E\n\u003Cp align=\u0022center\u0022\u003E\u00a7 1\u003C\/p\u003E\n\u003Cbr \/\u003E\n\u003Cp\u003EZabezpiecza si\u0119 w bud\u017cecie Wojew\u00f3dztwa \u015al\u0105skiego w latach 2006 \u2013 2008 \u015brodki finansowe na prefinasowanie dzia\u0142a\u0144 w ramach Zintegrowanego Programu Operacyjnego Rozwoju Regionalnego:\u003C\/p\u003E\n\u003Cbr \/\u003E\n\u003Cp\u003E1) 2.1 \u003Cem\u003ERozw\u00f3j umiej\u0119tno\u015bci powi\u0105zany z potrzebami regionalnego rynku pracy i mo\u017cliwo\u015bci kszta\u0142cenia ustawicznego w regionie,\u003C\/em\u003E\u003C\/p\u003E\n\u003Cbr \/\u003E\n\u003Cp\u003E2) 2.3 \u003Cem\u003EReorientacja zawodowa os\u00f3b odchodz\u0105cych z rolnictwa, \u003C\/em\u003E\u003C\/p\u003E\n\u003Cbr \/\u003E\n\u003Cp\u003E3) 2.4 \u003Cem\u003EReorientacja zawodowa os\u00f3b zagro\u017conych procesami restrukturyzacyjnymi\u003C\/em\u003E.\u003C\/p\u003E\n\u003Cbr \/\u003E\n\u003Cp align=\u0022center\u0022\u003E\u00a7 2\u003C\/p\u003E\n\u003Cbr \/\u003E\n\u003Cp\u003EPrzewidywana maksymalna wielko\u015b\u0107 \u015brodk\u00f3w finansowych przeznaczonych na poszczeg\u00f3lne dzia\u0142ania wyniesie w latach 2006 \u2013 2008:\u003C\/p\u003E\n\u003Cbr \/\u003E\n\u003Cp\u003E1) 2.1 \u003Cem\u003ERozw\u00f3j umiej\u0119tno\u015bci powi\u0105zany z potrzebami regionalnego rynku pracy i mo\u017cliwo\u015bci kszta\u0142cenia ustawicznego w regionie\u003C\/em\u003E 44.592.774 PLN,\u003C\/p\u003E\n\u003Cbr \/\u003E\n\u003Cp\u003E2) \u003Cem\u003E2.3 Reorientacja zawodowa os\u00f3b odchodz\u0105cych z rolnictwa\u003C\/em\u003E 19.234.683 PLN,\u003C\/p\u003E\n\u003Cbr \/\u003E\n\u003Cp\u003E3) 2.4 \u003Cem\u003EReorientacja zawodowa os\u00f3b zagro\u017conych procesami restrukturyzacyjnymi\u003C\/em\u003E \u2013 40.144.979 PLN.\u003C\/p\u003E\n\u003Cbr \/\u003E\n\u003Cp align=\u0022center\u0022\u003E\u00a7 3\u003C\/p\u003E\n\u003Cbr \/\u003E\n\u003Cp\u003EWykonanie uchwa\u0142y powierza si\u0119 Zarz\u0105dowi Wojew\u00f3dztwa \u015al\u0105skiego.\u003C\/p\u003E\n\u003Cbr \/\u003E\n\u003Cp align=\u0022center\u0022\u003E\u00a7 4\u003C\/p\u003E\n\u003Cbr \/\u003E\n\u003Cp\u003EUchwa\u0142a wchodzi w \u017cycie z dniem podj\u0119cia.\u003C\/p\u003E\n\u003C\/div\u003E\n\u003C\/div\u003E","promotion":false}},{"id":"bf6dbc25-d119-11e7-80a9-005056b46601","type":"Gallery","name":"Galeria","description":"Galeria"},{"id":"bf6e1f6b-d119-11e7-80a9-005056b46601","type":"Attachment","name":"Za\u0142\u0105czniki","description":"Za\u0142\u0105czniki do strony"},{"id":"eba03b25-d9a7-11e7-b355-005056b70dba","type":"PageTitle","name":"","description":"Tytu\u0142 strony","content":{"title":"Uchwa\u0142a Sejmiku nr II\/39\/8\/2005 z dnia 2005-09-26"}},{"id":"eba07701-d9a7-11e7-b355-005056b70dba","type":"PageDescription","name":"","description":"Zajawka strony","content":[]},{"id":"1b1a7940-ff78-11e7-b81e-005056b7801d","type":"SectionDescription","name":"","description":"Zajawka sekcji","content":[]}]}

Uchwała Sejmiku nr II/39/8/2005 z dnia 2005-09-26

Urząd Marszałkowski Województwa Śląskiego

Uchwała Sejmiku

Data ogłoszenia

zabezpieczenia środków finansowych w latach 2006-2008 na prefinansowanie działań: 2.1 Rozwój umiejętności powiązany z potrzebami regionalnego rynku pracy i możliwości kształcenia ustawicznego w regionie, 2.3 Reorientacja zawodowa osób odchodzących z rolnictwa i 2.4 Reorientacja zawodowa osób zagrożonych procesami restrukturyzacyjnymi Zintegrowanego Programu Operacyjnego Rozwoju Regionalnego 2004-2006

Numer uchwały

Treść

Treść strony

<div class="tresc1">
<div class="lead1">Na podstawie<br />art. 18 pkt 6 oraz art. 14 ust. 1 pkt 15<br /> ustawy z dnia 5 czerwca 1998 roku o samorządzie województwa<br /> (Dz. U. Nr 142 z 2001 roku, poz. 1590 z późn. zm.)</div>
<div class="tresc">
<p align="center">§ 1</p>
<br />
<p>Zabezpiecza się w budżecie Województwa Śląskiego w latach 2006 – 2008 środki finansowe na prefinasowanie działań w ramach Zintegrowanego Programu Operacyjnego Rozwoju Regionalnego:</p>
<br />
<p>1) 2.1 <em>Rozwój umiejętności powiązany z potrzebami regionalnego rynku pracy i możliwości kształcenia ustawicznego w regionie,</em></p>
<br />
<p>2) 2.3 <em>Reorientacja zawodowa osób odchodzących z rolnictwa, </em></p>
<br />
<p>3) 2.4 <em>Reorientacja zawodowa osób zagrożonych procesami restrukturyzacyjnymi</em>.</p>
<br />
<p align="center">§ 2</p>
<br />
<p>Przewidywana maksymalna wielkość środków finansowych przeznaczonych na poszczególne działania wyniesie w latach 2006 – 2008:</p>
<br />
<p>1) 2.1 <em>Rozwój umiejętności powiązany z potrzebami regionalnego rynku pracy i możliwości kształcenia ustawicznego w regionie</em> 44.592.774 PLN,</p>
<br />
<p>2) <em>2.3 Reorientacja zawodowa osób odchodzących z rolnictwa</em> 19.234.683 PLN,</p>
<br />
<p>3) 2.4 <em>Reorientacja zawodowa osób zagrożonych procesami restrukturyzacyjnymi</em> – 40.144.979 PLN.</p>
<br />
<p align="center">§ 3</p>
<br />
<p>Wykonanie uchwały powierza się Zarządowi Województwa Śląskiego.</p>
<br />
<p align="center">§ 4</p>
<br />
<p>Uchwała wchodzi w życie z dniem podjęcia.</p>
</div>
</div>

Załączniki

Załączniki do strony

Tytuł strony
