{"id":28862,"name":"uchwala-sejmiku-nr-ii562003-z-dnia-2003-02-17","title":"Uchwa\u0142a Sejmiku nr II\/5\/6\/2003 z dnia 2003-02-17","desc":"","header":"Uchwa\u0142a Sejmiku nr II\/5\/6\/2003 z dnia 2003-02-17","lead":"","keywords":"","changes":"Migracja danych","menu":"","path":"\/sejmik_wojewodztwa\/sesje_sejmiku\/uchwaly\/uchwala-sejmiku-nr-ii562003-z-dnia-2003-02-17.html","url":"\/sejmik_wojewodztwa\/sesje_sejmiku\/uchwaly\/uchwala-sejmiku-nr-ii562003-z-dnia-2003-02-17.html","infoOwner":"Urz\u0105d Marsza\u0142kowski Wojew\u00f3dztwa \u015al\u0105skiego","dateFirstPublicate":"2022-04-06 09:13:14","dateLastVersionPublicate":"2022-04-06 09:13:14","dateAvailableFrom":"2022-04-06 09:12:13","dateAvailableTo":"","type":"Uchwa\u0142a Sejmiku","pageParams":[{"id":"225","name":"DATA_OGLOSZENIA","description":"Data og\u0142oszenia","value":"2003-02-17"},{"id":"235","name":"W sprawie","description":"W sprawie","value":"przekszta\u0142cenia Obwodu Lecznictwa Kolejowego w Tarnowskich G\u00f3rach \u2013 Samodzielnego Publicznego Zak\u0142adu Opieki Zdrowotnej"},{"id":"299","name":"NUMER_UCHWALY_SEJMIKU","description":"Numer uchwa\u0142y","value":"II\/5\/06\/2003"}],"components":[{"id":"bf6d5eba-d119-11e7-80a9-005056b46601","type":"ContentWYSIWYG","name":"Tre\u015b\u0107","description":"Tre\u015b\u0107 strony","content":{"content":"\u003Cdiv class=\u0022lead1\u0022\u003ENa podstawie\u003Cbr \/\u003Eart. 18 pkt 20\u003Cbr \/\u003E ustawy z dnia 5 czerwca 1998 roku o samorz\u0105dzie wojew\u00f3dztwa\u003Cbr \/\u003E (Dz. U. Nr 142 z 2001, poz.1590 z p\u00f3\u017an. zm.)\u003Cbr \/\u003E oraz art. 36 w zwi\u0105zku z art. 43 i art. 60 ust. 4 b\u003Cbr \/\u003E ustawy dnia 30 sierpnia 1991 roku o zak\u0142adach opieki zdrowotnej\u003Cbr \/\u003E (Dz. U. Nr 91, poz.408 z p\u00f3\u017an. zm.)\u003C\/div\u003E\n\u003Cdiv class=\u0022tresc\u0022\u003E\n\u003Cp align=\u0022center\u0022\u003E\u00a7 1\u003C\/p\u003E\n\u003Cbr \/\u003E\n\u003Cp\u003EPrzekszta\u0142ci\u0107 Obw\u00f3d Lecznictwa Kolejowego w Tarnowskich G\u00f3rach \u2013 Samodzielny Publiczny Zak\u0142ad Opieki Zdrowotnej, wpisany do rejestru publicznych zak\u0142ad\u00f3w opieki zdrowotnej prowadzonego przez S\u0105d Rejonowy w Katowicach Wydzia\u0142 Gospodarczy Krajowego Rejestru S\u0105dowego pod nr KRS 0000046263 w taki spos\u00f3b, \u017ce zlikwidowa\u0107 Pracowni\u0119 Protetyczn\u0105 Przychodni przy ul. Sienkiewicza 41, wyra\u017caj\u0105c zgod\u0119 na jej przej\u0119cie w trybie art. 231 Kodeksu Pracy jako cz\u0119\u015bci zak\u0142adu pracy przez Niepubliczne Zak\u0142ady Opieki Zdrowotnej utworzone przez Bogn\u0119 Zembala z siedzib\u0105 w Tworogu, ul. G\u0142\u00f3wna 8b i Bo\u017cen\u0119 Kr\u00f3likowsk\u0105 z siedzib\u0105 w Bytomiu, ul. Hlonda 67m\/4.\u003C\/p\u003E\n\u003Cbr \/\u003E\n\u003Cp align=\u0022center\u0022\u003E\u00a7 2\u003C\/p\u003E\n\u003Cbr \/\u003E\n\u003Cp\u003EZapewni\u0107 osobom korzystaj\u0105cym z dotychczasowych \u015bwiadcze\u0144 zdrowotnych Pracowni Protetycznej dalsze nieprzerwane uzyskiwanie tych \u015bwiadcze\u0144 bez istotnego ograniczenia ich dost\u0119pno\u015bci, warunk\u00f3w udzielania i jako\u015bci w Niepublicznych Zak\u0142adach Opieki Zdrowotnej, o kt\u00f3rych mowa w \u00a7 1.\u003C\/p\u003E\n\u003Cbr \/\u003E\n\u003Cp align=\u0022center\u0022\u003E\u00a7 3\u003C\/p\u003E\n\u003Cbr \/\u003E\n\u003Col\u003E\n\u003Cli\u003EDzie\u0144 podj\u0119cia uchwa\u0142y, ustala si\u0119 jako dzie\u0144 otwarcia likwidacji.\u003C\/li\u003E\n\u003Cli\u003EDzie\u0144 zako\u0144czenia czynno\u015bci likwidacyjnych, ustala si\u0119 jako dzie\u0144 wykre\u015blenia z rejestru s\u0105dowego, nie wczesnej ni\u017c trzy miesi\u0105ce od jej otwarcia.\u003C\/li\u003E\n\u003Cli\u003ENiniejsza uchwa\u0142a stanowi podstaw\u0119 do dokonania stosownych zmian w rejestrach zak\u0142ad\u00f3w opieki zdrowotnej prowadzonych przez Wojewod\u0119 \u015al\u0105skiego oraz w\u0142a\u015bciwy s\u0105d rejestrowy.\u003C\/li\u003E\n\u003C\/ol\u003E\n\u003Cbr \/\u003E\n\u003Cp align=\u0022center\u0022\u003E\u00a7 4\u003C\/p\u003E\n\u003Cbr \/\u003E\n\u003Cp\u003EWykonanie uchwa\u0142y powierzy\u0107 Zarz\u0105dowi Wojew\u00f3dztwa \u015al\u0105skiego.\u003C\/p\u003E\n\u003Cbr \/\u003E\n\u003Cp align=\u0022center\u0022\u003E\u00a7 5\u003C\/p\u003E\n\u003Cbr \/\u003E\n\u003Cp\u003EUchwa\u0142a wchodzi w \u017cycie z dniem podj\u0119cia.\u003C\/p\u003E\n\u003Cbr \/\u003E \u003Cbr \/\u003E Zbigniew Wieczorek \u003Cbr \/\u003E Przewodnicz\u0105cy Sejmiku \u003Cbr \/\u003E Wojew\u00f3dztwa \u015al\u0105skiego\u003C\/div\u003E","promotion":false}},{"id":"bf6dbc25-d119-11e7-80a9-005056b46601","type":"Gallery","name":"Galeria","description":"Galeria"},{"id":"bf6e1f6b-d119-11e7-80a9-005056b46601","type":"Attachment","name":"Za\u0142\u0105czniki","description":"Za\u0142\u0105czniki do strony"},{"id":"eba03b25-d9a7-11e7-b355-005056b70dba","type":"PageTitle","name":"","description":"Tytu\u0142 strony","content":{"title":"Uchwa\u0142a Sejmiku nr II\/5\/6\/2003 z dnia 2003-02-17"}},{"id":"eba07701-d9a7-11e7-b355-005056b70dba","type":"PageDescription","name":"","description":"Zajawka strony","content":[]},{"id":"1b1a7940-ff78-11e7-b81e-005056b7801d","type":"SectionDescription","name":"","description":"Zajawka sekcji","content":[]}]}

Uchwała Sejmiku nr II/5/6/2003 z dnia 2003-02-17

Urząd Marszałkowski Województwa Śląskiego

Uchwała Sejmiku

Data ogłoszenia

przekształcenia Obwodu Lecznictwa Kolejowego w Tarnowskich Górach – Samodzielnego Publicznego Zakładu Opieki Zdrowotnej

Numer uchwały

Treść

Treść strony

<div class="lead1">Na podstawie<br />art. 18 pkt 20<br /> ustawy z dnia 5 czerwca 1998 roku o samorządzie województwa<br /> (Dz. U. Nr 142 z 2001, poz.1590 z późn. zm.)<br /> oraz art. 36 w związku z art. 43 i art. 60 ust. 4 b<br /> ustawy dnia 30 sierpnia 1991 roku o zakładach opieki zdrowotnej<br /> (Dz. U. Nr 91, poz.408 z późn. zm.)</div>
<div class="tresc">
<p align="center">§ 1</p>
<br />
<p>Przekształcić Obwód Lecznictwa Kolejowego w Tarnowskich Górach – Samodzielny Publiczny Zakład Opieki Zdrowotnej, wpisany do rejestru publicznych zakładów opieki zdrowotnej prowadzonego przez Sąd Rejonowy w Katowicach Wydział Gospodarczy Krajowego Rejestru Sądowego pod nr KRS 0000046263 w taki sposób, że zlikwidować Pracownię Protetyczną Przychodni przy ul. Sienkiewicza 41, wyrażając zgodę na jej przejęcie w trybie art. 231 Kodeksu Pracy jako części zakładu pracy przez Niepubliczne Zakłady Opieki Zdrowotnej utworzone przez Bognę Zembala z siedzibą w Tworogu, ul. Główna 8b i Bożenę Królikowską z siedzibą w Bytomiu, ul. Hlonda 67m/4.</p>
<br />
<p align="center">§ 2</p>
<br />
<p>Zapewnić osobom korzystającym z dotychczasowych świadczeń zdrowotnych Pracowni Protetycznej dalsze nieprzerwane uzyskiwanie tych świadczeń bez istotnego ograniczenia ich dostępności, warunków udzielania i jakości w Niepublicznych Zakładach Opieki Zdrowotnej, o których mowa w § 1.</p>
<br />
<p align="center">§ 3</p>
<br />
<ol>
<li>Dzień podjęcia uchwały, ustala się jako dzień otwarcia likwidacji.</li>
<li>Dzień zakończenia czynności likwidacyjnych, ustala się jako dzień wykreślenia z rejestru sądowego, nie wczesnej niż trzy miesiące od jej otwarcia.</li>
<li>Niniejsza uchwała stanowi podstawę do dokonania stosownych zmian w rejestrach zakładów opieki zdrowotnej prowadzonych przez Wojewodę Śląskiego oraz właściwy sąd rejestrowy.</li>
</ol>
<br />
<p align="center">§ 4</p>
<br />
<p>Wykonanie uchwały powierzyć Zarządowi Województwa Śląskiego.</p>
<br />
<p align="center">§ 5</p>
<br />
<p>Uchwała wchodzi w życie z dniem podjęcia.</p>
<br /> <br /> Zbigniew Wieczorek <br /> Przewodniczący Sejmiku <br /> Województwa Śląskiego</div>

Załączniki

Załączniki do strony

Tytuł strony
