{"id":28627,"name":"uchwala-sejmiku-nr-ii622003-z-dnia-2003-03-17","title":"Uchwa\u0142a Sejmiku nr II\/6\/2\/2003 z dnia 2003-03-17","desc":"","header":"Uchwa\u0142a Sejmiku nr II\/6\/2\/2003 z dnia 2003-03-17","lead":"","keywords":"","changes":"Migracja danych","menu":"","path":"\/sejmik_wojewodztwa\/sesje_sejmiku\/uchwaly\/uchwala-sejmiku-nr-ii622003-z-dnia-2003-03-17.html","url":"\/sejmik_wojewodztwa\/sesje_sejmiku\/uchwaly\/uchwala-sejmiku-nr-ii622003-z-dnia-2003-03-17.html","infoOwner":"Urz\u0105d Marsza\u0142kowski Wojew\u00f3dztwa \u015al\u0105skiego","dateFirstPublicate":"2022-03-30 12:10:44","dateLastVersionPublicate":"2022-03-30 12:10:44","dateAvailableFrom":"2022-03-30 12:10:04","dateAvailableTo":"","type":"Uchwa\u0142a Sejmiku","pageParams":[{"id":"225","name":"DATA_OGLOSZENIA","description":"Data og\u0142oszenia","value":"2003-03-17"},{"id":"235","name":"W sprawie","description":"W sprawie","value":"zmiany planu przychod\u00f3w i wydatk\u00f3w na 2003 rok Wojew\u00f3dzkiego Funduszu Gospodarki Zasobem Geodezyjnym i Kartograficznym"},{"id":"299","name":"NUMER_UCHWALY_SEJMIKU","description":"Numer uchwa\u0142y","value":"II\/6\/02\/2003"}],"components":[{"id":"bf6d5eba-d119-11e7-80a9-005056b46601","type":"ContentWYSIWYG","name":"Tre\u015b\u0107","description":"Tre\u015b\u0107 strony","content":{"content":"\u003Cdiv class=\u0022lead1\u0022\u003ENa podstawie\u003Cbr \/\u003Eart. 18 pkt 6\u003Cbr \/\u003E ustawy z dnia 5 czerwca 1998 roku o samorz\u0105dzie wojew\u00f3dztwa\u003Cbr \/\u003E (t. j. Dz. U. Nr 142 z 2001 roku, poz. 1590 z p\u00f3\u017an. zm.)\u003Cbr \/\u003E w zwi\u0105zku z tre\u015bci\u0105 art. 41 ust. 7\u003Cbr \/\u003E ustawy z dnia 17 maja 1989 roku - Prawo geodezyjne i kartograficzne\u003Cbr \/\u003E (t. j. Dz. U. Nr 100 z 2000 roku, poz. 1086 z p\u00f3\u017an. zm.)\u003C\/div\u003E\n\u003Cdiv class=\u0022tresc\u0022\u003E\n\u003Cp align=\u0022center\u0022\u003E\u00a7 1\u003C\/p\u003E\n\u003Cbr \/\u003E\n\u003Cp\u003EDokona\u0107 zmian w planie przychod\u00f3w i wydatk\u00f3w na 2003 rok Wojew\u00f3dzkiego Funduszu Gospodarki Zasobem Geodezyjnym i Kartograficznym wed\u0142ug za\u0142\u0105cznika do niniejszej uchwa\u0142y.\u003C\/p\u003E\n\u003Cbr \/\u003E\n\u003Cp align=\u0022center\u0022\u003E\u00a7 2\u003C\/p\u003E\n\u003Cbr \/\u003E\n\u003Cp\u003EWykonanie uchwa\u0142y powierzy\u0107 Zarz\u0105dowi Wojew\u00f3dztwa \u015al\u0105skiego.\u003C\/p\u003E\n\u003Cbr \/\u003E\n\u003Cp align=\u0022center\u0022\u003E\u00a7 3\u003C\/p\u003E\n\u003Cbr \/\u003E\n\u003Cp\u003EUchwa\u0142a wchodzi w \u017cycie z dniem podj\u0119cia.\u003C\/p\u003E\n\u003Cbr \/\u003E \u003Cbr \/\u003E Zbigniew Wieczorek \u003Cbr \/\u003E Przewodnicz\u0105cy Sejmiku \u003Cbr \/\u003E Wojew\u00f3dztwa \u015al\u0105skiego\u003C\/div\u003E","promotion":false}},{"id":"bf6dbc25-d119-11e7-80a9-005056b46601","type":"Gallery","name":"Galeria","description":"Galeria"},{"id":"bf6e1f6b-d119-11e7-80a9-005056b46601","type":"Attachment","name":"Za\u0142\u0105czniki","description":"Za\u0142\u0105czniki do strony"},{"id":"eba03b25-d9a7-11e7-b355-005056b70dba","type":"PageTitle","name":"","description":"Tytu\u0142 strony","content":{"title":"Uchwa\u0142a Sejmiku nr II\/6\/2\/2003 z dnia 2003-03-17"}},{"id":"eba07701-d9a7-11e7-b355-005056b70dba","type":"PageDescription","name":"","description":"Zajawka strony","content":[]},{"id":"1b1a7940-ff78-11e7-b81e-005056b7801d","type":"SectionDescription","name":"","description":"Zajawka sekcji","content":[]}]}

Uchwała Sejmiku nr II/6/2/2003 z dnia 2003-03-17

Urząd Marszałkowski Województwa Śląskiego

Uchwała Sejmiku

Data ogłoszenia

zmiany planu przychodów i wydatków na 2003 rok Wojewódzkiego Funduszu Gospodarki Zasobem Geodezyjnym i Kartograficznym

Numer uchwały

Treść

Treść strony

<div class="lead1">Na podstawie<br />art. 18 pkt 6<br /> ustawy z dnia 5 czerwca 1998 roku o samorządzie województwa<br /> (t. j. Dz. U. Nr 142 z 2001 roku, poz. 1590 z późn. zm.)<br /> w związku z treścią art. 41 ust. 7<br /> ustawy z dnia 17 maja 1989 roku - Prawo geodezyjne i kartograficzne<br /> (t. j. Dz. U. Nr 100 z 2000 roku, poz. 1086 z późn. zm.)</div>
<div class="tresc">
<p align="center">§ 1</p>
<br />
<p>Dokonać zmian w planie przychodów i wydatków na 2003 rok Wojewódzkiego Funduszu Gospodarki Zasobem Geodezyjnym i Kartograficznym według załącznika do niniejszej uchwały.</p>
<br />
<p align="center">§ 2</p>
<br />
<p>Wykonanie uchwały powierzyć Zarządowi Województwa Śląskiego.</p>
<br />
<p align="center">§ 3</p>
<br />
<p>Uchwała wchodzi w życie z dniem podjęcia.</p>
<br /> <br /> Zbigniew Wieczorek <br /> Przewodniczący Sejmiku <br /> Województwa Śląskiego</div>

Załączniki

Załączniki do strony

Tytuł strony
