{"id":27749,"name":"uchwala-sejmiku-nr-ii892003-z-dnia-2003-05-19","title":"Uchwa\u0142a Sejmiku nr II\/8\/9\/2003 z dnia 2003-05-19","desc":"","header":"Uchwa\u0142a Sejmiku nr II\/8\/9\/2003 z dnia 2003-05-19","lead":"","keywords":"","changes":"Migracja danych","menu":"","path":"\/sejmik_wojewodztwa\/sesje_sejmiku\/uchwaly\/uchwala-sejmiku-nr-ii892003-z-dnia-2003-05-19.html","url":"\/sejmik_wojewodztwa\/sesje_sejmiku\/uchwaly\/uchwala-sejmiku-nr-ii892003-z-dnia-2003-05-19.html","infoOwner":"Urz\u0105d Marsza\u0142kowski Wojew\u00f3dztwa \u015al\u0105skiego","dateFirstPublicate":"2022-03-15 13:56:21","dateLastVersionPublicate":"2022-03-15 13:56:21","dateAvailableFrom":"2022-03-15 13:54:55","dateAvailableTo":"","type":"Uchwa\u0142a Sejmiku","pageParams":[{"id":"225","name":"DATA_OGLOSZENIA","description":"Data og\u0142oszenia","value":"2003-05-19"},{"id":"235","name":"W sprawie","description":"W sprawie","value":"zwrot\u00f3w koszt\u00f3w podr\u00f3\u017cy s\u0142u\u017cbowych Radnych Wojew\u00f3dztwa \u015al\u0105skiego"},{"id":"299","name":"NUMER_UCHWALY_SEJMIKU","description":"Numer uchwa\u0142y","value":"II\/8\/09\/2003"}],"components":[{"id":"bf6d5eba-d119-11e7-80a9-005056b46601","type":"ContentWYSIWYG","name":"Tre\u015b\u0107","description":"Tre\u015b\u0107 strony","content":{"content":"\u003Cdiv class=\u0022tresc1\u0022\u003E\n\u003Cdiv class=\u0022lead1\u0022\u003ENa podstawie\u003Cbr \/\u003Eart. 24 ust. 3\u003Cbr \/\u003E ustawy z dnia 5 czerwca 1998 roku o samorz\u0105dzie wojew\u00f3dztwa\u003Cbr \/\u003E (t.j. Dz. U. Nr 142 z 2001 roku, poz. 1590 z p\u00f3\u017an. zm.)\u003Cbr \/\u003E w zwi\u0105zku z \u00a7 2 ust. 1 i 2\u003Cbr \/\u003E rozporz\u0105dzenia Ministra Infrastruktury z dnia 25 marca 2002 roku w sprawie warunk\u00f3w ustalania oraz sposobu dokonywania zwrotu koszt\u00f3w u\u017cywania do cel\u00f3w s\u0142u\u017cbowych samochod\u00f3w osobowych, motocykli i motorower\u00f3w nieb\u0119d\u0105cych w\u0142asno\u015bci\u0105 pracodawcy\u003Cbr \/\u003E (Dz.U. Nr 27, poz. 271 z p\u00f3\u017an. zm.),\u003Cbr \/\u003E art. 28\u003Cbr \/\u003E ustawy bud\u017cetowej na rok 2003 z dnia 18 grudnia 2002 roku\u003Cbr \/\u003E (Dz.U. Nr 235, poz. 1981)\u003Cbr \/\u003E oraz \u00a7 2 ust. 2 i \u00a7 5 ust. 3\u003Cbr \/\u003E rozporz\u0105dzenia Ministra Spraw Wewn\u0119trznych i Administracji z dnia 31 lipca 2000 roku w sprawie sposobu ustalania nale\u017cno\u015bci z tytu\u0142u zwrotu koszt\u00f3w podr\u00f3\u017cy s\u0142u\u017cbowych radnych wojew\u00f3dztwa\u003Cbr \/\u003E (Dz.U. Nr 66, poz. 798 z p\u00f3\u017an. zm.)\u003C\/div\u003E\n\u003Cdiv class=\u0022tresc\u0022\u003E\n\u003Cp align=\u0022center\u0022\u003E\u00a7 1\u003C\/p\u003E\n\u003Cbr \/\u003E\n\u003Cp\u003E1. Ustala si\u0119 stawk\u0119 za jeden kilometr przebiegu, za u\u017cywanie pojazdu prywatnego Radnego Wojew\u00f3dztwa w podr\u00f3\u017cach s\u0142u\u017cbowych, stanowi\u0105c\u0105 podstaw\u0119 uzyskania przez Radnego Wojew\u00f3dztwa zwrotu koszt\u00f3w przejazdu, w nast\u0119puj\u0105cej wysoko\u015bci:\u003C\/p\u003E\n\u003Cbr \/\u003E\n\u003Cp\u003E1) 0,4798 z\u0142 dla samochod\u00f3w o pojemno\u015bci skokowej silnika do 900 cm3,\u003C\/p\u003E\n\u003Cbr \/\u003E\n\u003Cp\u003E2) 0,7692 z\u0142 dla samochod\u00f3w o pojemno\u015bci skokowej silnika powy\u017cej 900 cm3.\u003C\/p\u003E\n\u003Cbr \/\u003E\n\u003Cp\u003E2. Stawki za jeden kilometr przebiegu, o kt\u00f3rym mowa w ust. 1 ulegaj\u0105 zmianie w stopniu odpowiadaj\u0105cym planowanemu \u015bredniorocznemu wska\u013dnikowi cen towar\u00f3w i us\u0142ug konsumpcyjnych, ustalonemu w ustawie bud\u017cetowej na dany rok. Zmiana nast\u0119puje od pierwszego dnia miesi\u0105ca nast\u0119puj\u0105cego po miesi\u0105cu, w kt\u00f3rym zosta\u0142a og\u0142oszona ustawa bud\u017cetowa.\u003C\/p\u003E\n\u003Cbr \/\u003E\n\u003Cp align=\u0022center\u0022\u003E\u00a7 2\u003C\/p\u003E\n\u003Cbr \/\u003E\n\u003Cp\u003EPolecenie wyjazdu s\u0142u\u017cbowego dla Przewodnicz\u0105cego Sejmiku Wojew\u00f3dztwa \u015al\u0105skiego b\u0119dzie wydawane przez Wiceprzewodnicz\u0105cego Sejmiku Wojew\u00f3dztwa \u015al\u0105skiego Pani\u0105 Ma\u0142gorzat\u0119 Och\u0119duszko\u00a0- Ludwik.\u003C\/p\u003E\n\u003Cbr \/\u003E\n\u003Cp align=\u0022center\u0022\u003E\u00a7 3\u003C\/p\u003E\n\u003Cbr \/\u003E\n\u003Cp\u003EWykonanie uchwa\u0142y powierzy\u0107 Zarz\u0105dowi Wojew\u00f3dztwa \u015al\u0105skiego.\u003C\/p\u003E\n\u003Cbr \/\u003E\n\u003Cp align=\u0022center\u0022\u003E\u00a7 4\u003C\/p\u003E\n\u003Cbr \/\u003E\n\u003Cp\u003EUchwa\u0142a wchodzi w \u017cycie z dniem podj\u0119cia.\u003C\/p\u003E\n\u003Cbr \/\u003E \u003Cbr \/\u003E Zbigniew Wieczorek \u003Cbr \/\u003E Przewodnicz\u0105cy Sejmiku \u003Cbr \/\u003E Wojew\u00f3dztwa \u015al\u0105skiego\u003C\/div\u003E\n\u003C\/div\u003E","promotion":false}},{"id":"bf6dbc25-d119-11e7-80a9-005056b46601","type":"Gallery","name":"Galeria","description":"Galeria"},{"id":"bf6e1f6b-d119-11e7-80a9-005056b46601","type":"Attachment","name":"Za\u0142\u0105czniki","description":"Za\u0142\u0105czniki do strony"},{"id":"eba03b25-d9a7-11e7-b355-005056b70dba","type":"PageTitle","name":"","description":"Tytu\u0142 strony","content":{"title":"Uchwa\u0142a Sejmiku nr II\/8\/9\/2003 z dnia 2003-05-19"}},{"id":"eba07701-d9a7-11e7-b355-005056b70dba","type":"PageDescription","name":"","description":"Zajawka strony","content":[]},{"id":"1b1a7940-ff78-11e7-b81e-005056b7801d","type":"SectionDescription","name":"","description":"Zajawka sekcji","content":[]}]}

Uchwała Sejmiku nr II/8/9/2003 z dnia 2003-05-19

Urząd Marszałkowski Województwa Śląskiego

Uchwała Sejmiku

Data ogłoszenia

zwrotów kosztów podróży służbowych Radnych Województwa Śląskiego

Numer uchwały

Treść

Treść strony

<div class="tresc1">
<div class="lead1">Na podstawie<br />art. 24 ust. 3<br /> ustawy z dnia 5 czerwca 1998 roku o samorządzie województwa<br /> (t.j. Dz. U. Nr 142 z 2001 roku, poz. 1590 z późn. zm.)<br /> w związku z § 2 ust. 1 i 2<br /> rozporządzenia Ministra Infrastruktury z dnia 25 marca 2002 roku w sprawie warunków ustalania oraz sposobu dokonywania zwrotu kosztów używania do celów służbowych samochodów osobowych, motocykli i motorowerów niebędących własnością pracodawcy<br /> (Dz.U. Nr 27, poz. 271 z późn. zm.),<br /> art. 28<br /> ustawy budżetowej na rok 2003 z dnia 18 grudnia 2002 roku<br /> (Dz.U. Nr 235, poz. 1981)<br /> oraz § 2 ust. 2 i § 5 ust. 3<br /> rozporządzenia Ministra Spraw Wewnętrznych i Administracji z dnia 31 lipca 2000 roku w sprawie sposobu ustalania należności z tytułu zwrotu kosztów podróży służbowych radnych województwa<br /> (Dz.U. Nr 66, poz. 798 z późn. zm.)</div>
<div class="tresc">
<p align="center">§ 1</p>
<br />
<p>1. Ustala się stawkę za jeden kilometr przebiegu, za używanie pojazdu prywatnego Radnego Województwa w podróżach służbowych, stanowiącą podstawę uzyskania przez Radnego Województwa zwrotu kosztów przejazdu, w następującej wysokości:</p>
<br />
<p>1) 0,4798 zł dla samochodów o pojemności skokowej silnika do 900 cm3,</p>
<br />
<p>2) 0,7692 zł dla samochodów o pojemności skokowej silnika powyżej 900 cm3.</p>
<br />
<p>2. Stawki za jeden kilometr przebiegu, o którym mowa w ust. 1 ulegają zmianie w stopniu odpowiadającym planowanemu średniorocznemu wskaĽnikowi cen towarów i usług konsumpcyjnych, ustalonemu w ustawie budżetowej na dany rok. Zmiana następuje od pierwszego dnia miesiąca następującego po miesiącu, w którym została ogłoszona ustawa budżetowa.</p>
<br />
<p align="center">§ 2</p>
<br />
<p>Polecenie wyjazdu służbowego dla Przewodniczącego Sejmiku Województwa Śląskiego będzie wydawane przez Wiceprzewodniczącego Sejmiku Województwa Śląskiego Panią Małgorzatę Ochęduszko - Ludwik.</p>
<br />
<p align="center">§ 3</p>
<br />
<p>Wykonanie uchwały powierzyć Zarządowi Województwa Śląskiego.</p>
<br />
<p align="center">§ 4</p>
<br />
<p>Uchwała wchodzi w życie z dniem podjęcia.</p>
<br /> <br /> Zbigniew Wieczorek <br /> Przewodniczący Sejmiku <br /> Województwa Śląskiego</div>
</div>

Załączniki

Załączniki do strony

Tytuł strony
