{"id":29762,"name":"uchwala-sejmiku-nr-ii91998-z-dnia-1998-12-14","title":"Uchwa\u0142a Sejmiku nr II\/9\/1998 z dnia 1998-12-14","desc":"","header":"Uchwa\u0142a Sejmiku nr II\/9\/1998 z dnia 1998-12-14","lead":"","keywords":"","changes":"Migracja danych","menu":"","path":"\/sejmik_wojewodztwa\/sesje_sejmiku\/uchwaly\/uchwala-sejmiku-nr-ii91998-z-dnia-1998-12-14.html","url":"\/sejmik_wojewodztwa\/sesje_sejmiku\/uchwaly\/uchwala-sejmiku-nr-ii91998-z-dnia-1998-12-14.html","infoOwner":"Urz\u0105d Marsza\u0142kowski Wojew\u00f3dztwa \u015al\u0105skiego","dateFirstPublicate":"2022-05-17 10:28:26","dateLastVersionPublicate":"2022-05-17 10:28:26","dateAvailableFrom":"2022-05-17 10:27:23","dateAvailableTo":"","type":"Uchwa\u0142a Sejmiku","pageParams":[{"id":"225","name":"DATA_OGLOSZENIA","description":"Data og\u0142oszenia","value":"1998-12-14"},{"id":"235","name":"W sprawie","description":"W sprawie","value":"stanowiska Sejmiku Wojew\u00f3dztwa \u015al\u0105skiego wobec dzia\u0142a\u0144 Zarz\u0105du TVP zmierzaj\u0105cych do ograniczenia godzin emisji program\u00f3w regionalnych"},{"id":"299","name":"NUMER_UCHWALY_SEJMIKU","description":"Numer uchwa\u0142y","value":"II\/09\/1998"}],"components":[{"id":"bf6d5eba-d119-11e7-80a9-005056b46601","type":"ContentWYSIWYG","name":"Tre\u015b\u0107","description":"Tre\u015b\u0107 strony","content":{"content":"\u003Cdiv class=\u0022lead1\u0022\u003ENa podstawie\u003Cbr \/\u003Eart. 18 pkt. 20\u003Cbr \/\u003E ustawy z dnia 5 czerwca 1998 roku o samorz\u0105dzie wojew\u00f3dztwa\u003Cbr \/\u003E (Dz.U. Nr 91 poz. 576)\u003C\/div\u003E\n\u003Cdiv class=\u0022tresc\u0022\u003E\n\u003Cdiv align=\u0022center\u0022\u003E\u00a7 1\u003C\/div\u003E\n\u003Cbr \/\u003E \u003Cbr \/\u003E Sejmik Wojew\u00f3dztwa \u015al\u0105skiego wyra\u017ca stanowczy sprzeciw wobec dzia\u0142a\u0144 podejmowanych przez Zarz\u0105d TVP, polegaj\u0105cych na przekszta\u0142ceniu sieci program\u00f3w regionalnych w program og\u00f3lnopolski i prowadz\u0105cych do znacznego zmniejszenia godzin emisji program\u00f3w regionalnych przez program 3 TVP - Katowice.\u003Cbr \/\u003E Sejmik Wojew\u00f3dztwa \u015al\u0105skiego stoi na stanowisku, \u017ce wprowadzanie reformy administracyjnej kraju, a co za tym idzie tworzenie nowych wi\u0119zi regionalnych wymaga aktywnego udzia\u0142u medi\u00f3w publicznych, kt\u00f3rych znaczenia w integracji r\u00f3\u017cnorodnych \u015brodowisk nowego wojew\u00f3dztwa \u015bl\u0105skiego nie mo\u017cna przeceni\u0107.\u003Cbr \/\u003E Dlatego te\u017c faktyczna likwidacja telewizji regionalnej spotyka si\u0119 z naszym zdecydowanym sprzeciwem.\u003Cbr \/\u003E \u003Cbr \/\u003E\n\u003Cdiv align=\u0022center\u0022\u003E\u00a7 2\u003C\/div\u003E\n\u003Cbr \/\u003E \u003Cbr \/\u003E Uchwa\u0142\u0119 przekaza\u0107:\u003Cbr \/\u003E - Prezesowi Rady Ministr\u00f3w,\u003Cbr \/\u003E - Przewodnicz\u0105cemu KRRiT,\u003Cbr \/\u003E - Przewodnicz\u0105cemu Sejmowej Komisji Kultury i \u015arodk\u00f3w Masowego Przekazu,\u003Cbr \/\u003E - Radzie Nadzorczej i Zarz\u0105dowi TVP.\u003Cbr \/\u003E \u003Cbr \/\u003E\n\u003Cdiv align=\u0022center\u0022\u003E\u00a7 3\u003C\/div\u003E\n\u003Cbr \/\u003E \u003Cbr \/\u003E Uchwa\u0142a wchodzi w \u017cycie z dniem podj\u0119cia\u003Cbr \/\u003E \u003Cbr \/\u003E \u003Cbr \/\u003E Ryszard Ostrowski\u003Cbr \/\u003EPrzewodnicz\u0105cy Sejmiku\u003Cbr \/\u003EWojew\u00f3dztwa \u015al\u0105skiego\u003C\/div\u003E","promotion":false}},{"id":"bf6dbc25-d119-11e7-80a9-005056b46601","type":"Gallery","name":"Galeria","description":"Galeria"},{"id":"bf6e1f6b-d119-11e7-80a9-005056b46601","type":"Attachment","name":"Za\u0142\u0105czniki","description":"Za\u0142\u0105czniki do strony"},{"id":"eba03b25-d9a7-11e7-b355-005056b70dba","type":"PageTitle","name":"","description":"Tytu\u0142 strony","content":{"title":"Uchwa\u0142a Sejmiku nr II\/9\/1998 z dnia 1998-12-14"}},{"id":"eba07701-d9a7-11e7-b355-005056b70dba","type":"PageDescription","name":"","description":"Zajawka strony","content":[]},{"id":"1b1a7940-ff78-11e7-b81e-005056b7801d","type":"SectionDescription","name":"","description":"Zajawka sekcji","content":[]}]}

Uchwała Sejmiku nr II/9/1998 z dnia 1998-12-14

Urząd Marszałkowski Województwa Śląskiego

Uchwała Sejmiku

Data ogłoszenia

stanowiska Sejmiku Województwa Śląskiego wobec działań Zarządu TVP zmierzających do ograniczenia godzin emisji programów regionalnych

Numer uchwały

Treść

Treść strony

<div class="lead1">Na podstawie<br />art. 18 pkt. 20<br /> ustawy z dnia 5 czerwca 1998 roku o samorządzie województwa<br /> (Dz.U. Nr 91 poz. 576)</div>
<div class="tresc">
<div align="center">§ 1</div>
<br /> <br /> Sejmik Województwa Śląskiego wyraża stanowczy sprzeciw wobec działań podejmowanych przez Zarząd TVP, polegających na przekształceniu sieci programów regionalnych w program ogólnopolski i prowadzących do znacznego zmniejszenia godzin emisji programów regionalnych przez program 3 TVP - Katowice.<br /> Sejmik Województwa Śląskiego stoi na stanowisku, że wprowadzanie reformy administracyjnej kraju, a co za tym idzie tworzenie nowych więzi regionalnych wymaga aktywnego udziału mediów publicznych, których znaczenia w integracji różnorodnych środowisk nowego województwa śląskiego nie można przecenić.<br /> Dlatego też faktyczna likwidacja telewizji regionalnej spotyka się z naszym zdecydowanym sprzeciwem.<br /> <br />
<div align="center">§ 2</div>
<br /> <br /> Uchwałę przekazać:<br /> - Prezesowi Rady Ministrów,<br /> - Przewodniczącemu KRRiT,<br /> - Przewodniczącemu Sejmowej Komisji Kultury i Środków Masowego Przekazu,<br /> - Radzie Nadzorczej i Zarządowi TVP.<br /> <br />
<div align="center">§ 3</div>
<br /> <br /> Uchwała wchodzi w życie z dniem podjęcia<br /> <br /> <br /> Ryszard Ostrowski<br />Przewodniczący Sejmiku<br />Województwa Śląskiego</div>

Załączniki

Załączniki do strony

Tytuł strony
