{"id":25187,"name":"uchwala-sejmiku-nr-iii1352007-z-dnia-2007-09-19","title":"Uchwa\u0142a Sejmiku nr III\/13\/5\/2007 z dnia 2007-09-19","desc":"","header":"Uchwa\u0142a Sejmiku nr III\/13\/5\/2007 z dnia 2007-09-19","lead":"","keywords":"","changes":"migracja danycg","menu":"","path":"\/sejmik_wojewodztwa\/sesje_sejmiku\/uchwaly\/uchwala-sejmiku-nr-iii1352007-z-dnia-2007-09-19.html","url":"\/sejmik_wojewodztwa\/sesje_sejmiku\/uchwaly\/uchwala-sejmiku-nr-iii1352007-z-dnia-2007-09-19.html","infoOwner":"Urz\u0105d Marsza\u0142kowski Wojew\u00f3dztwa \u015al\u0105skiego","dateFirstPublicate":"2022-01-17 11:07:23","dateLastVersionPublicate":"2022-01-17 11:07:23","dateAvailableFrom":"","dateAvailableTo":"","type":"Uchwa\u0142a Sejmiku","pageParams":[{"id":"225","name":"DATA_OGLOSZENIA","description":"Data og\u0142oszenia","value":"2007-09-19"},{"id":"235","name":"W sprawie","description":"W sprawie","value":"zmian bud\u017cetu Wojew\u00f3dztwa \u015al\u0105skiego na 2007 rok"},{"id":"299","name":"NUMER_UCHWALY_SEJMIKU","description":"Numer uchwa\u0142y","value":"III\/13\/05\/2007"}],"components":[{"id":"bf6d5eba-d119-11e7-80a9-005056b46601","type":"ContentWYSIWYG","name":"Tre\u015b\u0107","description":"Tre\u015b\u0107 strony","content":{"content":"\u003Cdiv class=\u0022lead1\u0022\u003ENa podstawie\u003Cbr \/\u003Eart. 18 pkt 6\u003Cbr \/\u003E ustawy z dnia 5 czerwca 1998 roku o samorz\u0105dzie wojew\u00f3dztwa\u003Cbr \/\u003E (t. j. Dz. U. Nr 142 z 2001 roku, poz. 1590 z p\u00f3\u017an. zm.)\u003C\/div\u003E\n\u003Cdiv class=\u0022tresc\u0022\u003E\n\u003Cp align=\u0022center\u0022\u003E\u00a7 1\u003C\/p\u003E\n\u003Cbr \/\u003E\n\u003Cp\u003E1. Dokonuje si\u0119 zmian bud\u017cetu w\u0142asnego Wojew\u00f3dztwa \u015al\u0105skiego na 2007 rok polegaj\u0105cych na zwi\u0119kszeniu dochod\u00f3w i wydatk\u00f3w bud\u017cetu w\u0142asnego, zgodnie z wykazem stanowi\u0105cym za\u0142\u0105cznik 1 do niniejszej uchwa\u0142y.\u003C\/p\u003E\n\u003Cbr \/\u003E\n\u003Cp\u003E2. Zwi\u0119ksze\u0144, o kt\u00f3rych mowa w ust. 1 dokonuje si\u0119 w:\u003C\/p\u003E\n\u003Cbr \/\u003E\n\u003Cp\u003Ea) dz. 600 \u2013 o kwot\u0119 200.000 z\u0142 \u2013 w zwi\u0105zku z naliczeniem odsetek od \u015brodk\u00f3w finansowych dotycz\u0105cych inwestycji \u201eBudowa Drogowej Trasy \u015arednicowej GOP Katowice-Gliwice\u201d,\u003C\/p\u003E\n\u003Cbr \/\u003E\n\u003Cp\u003Eb) dz. 801 \u2013 o kwot\u0119 23.270 z\u0142 \u2013 w zwi\u0105zku z przyznaniem \u015brodk\u00f3w dla Regionalnego O\u015brodka Doskonalenia Nauczycieli \u201eWOM\u201d w Katowicach celem realizacji programu Sokrates Comenius w latach 2005-2007,\u003C\/p\u003E\n\u003Cbr \/\u003E\n\u003Cp\u003Ec) dz. 900 \u2013 o kwot\u0119 206.000 z\u0142 \u2013 w zwi\u0105zku z podpisaniem umowy dotacji Nr 316\/2007\/18\/OZ\/si\/D pomi\u0119dzy Wojew\u00f3dztwem \u015al\u0105skim a Wojew\u00f3dzkim Funduszem Ochrony \u015arodowiska i Gospodarki Wodnej w Katowicach na dofinansowanie zadania pod nazw\u0105: \u201eWojew\u00f3dzki program przekszta\u0142ce\u0144 teren\u00f3w poprzemys\u0142owych i zdegradowanych\u201d.\u003C\/p\u003E\n\u003Cbr \/\u003E\n\u003Cp align=\u0022center\u0022\u003E\u00a7 2\u003C\/p\u003E\n\u003Cbr \/\u003E\n\u003Cp\u003EWykonanie uchwa\u0142y powierza si\u0119 Zarz\u0105dowi Wojew\u00f3dztwa \u015al\u0105skiego.\u003C\/p\u003E\n\u003Cbr \/\u003E\n\u003Cp align=\u0022center\u0022\u003E\u00a7 3\u003C\/p\u003E\n\u003Cbr \/\u003E\n\u003Cp\u003EUchwa\u0142a wchodzi w \u017cycie z dniem podj\u0119cia.\u003C\/p\u003E\n\u003C\/div\u003E","promotion":false}},{"id":"bf6dbc25-d119-11e7-80a9-005056b46601","type":"Gallery","name":"Galeria","description":"Galeria"},{"id":"bf6e1f6b-d119-11e7-80a9-005056b46601","type":"Attachment","name":"Za\u0142\u0105czniki","description":"Za\u0142\u0105czniki do strony","content":[{"src":"\/resource\/44982\/1190638207.xls","extension":"XLS","name":"5f52839b9ecbff02fe65cd4c267f8096.xls","size":"46 KB"}]},{"id":"eba03b25-d9a7-11e7-b355-005056b70dba","type":"PageTitle","name":"","description":"Tytu\u0142 strony","content":{"title":"Uchwa\u0142a Sejmiku nr III\/13\/5\/2007 z dnia 2007-09-19"}},{"id":"eba07701-d9a7-11e7-b355-005056b70dba","type":"PageDescription","name":"","description":"Zajawka strony","content":[]},{"id":"1b1a7940-ff78-11e7-b81e-005056b7801d","type":"SectionDescription","name":"","description":"Zajawka sekcji","content":[]}]}

Uchwała Sejmiku nr III/13/5/2007 z dnia 2007-09-19

Urząd Marszałkowski Województwa Śląskiego

Uchwała Sejmiku

Data ogłoszenia

zmian budżetu Województwa Śląskiego na 2007 rok

Numer uchwały

Treść

Treść strony

<div class="lead1">Na podstawie<br />art. 18 pkt 6<br /> ustawy z dnia 5 czerwca 1998 roku o samorządzie województwa<br /> (t. j. Dz. U. Nr 142 z 2001 roku, poz. 1590 z późn. zm.)</div>
<div class="tresc">
<p align="center">§ 1</p>
<br />
<p>1. Dokonuje się zmian budżetu własnego Województwa Śląskiego na 2007 rok polegających na zwiększeniu dochodów i wydatków budżetu własnego, zgodnie z wykazem stanowiącym załącznik 1 do niniejszej uchwały.</p>
<br />
<p>2. Zwiększeń, o których mowa w ust. 1 dokonuje się w:</p>
<br />
<p>a) dz. 600 – o kwotę 200.000 zł – w związku z naliczeniem odsetek od środków finansowych dotyczących inwestycji „Budowa Drogowej Trasy Średnicowej GOP Katowice-Gliwice”,</p>
<br />
<p>b) dz. 801 – o kwotę 23.270 zł – w związku z przyznaniem środków dla Regionalnego Ośrodka Doskonalenia Nauczycieli „WOM” w Katowicach celem realizacji programu Sokrates Comenius w latach 2005-2007,</p>
<br />
<p>c) dz. 900 – o kwotę 206.000 zł – w związku z podpisaniem umowy dotacji Nr 316/2007/18/OZ/si/D pomiędzy Województwem Śląskim a Wojewódzkim Funduszem Ochrony Środowiska i Gospodarki Wodnej w Katowicach na dofinansowanie zadania pod nazwą: „Wojewódzki program przekształceń terenów poprzemysłowych i zdegradowanych”.</p>
<br />
<p align="center">§ 2</p>
<br />
<p>Wykonanie uchwały powierza się Zarządowi Województwa Śląskiego.</p>
<br />
<p align="center">§ 3</p>
<br />
<p>Uchwała wchodzi w życie z dniem podjęcia.</p>
</div>

Załączniki

Załączniki do strony

Tytuł strony
