{"id":25114,"name":"uchwala-sejmiku-nr-iii17122007-z-dnia-2007-11-28","title":"Uchwa\u0142a Sejmiku nr III\/17\/12\/2007 z dnia 2007-11-28","desc":"","header":"Uchwa\u0142a Sejmiku nr III\/17\/12\/2007 z dnia 2007-11-28","lead":"","keywords":"","changes":"migracja danych","menu":"","path":"\/sejmik_wojewodztwa\/sesje_sejmiku\/uchwaly\/uchwala-sejmiku-nr-iii17122007-z-dnia-2007-11-28.html","url":"\/sejmik_wojewodztwa\/sesje_sejmiku\/uchwaly\/uchwala-sejmiku-nr-iii17122007-z-dnia-2007-11-28.html","infoOwner":"Urz\u0105d Marsza\u0142kowski Wojew\u00f3dztwa \u015al\u0105skiego","dateFirstPublicate":"2022-01-14 11:47:41","dateLastVersionPublicate":"2022-01-14 11:47:41","dateAvailableFrom":"","dateAvailableTo":"","type":"Uchwa\u0142a Sejmiku","pageParams":[{"id":"225","name":"DATA_OGLOSZENIA","description":"Data og\u0142oszenia","value":"2007-11-28"},{"id":"235","name":"W sprawie","description":"W sprawie","value":"zmiany uchwa\u0142y Nr III\/9\/19\/2007 z dnia 22 czerwca 2007 roku w sprawie wyra\u017cenia zgody na udzielenie bonifikat od cen samodzielnych lokali mieszkalnych znajduj\u0105cych si\u0119 w budynkach po\u0142o\u017conych w Bystrej przy ulicy Fa\u0142ata 4 A-B i 6, stanowi\u0105cych w\u0142asno\u015b\u0107 Wojew\u00f3dztwa \u015al\u0105skiego, w sytuacji jednoczesnej sprzeda\u017cy wszystkich mieszka\u0144 w tych budynkach"},{"id":"299","name":"NUMER_UCHWALY_SEJMIKU","description":"Numer uchwa\u0142y","value":"III\/17\/12\/2007"}],"components":[{"id":"bf6d5eba-d119-11e7-80a9-005056b46601","type":"ContentWYSIWYG","name":"Tre\u015b\u0107","description":"Tre\u015b\u0107 strony","content":{"content":"\u003Cdiv class=\u0022lead1\u0022\u003ENa podstawie\u003Cbr \/\u003Eart. 18 pkt 19 lit. a\u003Cbr \/\u003E ustawy z dnia 5 czerwca 1998 roku o samorz\u0105dzie wojew\u00f3dztwa\u003Cbr \/\u003E (t. j. Dz. U. Nr 142 z 2001 roku, poz. 1590 z po\u017an. zm.)\u003Cbr \/\u003E w zwi\u0105zku z art. 68 ust. 1 pkt 7\u003Cbr \/\u003E ustawy z dnia 21 sierpnia 1997 roku o gospodarce nieruchomo\u015bciami\u003Cbr \/\u003E (t. j. Dz. U. Nr 261 z 2004 roku, poz. 2603 z p\u00f3\u017an. zm.)\u003Cbr \/\u003E oraz \u00a7 8 Zasad gospodarowania mieniem Wojew\u00f3dztwa \u015al\u0105skiego w zakresie nabywania,\u003Cbr \/\u003E zbywania i obci\u0105\u017cania nieruchomo\u015bci stanowi\u0105cych mienie Wojew\u00f3dztwa \u015al\u0105skiego\u003Cbr \/\u003E oraz ich wydzier\u017cawiania i wynajmowania na okres d\u0142u\u017cszy ni\u017c 3 lata\u003Cbr \/\u003E przyj\u0119tych uchwa\u0142\u0105 Sejmiku Wojew\u00f3dztwa \u015al\u0105skiego Nr II\/40\/10\/2005\u003Cbr \/\u003E z dnia 17 pa\u017adziernika 2005 roku, zmienionych uchwa\u0142\u0105 Nr II\/42\/11\/2005\u003Cbr \/\u003E z dnia 19 grudnia 2005 roku, a tak\u017ce uchwa\u0142\u0105 Sejmiku Wojew\u00f3dztwa \u015al\u0105skiego\u003Cbr \/\u003E Nr III\/12\/15\/2007 z dnia 29 sierpnia 2007 roku\u003C\/div\u003E\n\u003Cdiv class=\u0022tresc\u0022\u003E\n\u003Cp align=\u0022center\u0022\u003E\u00a7 1\u003C\/p\u003E\n\u003Cbr \/\u003E\n\u003Cp\u003E1. W uchwale Nr III\/9\/19\/2007 z dnia 22 czerwca 2007 roku zmienia si\u0119 \u00a7 1 w ten spos\u00f3b, i\u017c nadaje mu si\u0119 nast\u0119puj\u0105ce brzmienie:\u003C\/p\u003E\n\u003Cbr \/\u003E\n\u003Cblockquote dir=\u0022ltr\u0022 style=\u0022margin-right: 0px;\u0022\u003E\u003Cbr \/\u003E\n\u003Cp\u003E\u201e 1. Wyra\u017ca si\u0119 zgod\u0119 na udzielenie bonifikat od cen samodzielnych lokali mieszkalnych znajduj\u0105cych si\u0119 w budynku po\u0142o\u017conym w Bystrej przy ulicy Fa\u0142ata 6, stanowi\u0105cych w\u0142asno\u015b\u0107 Wojew\u00f3dztwa \u015al\u0105skiego, w sytuacji jednoczesnej sprzeda\u017cy wszystkich mieszka\u0144 w tym budynku.\u003C\/p\u003E\n\u003Cbr \/\u003E\n\u003Cp\u003E2. Wyra\u017ca si\u0119 zgod\u0119 na udzielenie bonifikat od cen samodzielnych lokali mieszkalnych znajduj\u0105cych si\u0119 w budynku po\u0142o\u017conym w Bystrej przy ulicy Fa\u0142ata 4 A-B, stanowi\u0105cych w\u0142asno\u015b\u0107 Wojew\u00f3dztwa \u015al\u0105skiego, w sytuacji jednoczesnego zbycia wszystkich mieszka\u0144 w tym budynku.\u003C\/p\u003E\n\u003Cbr \/\u003E\n\u003Cp\u003E3. Wysoko\u015b\u0107 poszczeg\u00f3lnych bonifikat okre\u015bla za\u0142\u0105cznik do niniejszej uchwa\u0142y.\u201d\u003C\/p\u003E\n\u003C\/blockquote\u003E\n\u003Cbr \/\u003E\n\u003Cp\u003E2. Zmienia si\u0119 za\u0142\u0105cznik do uchwa\u0142y, o kt\u00f3rej mowa w ust. 1 i nadaje mu si\u0119 nowe brzmienie stanowi\u0105ce za\u0142\u0105cznik do niniejszej uchwa\u0142y.\u003C\/p\u003E\n\u003Cbr \/\u003E\n\u003Cp align=\u0022center\u0022\u003E\u00a7 2\u003C\/p\u003E\n\u003Cbr \/\u003E\n\u003Cp\u003EWykonanie uchwa\u0142y powierza si\u0119 Zarz\u0105dowi Wojew\u00f3dztwa \u015al\u0105skiego.\u003C\/p\u003E\n\u003Cbr \/\u003E\n\u003Cp align=\u0022center\u0022\u003E\u00a7 3\u003C\/p\u003E\n\u003Cbr \/\u003E\n\u003Cp\u003EUchwa\u0142a wchodzi w \u017cycie z dniem podj\u0119cia.\u003C\/p\u003E\n\u003C\/div\u003E","promotion":false}},{"id":"bf6dbc25-d119-11e7-80a9-005056b46601","type":"Gallery","name":"Galeria","description":"Galeria"},{"id":"bf6e1f6b-d119-11e7-80a9-005056b46601","type":"Attachment","name":"Za\u0142\u0105czniki","description":"Za\u0142\u0105czniki do strony","content":[{"src":"\/resource\/44908\/1197897614.rtf","extension":"RTF","name":"3eb625ebf902cc9b93a974642770215e.rtf","size":"30.53 KB"}]},{"id":"eba03b25-d9a7-11e7-b355-005056b70dba","type":"PageTitle","name":"","description":"Tytu\u0142 strony","content":{"title":"Uchwa\u0142a Sejmiku nr III\/17\/12\/2007 z dnia 2007-11-28"}},{"id":"eba07701-d9a7-11e7-b355-005056b70dba","type":"PageDescription","name":"","description":"Zajawka strony","content":[]},{"id":"1b1a7940-ff78-11e7-b81e-005056b7801d","type":"SectionDescription","name":"","description":"Zajawka sekcji","content":[]}]}

Uchwała Sejmiku nr III/17/12/2007 z dnia 2007-11-28

Urząd Marszałkowski Województwa Śląskiego

Uchwała Sejmiku

Data ogłoszenia

zmiany uchwały Nr III/9/19/2007 z dnia 22 czerwca 2007 roku w sprawie wyrażenia zgody na udzielenie bonifikat od cen samodzielnych lokali mieszkalnych znajdujących się w budynkach położonych w Bystrej przy ulicy Fałata 4 A-B i 6, stanowiących własność Województwa Śląskiego, w sytuacji jednoczesnej sprzedaży wszystkich mieszkań w tych budynkach

Numer uchwały

Treść

Treść strony

<div class="lead1">Na podstawie<br />art. 18 pkt 19 lit. a<br /> ustawy z dnia 5 czerwca 1998 roku o samorządzie województwa<br /> (t. j. Dz. U. Nr 142 z 2001 roku, poz. 1590 z poźn. zm.)<br /> w związku z art. 68 ust. 1 pkt 7<br /> ustawy z dnia 21 sierpnia 1997 roku o gospodarce nieruchomościami<br /> (t. j. Dz. U. Nr 261 z 2004 roku, poz. 2603 z późn. zm.)<br /> oraz § 8 Zasad gospodarowania mieniem Województwa Śląskiego w zakresie nabywania,<br /> zbywania i obciążania nieruchomości stanowiących mienie Województwa Śląskiego<br /> oraz ich wydzierżawiania i wynajmowania na okres dłuższy niż 3 lata<br /> przyjętych uchwałą Sejmiku Województwa Śląskiego Nr II/40/10/2005<br /> z dnia 17 października 2005 roku, zmienionych uchwałą Nr II/42/11/2005<br /> z dnia 19 grudnia 2005 roku, a także uchwałą Sejmiku Województwa Śląskiego<br /> Nr III/12/15/2007 z dnia 29 sierpnia 2007 roku</div>
<div class="tresc">
<p align="center">§ 1</p>
<br />
<p>1. W uchwale Nr III/9/19/2007 z dnia 22 czerwca 2007 roku zmienia się § 1 w ten sposób, iż nadaje mu się następujące brzmienie:</p>
<br />
<blockquote dir="ltr" style="margin-right: 0px;"><br />
<p>„ 1. Wyraża się zgodę na udzielenie bonifikat od cen samodzielnych lokali mieszkalnych znajdujących się w budynku położonym w Bystrej przy ulicy Fałata 6, stanowiących własność Województwa Śląskiego, w sytuacji jednoczesnej sprzedaży wszystkich mieszkań w tym budynku.</p>
<br />
<p>2. Wyraża się zgodę na udzielenie bonifikat od cen samodzielnych lokali mieszkalnych znajdujących się w budynku położonym w Bystrej przy ulicy Fałata 4 A-B, stanowiących własność Województwa Śląskiego, w sytuacji jednoczesnego zbycia wszystkich mieszkań w tym budynku.</p>
<br />
<p>3. Wysokość poszczególnych bonifikat określa załącznik do niniejszej uchwały.”</p>
</blockquote>
<br />
<p>2. Zmienia się załącznik do uchwały, o której mowa w ust. 1 i nadaje mu się nowe brzmienie stanowiące załącznik do niniejszej uchwały.</p>
<br />
<p align="center">§ 2</p>
<br />
<p>Wykonanie uchwały powierza się Zarządowi Województwa Śląskiego.</p>
<br />
<p align="center">§ 3</p>
<br />
<p>Uchwała wchodzi w życie z dniem podjęcia.</p>
</div>

Załączniki

Załączniki do strony

Tytuł strony
