{"id":24695,"name":"uchwala-sejmiku-nr-iii2722008-z-dnia-2008-08-27","title":"Uchwa\u0142a Sejmiku nr III\/27\/2\/2008 z dnia 2008-08-27","desc":"","header":"Uchwa\u0142a Sejmiku nr III\/27\/2\/2008 z dnia 2008-08-27","lead":"","keywords":"","changes":"migracja danych","menu":"","path":"\/sejmik_wojewodztwa\/sesje_sejmiku\/uchwaly\/uchwala-sejmiku-nr-iii2722008-z-dnia-2008-08-27.html","url":"\/sejmik_wojewodztwa\/sesje_sejmiku\/uchwaly\/uchwala-sejmiku-nr-iii2722008-z-dnia-2008-08-27.html","infoOwner":"Urz\u0105d Marsza\u0142kowski Wojew\u00f3dztwa \u015al\u0105skiego","dateFirstPublicate":"2022-01-03 13:41:43","dateLastVersionPublicate":"2022-01-03 13:41:43","dateAvailableFrom":"","dateAvailableTo":"","type":"Uchwa\u0142a Sejmiku","pageParams":[{"id":"225","name":"DATA_OGLOSZENIA","description":"Data og\u0142oszenia","value":"2008-08-27"},{"id":"235","name":"W sprawie","description":"W sprawie","value":"zmian w bud\u017cecie Wojew\u00f3dztwa \u015al\u0105skiego na 2008 rok"},{"id":"299","name":"NUMER_UCHWALY_SEJMIKU","description":"Numer uchwa\u0142y","value":"III\/27\/02\/2008"}],"components":[{"id":"bf6d5eba-d119-11e7-80a9-005056b46601","type":"ContentWYSIWYG","name":"Tre\u015b\u0107","description":"Tre\u015b\u0107 strony","content":{"content":"\u003Cdiv class=\u0022lead1\u0022\u003ENa podstawie\u003Cbr \/\u003Eart. 18 pkt 6\u003Cbr \/\u003E ustawy z dnia 5 czerwca 1998 roku o samorz\u0105dzie wojew\u00f3dztwa\u003Cbr \/\u003E (t. j. Dz. U. Nr 142 z 2001 roku, poz. 1590 z p\u00f3\u017an. zm.)\u003C\/div\u003E\n\u003Cdiv class=\u0022tresc\u0022\u003E\n\u003Cdiv style=\u0022text-align: justify;\u0022\u003E\u003Cbr \/\u003E\n\u003Cdiv style=\u0022text-align: center;\u0022\u003E\u003Cspan style=\u0022font-weight: bold;\u0022\u003E\u00a7 1 \u003C\/span\u003E\u003C\/div\u003E\n\u003Cbr \/\u003E \u003Cbr \/\u003E1. Dokonuje si\u0119 zmian w bud\u017cecie w\u0142asnym Wojew\u00f3dztwa \u015al\u0105skiego na 2008 rok polegaj\u0105cych na przeniesieniu \u015brodk\u00f3w pomi\u0119dzy dzia\u0142ami i rozdzia\u0142ami klasyfikacji bud\u017cetowej, zgodnie z wykazem stanowi\u0105cym za\u0142\u0105cznik nr 1 do niniejszej uchwa\u0142y. \u003Cbr \/\u003E\u003Cbr \/\u003E2. Zmian, o kt\u00f3rych mowa w ust. 1, dokonuje si\u0119 celem zabezpieczenia \u015brodk\u00f3w na pomoc finansow\u0105 dla jednostek samorz\u0105du terytorialnego Wojew\u00f3dztwa \u015al\u0105skiego, na terenie kt\u00f3rych wyst\u0105pi\u0142a katastrofa naturalna zwi\u0105zana z silnymi wiatrami. \u003Cbr \/\u003E\u003Cbr \/\u003E\u003Cbr \/\u003E\n\u003Cdiv style=\u0022text-align: center;\u0022\u003E\u003Cspan style=\u0022font-weight: bold;\u0022\u003E\u00a7 2 \u003C\/span\u003E\u003C\/div\u003E\n\u003Cbr \/\u003E \u003Cbr \/\u003EWykonanie uchwa\u0142y powierza si\u0119 Zarz\u0105dowi Wojew\u00f3dztwa \u015al\u0105skiego. \u003Cbr \/\u003E\u003Cbr \/\u003E\u003Cbr \/\u003E\n\u003Cdiv style=\u0022text-align: center;\u0022\u003E\u003Cspan style=\u0022font-weight: bold;\u0022\u003E\u00a7 3 \u003C\/span\u003E\u003C\/div\u003E\n\u003Cbr \/\u003E \u003Cbr \/\u003EUchwa\u0142a wchodzi w \u017cycie z dniem podj\u0119cia.\u003C\/div\u003E\n\u003C\/div\u003E","promotion":false}},{"id":"bf6dbc25-d119-11e7-80a9-005056b46601","type":"Gallery","name":"Galeria","description":"Galeria"},{"id":"bf6e1f6b-d119-11e7-80a9-005056b46601","type":"Attachment","name":"Za\u0142\u0105czniki","description":"Za\u0142\u0105czniki do strony","content":[{"src":"\/resource\/44481\/1220338426.xls","extension":"XLS","name":"2fa89e6e75a05edd9824ca36a30719e6.xls","size":"28 KB"}]},{"id":"eba03b25-d9a7-11e7-b355-005056b70dba","type":"PageTitle","name":"","description":"Tytu\u0142 strony","content":{"title":"Uchwa\u0142a Sejmiku nr III\/27\/2\/2008 z dnia 2008-08-27"}},{"id":"eba07701-d9a7-11e7-b355-005056b70dba","type":"PageDescription","name":"","description":"Zajawka strony","content":[]},{"id":"1b1a7940-ff78-11e7-b81e-005056b7801d","type":"SectionDescription","name":"","description":"Zajawka sekcji","content":[]}]}

Uchwała Sejmiku nr III/27/2/2008 z dnia 2008-08-27

Urząd Marszałkowski Województwa Śląskiego

Uchwała Sejmiku

Data ogłoszenia

zmian w budżecie Województwa Śląskiego na 2008 rok

Numer uchwały

Treść

Treść strony

<div class="lead1">Na podstawie<br />art. 18 pkt 6<br /> ustawy z dnia 5 czerwca 1998 roku o samorządzie województwa<br /> (t. j. Dz. U. Nr 142 z 2001 roku, poz. 1590 z późn. zm.)</div>
<div class="tresc">
<div style="text-align: justify;"><br />
<div style="text-align: center;"><span style="font-weight: bold;">§ 1 </span></div>
<br /> <br />1. Dokonuje się zmian w budżecie własnym Województwa Śląskiego na 2008 rok polegających na przeniesieniu środków pomiędzy działami i rozdziałami klasyfikacji budżetowej, zgodnie z wykazem stanowiącym załącznik nr 1 do niniejszej uchwały. <br /><br />2. Zmian, o których mowa w ust. 1, dokonuje się celem zabezpieczenia środków na pomoc finansową dla jednostek samorządu terytorialnego Województwa Śląskiego, na terenie których wystąpiła katastrofa naturalna związana z silnymi wiatrami. <br /><br /><br />
<div style="text-align: center;"><span style="font-weight: bold;">§ 2 </span></div>
<br /> <br />Wykonanie uchwały powierza się Zarządowi Województwa Śląskiego. <br /><br /><br />
<div style="text-align: center;"><span style="font-weight: bold;">§ 3 </span></div>
<br /> <br />Uchwała wchodzi w życie z dniem podjęcia.</div>
</div>

Załączniki

Załączniki do strony

Tytuł strony
